{"id":1189,"date":"2021-06-25T12:41:54","date_gmt":"2021-06-25T05:41:54","guid":{"rendered":"https:\/\/vilight.vn\/website\/?post_type=product&#038;p=1189"},"modified":"2024-10-01T17:17:22","modified_gmt":"2024-10-01T10:17:22","slug":"den-led-diem-vl-jd10","status":"publish","type":"product","link":"https:\/\/vilight.vn\/website\/san-pham\/den-led-pixel\/den-diem-led-dot\/jd-series\/den-led-diem-vl-jd10\/","title":{"rendered":"\u0110\u00e8n LED \u0111i\u1ec3m VL-JD10"},"content":{"rendered":"<h2 style=\"text-align: justify;\"><span style=\"font-size: 18pt;\">Trang web mua s\u1eafm ho\u1eb7c trang b\u00e1n h\u00e0ng tr\u1ef1c tuy\u1ebfn:<\/span><\/h2>\n<p style=\"text-align: justify;\"><span style=\"font-size: 14pt;\">&#8220;\u0110\u00e8n LED Pixel JD10 &#8211; S\u1ef1 l\u1ef1a ch\u1ecdn ho\u00e0n h\u1ea3o cho chi\u1ebfu s\u00e1ng m\u1eb7t d\u1ef1ng ngo\u00e0i tr\u1eddi&#8221;<\/span><\/p>\n<p style=\"text-align: justify;\"><span style=\"font-size: 14pt;\">B\u1ea1n \u0111ang t\u00ecm ki\u1ebfm m\u1ed9t gi\u1ea3i ph\u00e1p chi\u1ebfu s\u00e1ng hi\u1ec7u qu\u1ea3 v\u00e0 \u0111\u1ed9c \u0111\u00e1o cho c\u00f4ng tr\u00ecnh m\u1eb7t d\u1ef1ng ngo\u00e0i tr\u1eddi? \u0110\u00e8n LED Pixel JD10 l\u00e0 m\u1ed9t s\u1ea3n ph\u1ea9m \u0111\u00e1ng ch\u00fa \u00fd m\u00e0 b\u1ea1n n\u00ean xem x\u00e9t. V\u1edbi nh\u1eefng \u0111\u1eb7c \u0111i\u1ec3m c\u1ee5 th\u1ec3 v\u00e0 \u01b0u \u0111i\u1ec3m v\u01b0\u1ee3t tr\u1ed9i, \u0111\u00e8n LED Pixel JD10 mang \u0111\u1ebfn s\u1ef1 thu\u1eadn ti\u1ec7n, ti\u1ebft ki\u1ec7m v\u00e0 hi\u1ec7u qu\u1ea3 cho c\u00f4ng t\u00e1c l\u1eafp \u0111\u1eb7t, b\u1ea3o tr\u00ec v\u00e0 trang tr\u00ed.<\/span><\/p>\n<p style=\"text-align: justify;\"><span style=\"font-size: 14pt;\">\u0110i\u1ec3m n\u1ed5i b\u1eadt \u0111\u1ea7u ti\u00ean c\u1ee7a \u0110\u00e8n LED Pixel JD10 ch\u00ednh l\u00e0 kh\u1ea3 n\u0103ng t\u00e1ch r\u1eddi c\u00e1c b\u1ed9 ph\u1eadn, bao g\u1ed3m \u0111\u1ebf \u0111\u00e8n, ph\u1ea7n \u0111i\u1ec1u khi\u1ec3n v\u00e0 m\u1eb7t \u0111\u00e8n LED. \u0110i\u1ec1u n\u00e0y gi\u00fap cho vi\u1ec7c l\u1eafp \u0111\u1eb7t v\u00e0 b\u1ea3o tr\u00ec tr\u1edf n\u00ean \u0111\u01a1n gi\u1ea3n v\u00e0 thu\u1eadn l\u1ee3i h\u01a1n bao gi\u1edd h\u1ebft. B\u1ea1n c\u00f3 th\u1ec3 d\u1ec5 d\u00e0ng th\u00e1o r\u1eddi v\u00e0 thay th\u1ebf c\u00e1c b\u1ed9 ph\u1eadn m\u1ed9t c\u00e1ch nhanh ch\u00f3ng m\u00e0 kh\u00f4ng c\u1ea7n ph\u1ea3i th\u00e1o g\u1ee1 to\u00e0n b\u1ed9 \u0111\u00e8n.<\/span><\/p>\n<p style=\"text-align: justify;\"><span style=\"font-size: 14pt;\">V\u1edbi kh\u1ea3 n\u0103ng ch\u1ecbu s\u1ee5t \u00e1p th\u1ea5p, \u0110\u00e8n LED Pixel JD10 ho\u1ea1t \u0111\u1ed9ng \u1ed5n \u0111\u1ecbnh ngay c\u1ea3 khi \u0111ang s\u1eed d\u1ee5ng ngu\u1ed3n \u0111i\u1ec7n DC c\u1ea5p t\u1eeb kho\u1ea3ng c\u00e1ch xa. C\u00e1p li\u1ec1n v\u1edbi ru\u1ed9t \u0111\u1ed3ng nguy\u00ean ch\u1ea5t kh\u00f4ng c\u00f3 n\u1ed1i gi\u00fap gi\u1ea3m thi\u1ec3u t\u1ed5n hao tr\u00ean \u0111\u01b0\u1eddng truy\u1ec1n v\u00e0 \u0111\u1ea3m b\u1ea3o ngu\u1ed3n cung c\u1ea5p \u0111i\u1ec7n \u1ed5n \u0111\u1ecbnh v\u00e0 hi\u1ec7u qu\u1ea3.<\/span><\/p>\n<p style=\"text-align: justify;\"><span style=\"font-size: 14pt;\">\u0110\u00e8n LED Pixel JD10 \u0111\u01b0\u1ee3c thi\u1ebft k\u1ebf \u0111\u1ec3 s\u1eed d\u1ee5ng ngo\u00e0i tr\u1eddi v\u00e0 d\u01b0\u1edbi n\u01b0\u1edbc, v\u1edbi kh\u1ea3 n\u0103ng ch\u1ed1ng ch\u1ecbu cao \u0111\u1ed1i v\u1edbi c\u00e1c \u0111i\u1ec1u ki\u1ec7n th\u1eddi ti\u1ebft v\u00e0 m\u00f4i tr\u01b0\u1eddng t\u1ef1 nhi\u00ean. B\u1ea1n c\u00f3 th\u1ec3 tin t\u01b0\u1edfng v\u00e0o \u0111\u1ed9 b\u1ec1n v\u00e0 \u0111\u1ed9 k\u00edn IP67 c\u1ee7a s\u1ea3n ph\u1ea9m, gi\u00fap b\u1ea3o v\u1ec7 \u0111\u00e8n kh\u1ecfi b\u1ee5i, n\u01b0\u1edbc v\u00e0 t\u00e1c \u0111\u1ed9ng t\u1eeb c\u00e1c y\u1ebfu t\u1ed1 m\u00f4i tr\u01b0\u1eddng.<\/span><\/p>\n<p style=\"text-align: justify;\"><span style=\"font-size: 14pt;\">V\u1edbi s\u1ef1 k\u1ebft h\u1ee3p c\u1ee7a c\u00e1c chip LED danh ti\u1ebfng nh\u01b0 CREE, Epistar v\u00e0 Osram, \u0110\u00e8n LED Pixel JD10 \u0111\u1ea3m b\u1ea3o ch\u1ea5t l\u01b0\u1ee3ng \u00e1nh s\u00e1ng tuy\u1ec7t v\u1eddi v\u00e0 tu\u1ed5i th\u1ecd l\u00e2u d\u00e0i. M\u1ed7i \u0111\u00e8n c\u00f3 kh\u1ea3 n\u0103ng hi\u1ec3n th\u1ecb 256 m\u1ee9c x\u00e1m, mang l\u1ea1i s\u1ef1 \u0111a d\u1ea1ng v\u00e0 s\u1eafc n\u00e9t cho \u00e1nh s\u00e1ng <\/span><span style=\"font-size: 14pt;\">tr\u00ecnh di\u1ec5n. G\u00f3c chi\u1ebfu r\u1ed9ng 120\u00b0 gi\u00fap ph\u00e2n b\u1ed1 \u00e1nh s\u00e1ng \u0111\u1ed3ng \u0111\u1ec1u v\u00e0 r\u1ed9ng kh\u1eafp kh\u00f4ng gian.<\/span><\/p>\n<p style=\"text-align: justify;\"><span style=\"font-size: 14pt;\">\u0110\u00e8n LED Pixel JD10 c\u00f3 s\u1eb5n v\u1edbi c\u00f4ng su\u1ea5t 0.3W v\u00e0 0.7W, cho ph\u00e9p b\u1ea1n l\u1ef1a ch\u1ecdn theo nhu c\u1ea7u chi\u1ebfu s\u00e1ng c\u1ee7a c\u00f4ng tr\u00ecnh. Ngo\u00e0i ra, s\u1ea3n ph\u1ea9m c\u0169ng h\u1ed7 tr\u1ee3 c\u00e1c chu\u1ea9n \u0111i\u1ec1u khi\u1ec3n nh\u01b0 DMX, TTL v\u00e0 ON-OFF, mang \u0111\u1ebfn s\u1ef1 linh ho\u1ea1t v\u00e0 \u0111i\u1ec1u ch\u1ec9nh d\u1ec5 d\u00e0ng cho \u00e1nh s\u00e1ng.<\/span><\/p>\n<p style=\"text-align: justify;\"><span style=\"font-size: 14pt;\">V\u1edbi tu\u1ed5i th\u1ecd 50.000 gi\u1edd, \u0110\u00e8n LED Pixel JD10 l\u00e0 m\u1ed9t l\u1ef1a ch\u1ecdn l\u00e2u d\u00e0i v\u00e0 ti\u1ebft ki\u1ec7m n\u0103ng l\u01b0\u1ee3ng cho c\u00e1c d\u1ef1 \u00e1n chi\u1ebfu s\u00e1ng. V\u1edbi c\u1ea5p ch\u1ed1ng ch\u00e1y 94-V0 v\u00e0 c\u1ea5p c\u00e1ch \u0111i\u1ec7n III, s\u1ea3n ph\u1ea9m \u0111\u1ea3m b\u1ea3o an to\u00e0n v\u00e0 \u0111\u1ed9 tin c\u1eady cao trong qu\u00e1 tr\u00ecnh s\u1eed d\u1ee5ng.<\/span><\/p>\n<p style=\"text-align: justify;\"><span style=\"font-size: 14pt;\">H\u00e3y ch\u1ecdn \u0110\u00e8n LED Pixel JD10 \u0111\u1ec3 trang tr\u00ed m\u1eb7t d\u1ef1ng ngo\u00e0i tr\u1eddi, kh\u00e1ch s\u1ea1n, c\u00f4ng vi\u00ean v\u00e0 nhi\u1ec1u c\u00f4ng tr\u00ecnh kh\u00e1c. V\u1edbi t\u00ednh n\u0103ng t\u00e1ch r\u1eddi v\u00e0 kh\u1ea3 n\u0103ng ch\u1ecbu \u0111\u01b0\u1ee3c m\u00f4i tr\u01b0\u1eddng, s\u1ea3n ph\u1ea9m n\u00e0y s\u1ebd mang \u0111\u1ebfn cho b\u1ea1n s\u1ef1 ti\u1ec7n \u00edch v\u00e0 hi\u1ec7u qu\u1ea3 cao trong c\u00f4ng t\u00e1c l\u1eafp \u0111\u1eb7t, b\u1ea3o tr\u00ec v\u00e0 trang tr\u00ed \u00e1nh s\u00e1ng.<\/span><\/p>\n<p style=\"text-align: justify;\"><span style=\"font-size: 14pt;\"><img decoding=\"async\" class=\"aligncenter wp-image-1191 size-full lazyload\" data-src=\"https:\/\/vilight.vn\/website\/wp-content\/uploads\/2021\/06\/JD-10.jpg\" alt=\"\u0110\u00e8n led \u0111i\u1ec3m VL-JD10\" width=\"1200\" height=\"1116\" data-srcset=\"https:\/\/vilight.vn\/website\/wp-content\/uploads\/2021\/06\/JD-10.jpg 1200w, https:\/\/vilight.vn\/website\/wp-content\/uploads\/2021\/06\/JD-10-800x744.jpg 800w, https:\/\/vilight.vn\/website\/wp-content\/uploads\/2021\/06\/JD-10-300x279.jpg 300w, https:\/\/vilight.vn\/website\/wp-content\/uploads\/2021\/06\/JD-10-1024x952.jpg 1024w, https:\/\/vilight.vn\/website\/wp-content\/uploads\/2021\/06\/JD-10-768x714.jpg 768w, https:\/\/vilight.vn\/website\/wp-content\/uploads\/2021\/06\/JD-10-13x12.jpg 13w, https:\/\/vilight.vn\/website\/wp-content\/uploads\/2021\/06\/JD-10-157x146.jpg 157w, https:\/\/vilight.vn\/website\/wp-content\/uploads\/2021\/06\/JD-10-50x47.jpg 50w, https:\/\/vilight.vn\/website\/wp-content\/uploads\/2021\/06\/JD-10-81x75.jpg 81w, https:\/\/vilight.vn\/website\/wp-content\/uploads\/2021\/06\/JD-10-600x558.jpg 600w, https:\/\/vilight.vn\/website\/wp-content\/uploads\/2021\/06\/JD-10-64x60.jpg 64w\" data-sizes=\"(max-width:767px) 480px, (max-width:1200px) 100vw, 1200px\" src=\"data:image\/svg+xml;base64,PHN2ZyB3aWR0aD0iMSIgaGVpZ2h0PSIxIiB4bWxucz0iaHR0cDovL3d3dy53My5vcmcvMjAwMC9zdmciPjwvc3ZnPg==\" style=\"--smush-placeholder-width: 1200px; --smush-placeholder-aspect-ratio: 1200\/1116;\" \/><\/span><\/p>\n<p>&nbsp;<\/p>\n","protected":false},"excerpt":{"rendered":"<p style=\"text-align: justify;\"><span style=\"font-size: 14pt;\">\u0110\u00e8n LED \u0111i\u1ec3m JD10 &#8211; Gi\u1ea3i ph\u00e1p ho\u00e0n h\u1ea3o cho chi\u1ebfu s\u00e1ng m\u1eb7t d\u1ef1ng ngo\u00e0i tr\u1eddi. T\u00e1ch r\u1eddi c\u00e1c b\u1ed9 ph\u1eadn, l\u1eafp \u0111\u1eb7t d\u1ec5 d\u00e0ng. Ch\u1ecbu \u00e1p th\u1ea5p, ngu\u1ed3n c\u1ea5p \u0111i\u1ec7n DC xa. Ch\u1ed1ng n\u01b0\u1edbc IP67, tu\u1ed5i th\u1ecd 50.000 gi\u1edd. \u00c1nh s\u00e1ng \u0111a d\u1ea1ng, g\u00f3c chi\u1ebfu r\u1ed9ng 120\u00b0. S\u1ea3n ph\u1ea9m tin c\u1eady, an to\u00e0n, v\u00e0 ti\u1ebft ki\u1ec7m n\u0103ng l\u01b0\u1ee3ng.<\/span><\/p>\n","protected":false},"featured_media":1260,"template":"","meta":[],"product_brand":[],"product_cat":[78,77,138],"product_tag":[],"class_list":{"0":"post-1189","1":"product","2":"type-product","3":"status-publish","4":"has-post-thumbnail","6":"product_cat-den-diem-led-dot","7":"product_cat-den-led-pixel","8":"product_cat-jd-series","9":"pa_chip-led-cree","10":"pa_chip-led-epistar","11":"pa_chip-led-oram","12":"pa_chuan-dieu-khien-dmx","13":"pa_chuan-dieu-khien-on-off","14":"pa_chuan-dieu-khien-ttl","15":"pa_cong-suat-0-3w","16":"pa_cong-suat-0-7w","17":"pa_do-kin-ip67","18":"pa_goc-chieu-120-do","19":"pa_gray-level-139","21":"first","22":"instock","23":"taxable","24":"shipping-taxable","25":"product-type-simple"},"yoast_head":"<!-- This site is optimized with the Yoast SEO Premium plugin v27.5 (Yoast SEO v27.5) - https:\/\/yoast.com\/product\/yoast-seo-premium-wordpress\/ -->\n<title>\u0110\u00e8n LED \u0111i\u1ec3m VL-JD10 - Vilight Co.ltd<\/title>\n<meta name=\"description\" content=\"\u0110\u00e8n LED \u0111i\u1ec3m JD10 Series l\u00e0 d\u00f2ng s\u1ea3n ph\u1ea9m LED \u0111i\u1ec3m cao c\u1ea5p, s\u1eed d\u1ee5ng ngu\u1ed3n \u0111i\u1ec7n DC, ru\u1ed9t d\u1eabn b\u1eb1ng \u0111\u1ed3ng cao c\u1ea5p gi\u00fap \u0111\u1ea3m b\u1ea3o ch\u1ea5t l\u01b0\u1ee3ng.\" \/>\n<meta name=\"robots\" content=\"index, follow, max-snippet:-1, max-image-preview:large, max-video-preview:-1\" \/>\n<link rel=\"canonical\" href=\"https:\/\/vilight.vn\/website\/san-pham\/den-led-pixel\/den-diem-led-dot\/jd-series\/den-led-diem-vl-jd10\/\" \/>\n<meta property=\"og:locale\" content=\"vi_VN\" \/>\n<meta property=\"og:type\" content=\"article\" \/>\n<meta property=\"og:title\" content=\"\u0110\u00e8n LED \u0111i\u1ec3m VL-JD10\" \/>\n<meta property=\"og:description\" content=\"\u0110\u00e8n LED \u0111i\u1ec3m JD10 - Gi\u1ea3i ph\u00e1p ho\u00e0n h\u1ea3o cho chi\u1ebfu s\u00e1ng m\u1eb7t d\u1ef1ng ngo\u00e0i tr\u1eddi. T\u00e1ch r\u1eddi c\u00e1c b\u1ed9 ph\u1eadn, l\u1eafp \u0111\u1eb7t d\u1ec5 d\u00e0ng. Ch\u1ecbu \u00e1p th\u1ea5p, ngu\u1ed3n c\u1ea5p \u0111i\u1ec7n DC xa. Ch\u1ed1ng n\u01b0\u1edbc IP67, tu\u1ed5i th\u1ecd 50.000 gi\u1edd. \u00c1nh s\u00e1ng \u0111a d\u1ea1ng, g\u00f3c chi\u1ebfu r\u1ed9ng 120\u00b0. S\u1ea3n ph\u1ea9m tin c\u1eady, an to\u00e0n, v\u00e0 ti\u1ebft ki\u1ec7m n\u0103ng l\u01b0\u1ee3ng.\" \/>\n<meta property=\"og:url\" content=\"https:\/\/vilight.vn\/website\/san-pham\/den-led-pixel\/den-diem-led-dot\/jd-series\/den-led-diem-vl-jd10\/\" \/>\n<meta property=\"og:site_name\" content=\"Vilight Co.ltd\" \/>\n<meta property=\"article:publisher\" content=\"http:\/\/facebook.com\/vilight.vn\" \/>\n<meta property=\"article:modified_time\" content=\"2024-10-01T10:17:22+00:00\" \/>\n<meta property=\"og:image\" content=\"https:\/\/vilight.vn\/website\/wp-content\/uploads\/2021\/06\/JD10.jpg\" \/>\n\t<meta property=\"og:image:width\" content=\"600\" \/>\n\t<meta property=\"og:image:height\" content=\"600\" \/>\n\t<meta property=\"og:image:type\" content=\"image\/jpeg\" \/>\n<meta name=\"twitter:card\" content=\"summary_large_image\" \/>\n<meta name=\"twitter:label1\" content=\"Gi\u00e1\" \/>\n\t<meta name=\"twitter:data1\" content=\"\" \/>\n\t<meta name=\"twitter:label2\" content=\"Kh\u1ea3 d\u1ee5ng\" \/>\n\t<meta name=\"twitter:data2\" content=\"Trong kho\" \/>\n<script type=\"application\/ld+json\" class=\"yoast-schema-graph\">{\"@context\":\"https:\\\/\\\/schema.org\",\"@graph\":[{\"@type\":\"WebPage\",\"@id\":\"https:\\\/\\\/vilight.vn\\\/website\\\/san-pham\\\/den-led-pixel\\\/den-diem-led-dot\\\/jd-series\\\/den-led-diem-vl-jd10\\\/\",\"url\":\"https:\\\/\\\/vilight.vn\\\/website\\\/san-pham\\\/den-led-pixel\\\/den-diem-led-dot\\\/jd-series\\\/den-led-diem-vl-jd10\\\/\",\"name\":\"\u0110\u00e8n LED \u0111i\u1ec3m VL-JD10 - Vilight Co.ltd\",\"isPartOf\":{\"@id\":\"https:\\\/\\\/vilight.vn\\\/website\\\/#website\"},\"primaryImageOfPage\":{\"@id\":\"https:\\\/\\\/vilight.vn\\\/website\\\/san-pham\\\/den-led-pixel\\\/den-diem-led-dot\\\/jd-series\\\/den-led-diem-vl-jd10\\\/#primaryimage\"},\"image\":{\"@id\":\"https:\\\/\\\/vilight.vn\\\/website\\\/san-pham\\\/den-led-pixel\\\/den-diem-led-dot\\\/jd-series\\\/den-led-diem-vl-jd10\\\/#primaryimage\"},\"thumbnailUrl\":\"https:\\\/\\\/vilight.vn\\\/website\\\/wp-content\\\/uploads\\\/2021\\\/06\\\/JD10.jpg\",\"datePublished\":\"2021-06-25T05:41:54+00:00\",\"dateModified\":\"2024-10-01T10:17:22+00:00\",\"description\":\"\u0110\u00e8n LED \u0111i\u1ec3m JD10 Series l\u00e0 d\u00f2ng s\u1ea3n ph\u1ea9m LED \u0111i\u1ec3m cao c\u1ea5p, s\u1eed d\u1ee5ng ngu\u1ed3n \u0111i\u1ec7n DC, ru\u1ed9t d\u1eabn b\u1eb1ng \u0111\u1ed3ng cao c\u1ea5p gi\u00fap \u0111\u1ea3m b\u1ea3o ch\u1ea5t l\u01b0\u1ee3ng.\",\"breadcrumb\":{\"@id\":\"https:\\\/\\\/vilight.vn\\\/website\\\/san-pham\\\/den-led-pixel\\\/den-diem-led-dot\\\/jd-series\\\/den-led-diem-vl-jd10\\\/#breadcrumb\"},\"inLanguage\":\"vi\",\"potentialAction\":[{\"@type\":\"ReadAction\",\"target\":[\"https:\\\/\\\/vilight.vn\\\/website\\\/san-pham\\\/den-led-pixel\\\/den-diem-led-dot\\\/jd-series\\\/den-led-diem-vl-jd10\\\/\"]}]},{\"@type\":\"ImageObject\",\"inLanguage\":\"vi\",\"@id\":\"https:\\\/\\\/vilight.vn\\\/website\\\/san-pham\\\/den-led-pixel\\\/den-diem-led-dot\\\/jd-series\\\/den-led-diem-vl-jd10\\\/#primaryimage\",\"url\":\"https:\\\/\\\/vilight.vn\\\/website\\\/wp-content\\\/uploads\\\/2021\\\/06\\\/JD10.jpg\",\"contentUrl\":\"https:\\\/\\\/vilight.vn\\\/website\\\/wp-content\\\/uploads\\\/2021\\\/06\\\/JD10.jpg\",\"width\":600,\"height\":600},{\"@type\":\"BreadcrumbList\",\"@id\":\"https:\\\/\\\/vilight.vn\\\/website\\\/san-pham\\\/den-led-pixel\\\/den-diem-led-dot\\\/jd-series\\\/den-led-diem-vl-jd10\\\/#breadcrumb\",\"itemListElement\":[{\"@type\":\"ListItem\",\"position\":1,\"name\":\"Home\",\"item\":\"https:\\\/\\\/vilight.vn\\\/website\\\/\"},{\"@type\":\"ListItem\",\"position\":2,\"name\":\"store\",\"item\":\"https:\\\/\\\/vilight.vn\\\/website\\\/store\\\/\"},{\"@type\":\"ListItem\",\"position\":3,\"name\":\"\u0110\u00e8n LED \u0111i\u1ec3m VL-JD10\"}]},{\"@type\":\"WebSite\",\"@id\":\"https:\\\/\\\/vilight.vn\\\/website\\\/#website\",\"url\":\"https:\\\/\\\/vilight.vn\\\/website\\\/\",\"name\":\"Vilight Co.ltd\",\"description\":\"Chi\u1ebfu s\u00e1ng m\u1ef9 thu\u1eadt, chi\u1ebfu s\u00e1ng th\u00f4ng minh, LED Pixel 3D, chi\u1ebfu s\u00e1ng trang tr\u00ed \u0111\u00f4 th\u1ecb, chi\u1ebfu s\u00e1ng v\u00f2ng xoay, chi\u1ebfu s\u00e1ng \u0111\u1ea3o giao th\u00f4ng, c\u1ed5ng ch\u00e0o \u0111\u00f4 th\u1ecb\",\"publisher\":{\"@id\":\"https:\\\/\\\/vilight.vn\\\/website\\\/#organization\"},\"potentialAction\":[{\"@type\":\"SearchAction\",\"target\":{\"@type\":\"EntryPoint\",\"urlTemplate\":\"https:\\\/\\\/vilight.vn\\\/website\\\/?s={search_term_string}\"},\"query-input\":{\"@type\":\"PropertyValueSpecification\",\"valueRequired\":true,\"valueName\":\"search_term_string\"}}],\"inLanguage\":\"vi\"},{\"@type\":\"Organization\",\"@id\":\"https:\\\/\\\/vilight.vn\\\/website\\\/#organization\",\"name\":\"Vilight\",\"url\":\"https:\\\/\\\/vilight.vn\\\/website\\\/\",\"logo\":{\"@type\":\"ImageObject\",\"inLanguage\":\"vi\",\"@id\":\"https:\\\/\\\/vilight.vn\\\/website\\\/#\\\/schema\\\/logo\\\/image\\\/\",\"url\":\"https:\\\/\\\/vilight.vn\\\/website\\\/wp-content\\\/uploads\\\/2022\\\/05\\\/chieu_sang_trang_tri_do_thi_bang_den_led_pixel.png\",\"contentUrl\":\"https:\\\/\\\/vilight.vn\\\/website\\\/wp-content\\\/uploads\\\/2022\\\/05\\\/chieu_sang_trang_tri_do_thi_bang_den_led_pixel.png\",\"width\":800,\"height\":427,\"caption\":\"Vilight\"},\"image\":{\"@id\":\"https:\\\/\\\/vilight.vn\\\/website\\\/#\\\/schema\\\/logo\\\/image\\\/\"},\"sameAs\":[\"http:\\\/\\\/facebook.com\\\/vilight.vn\",\"https:\\\/\\\/www.linkedin.com\\\/company\\\/vilight-vn\",\"https:\\\/\\\/www.youtube.com\\\/channel\\\/UCEwR2naeDcuarMX1kSv_rLQ\\\/videos\"]}]}<\/script>\n<meta property=\"product:brand\" content=\"JD Series\" \/>\n<meta property=\"product:price:currency\" content=\"VND\" \/>\n<meta property=\"og:availability\" content=\"instock\" \/>\n<meta property=\"product:availability\" content=\"instock\" \/>\n<meta property=\"product:condition\" content=\"new\" \/>\n<!-- \/ Yoast SEO Premium plugin. -->","yoast_head_json":{"title":"\u0110\u00e8n LED \u0111i\u1ec3m VL-JD10 - Vilight Co.ltd","description":"\u0110\u00e8n LED \u0111i\u1ec3m JD10 Series l\u00e0 d\u00f2ng s\u1ea3n ph\u1ea9m LED \u0111i\u1ec3m cao c\u1ea5p, s\u1eed d\u1ee5ng ngu\u1ed3n \u0111i\u1ec7n DC, ru\u1ed9t d\u1eabn b\u1eb1ng \u0111\u1ed3ng cao c\u1ea5p gi\u00fap \u0111\u1ea3m b\u1ea3o ch\u1ea5t l\u01b0\u1ee3ng.","robots":{"index":"index","follow":"follow","max-snippet":"max-snippet:-1","max-image-preview":"max-image-preview:large","max-video-preview":"max-video-preview:-1"},"canonical":"https:\/\/vilight.vn\/website\/san-pham\/den-led-pixel\/den-diem-led-dot\/jd-series\/den-led-diem-vl-jd10\/","og_locale":"vi_VN","og_type":"article","og_title":"\u0110\u00e8n LED \u0111i\u1ec3m VL-JD10","og_description":"\u0110\u00e8n LED \u0111i\u1ec3m JD10 - Gi\u1ea3i ph\u00e1p ho\u00e0n h\u1ea3o cho chi\u1ebfu s\u00e1ng m\u1eb7t d\u1ef1ng ngo\u00e0i tr\u1eddi. T\u00e1ch r\u1eddi c\u00e1c b\u1ed9 ph\u1eadn, l\u1eafp \u0111\u1eb7t d\u1ec5 d\u00e0ng. Ch\u1ecbu \u00e1p th\u1ea5p, ngu\u1ed3n c\u1ea5p \u0111i\u1ec7n DC xa. Ch\u1ed1ng n\u01b0\u1edbc IP67, tu\u1ed5i th\u1ecd 50.000 gi\u1edd. \u00c1nh s\u00e1ng \u0111a d\u1ea1ng, g\u00f3c chi\u1ebfu r\u1ed9ng 120\u00b0. S\u1ea3n ph\u1ea9m tin c\u1eady, an to\u00e0n, v\u00e0 ti\u1ebft ki\u1ec7m n\u0103ng l\u01b0\u1ee3ng.","og_url":"https:\/\/vilight.vn\/website\/san-pham\/den-led-pixel\/den-diem-led-dot\/jd-series\/den-led-diem-vl-jd10\/","og_site_name":"Vilight Co.ltd","article_publisher":"http:\/\/facebook.com\/vilight.vn","article_modified_time":"2024-10-01T10:17:22+00:00","og_image":[{"width":600,"height":600,"url":"https:\/\/vilight.vn\/website\/wp-content\/uploads\/2021\/06\/JD10.jpg","type":"image\/jpeg"}],"twitter_card":"summary_large_image","twitter_misc":{"Gi\u00e1":"","Kh\u1ea3 d\u1ee5ng":"Trong kho"},"schema":{"@context":"https:\/\/schema.org","@graph":[{"@type":"WebPage","@id":"https:\/\/vilight.vn\/website\/san-pham\/den-led-pixel\/den-diem-led-dot\/jd-series\/den-led-diem-vl-jd10\/","url":"https:\/\/vilight.vn\/website\/san-pham\/den-led-pixel\/den-diem-led-dot\/jd-series\/den-led-diem-vl-jd10\/","name":"\u0110\u00e8n LED \u0111i\u1ec3m VL-JD10 - Vilight Co.ltd","isPartOf":{"@id":"https:\/\/vilight.vn\/website\/#website"},"primaryImageOfPage":{"@id":"https:\/\/vilight.vn\/website\/san-pham\/den-led-pixel\/den-diem-led-dot\/jd-series\/den-led-diem-vl-jd10\/#primaryimage"},"image":{"@id":"https:\/\/vilight.vn\/website\/san-pham\/den-led-pixel\/den-diem-led-dot\/jd-series\/den-led-diem-vl-jd10\/#primaryimage"},"thumbnailUrl":"https:\/\/vilight.vn\/website\/wp-content\/uploads\/2021\/06\/JD10.jpg","datePublished":"2021-06-25T05:41:54+00:00","dateModified":"2024-10-01T10:17:22+00:00","description":"\u0110\u00e8n LED \u0111i\u1ec3m JD10 Series l\u00e0 d\u00f2ng s\u1ea3n ph\u1ea9m LED \u0111i\u1ec3m cao c\u1ea5p, s\u1eed d\u1ee5ng ngu\u1ed3n \u0111i\u1ec7n DC, ru\u1ed9t d\u1eabn b\u1eb1ng \u0111\u1ed3ng cao c\u1ea5p gi\u00fap \u0111\u1ea3m b\u1ea3o ch\u1ea5t l\u01b0\u1ee3ng.","breadcrumb":{"@id":"https:\/\/vilight.vn\/website\/san-pham\/den-led-pixel\/den-diem-led-dot\/jd-series\/den-led-diem-vl-jd10\/#breadcrumb"},"inLanguage":"vi","potentialAction":[{"@type":"ReadAction","target":["https:\/\/vilight.vn\/website\/san-pham\/den-led-pixel\/den-diem-led-dot\/jd-series\/den-led-diem-vl-jd10\/"]}]},{"@type":"ImageObject","inLanguage":"vi","@id":"https:\/\/vilight.vn\/website\/san-pham\/den-led-pixel\/den-diem-led-dot\/jd-series\/den-led-diem-vl-jd10\/#primaryimage","url":"https:\/\/vilight.vn\/website\/wp-content\/uploads\/2021\/06\/JD10.jpg","contentUrl":"https:\/\/vilight.vn\/website\/wp-content\/uploads\/2021\/06\/JD10.jpg","width":600,"height":600},{"@type":"BreadcrumbList","@id":"https:\/\/vilight.vn\/website\/san-pham\/den-led-pixel\/den-diem-led-dot\/jd-series\/den-led-diem-vl-jd10\/#breadcrumb","itemListElement":[{"@type":"ListItem","position":1,"name":"Home","item":"https:\/\/vilight.vn\/website\/"},{"@type":"ListItem","position":2,"name":"store","item":"https:\/\/vilight.vn\/website\/store\/"},{"@type":"ListItem","position":3,"name":"\u0110\u00e8n LED \u0111i\u1ec3m VL-JD10"}]},{"@type":"WebSite","@id":"https:\/\/vilight.vn\/website\/#website","url":"https:\/\/vilight.vn\/website\/","name":"Vilight Co.ltd","description":"Chi\u1ebfu s\u00e1ng m\u1ef9 thu\u1eadt, chi\u1ebfu s\u00e1ng th\u00f4ng minh, LED Pixel 3D, chi\u1ebfu s\u00e1ng trang tr\u00ed \u0111\u00f4 th\u1ecb, chi\u1ebfu s\u00e1ng v\u00f2ng xoay, chi\u1ebfu s\u00e1ng \u0111\u1ea3o giao th\u00f4ng, c\u1ed5ng ch\u00e0o \u0111\u00f4 th\u1ecb","publisher":{"@id":"https:\/\/vilight.vn\/website\/#organization"},"potentialAction":[{"@type":"SearchAction","target":{"@type":"EntryPoint","urlTemplate":"https:\/\/vilight.vn\/website\/?s={search_term_string}"},"query-input":{"@type":"PropertyValueSpecification","valueRequired":true,"valueName":"search_term_string"}}],"inLanguage":"vi"},{"@type":"Organization","@id":"https:\/\/vilight.vn\/website\/#organization","name":"Vilight","url":"https:\/\/vilight.vn\/website\/","logo":{"@type":"ImageObject","inLanguage":"vi","@id":"https:\/\/vilight.vn\/website\/#\/schema\/logo\/image\/","url":"https:\/\/vilight.vn\/website\/wp-content\/uploads\/2022\/05\/chieu_sang_trang_tri_do_thi_bang_den_led_pixel.png","contentUrl":"https:\/\/vilight.vn\/website\/wp-content\/uploads\/2022\/05\/chieu_sang_trang_tri_do_thi_bang_den_led_pixel.png","width":800,"height":427,"caption":"Vilight"},"image":{"@id":"https:\/\/vilight.vn\/website\/#\/schema\/logo\/image\/"},"sameAs":["http:\/\/facebook.com\/vilight.vn","https:\/\/www.linkedin.com\/company\/vilight-vn","https:\/\/www.youtube.com\/channel\/UCEwR2naeDcuarMX1kSv_rLQ\/videos"]}]},"product_brand":"JD Series","product_price_currency":"VND","og_availability":"instock","product_availability":"instock","product_condition":"new"},"_links":{"self":[{"href":"https:\/\/vilight.vn\/website\/wp-json\/wp\/v2\/product\/1189","targetHints":{"allow":["GET"]}}],"collection":[{"href":"https:\/\/vilight.vn\/website\/wp-json\/wp\/v2\/product"}],"about":[{"href":"https:\/\/vilight.vn\/website\/wp-json\/wp\/v2\/types\/product"}],"wp:featuredmedia":[{"embeddable":true,"href":"https:\/\/vilight.vn\/website\/wp-json\/wp\/v2\/media\/1260"}],"wp:attachment":[{"href":"https:\/\/vilight.vn\/website\/wp-json\/wp\/v2\/media?parent=1189"}],"wp:term":[{"taxonomy":"product_brand","embeddable":true,"href":"https:\/\/vilight.vn\/website\/wp-json\/wp\/v2\/product_brand?post=1189"},{"taxonomy":"product_cat","embeddable":true,"href":"https:\/\/vilight.vn\/website\/wp-json\/wp\/v2\/product_cat?post=1189"},{"taxonomy":"product_tag","embeddable":true,"href":"https:\/\/vilight.vn\/website\/wp-json\/wp\/v2\/product_tag?post=1189"}],"curies":[{"name":"wp","href":"https:\/\/api.w.org\/{rel}","templated":true}]}}