{"id":1281,"date":"2021-06-26T10:02:12","date_gmt":"2021-06-26T03:02:12","guid":{"rendered":"https:\/\/vilight.vn\/website\/?post_type=product&#038;p=1281"},"modified":"2024-10-01T16:46:09","modified_gmt":"2024-10-01T09:46:09","slug":"den-led-diem-vl-o18-o20","status":"publish","type":"product","link":"https:\/\/vilight.vn\/website\/san-pham\/den-led-pixel\/den-diem-led-dot\/3d-ball\/den-led-diem-vl-o18-o20\/","title":{"rendered":"\u0110\u00e8n LED \u0111i\u1ec3m VL-O18\/O20"},"content":{"rendered":"<h2 style=\"text-align: justify;\"><span style=\"font-size: 18pt;\">Gi\u1edbi thi\u1ec7u s\u1ea3n ph\u1ea9m \u0111\u00e8n LED Pixel VL-O18\/O20:<\/span><\/h2>\n<p style=\"text-align: justify;\"><span style=\"font-size: 14pt;\">\u0110\u00e8n LED Pixel O18\/O20 &#8211; Mang t\u00ednh th\u1ea9m m\u1ef9 cao v\u00e0 \u0111\u1ed9 b\u1ec1n \u1ea5n t\u01b0\u1ee3ng<\/span><\/p>\n<p style=\"text-align: justify;\"><span style=\"font-size: 14pt;\">\u0110\u00e8n LED Pixel O18\/O20 l\u00e0 m\u1ed9t l\u1ef1a ch\u1ecdn \u0111\u1eb7c bi\u1ec7t cho nh\u1eefng d\u1ef1 \u00e1n chi\u1ebfu s\u00e1ng m\u1ef9 thu\u1eadt t\u1ea1i kh\u00e1ch s\u1ea1n, trung t\u00e2m th\u01b0\u01a1ng m\u1ea1i v\u00e0 trang tr\u00ed c\u00e1c c\u00f4ng vi\u00ean. V\u1edbi thi\u1ebft k\u1ebf hi\u1ec7n \u0111\u1ea1i v\u00e0 \u0111\u1ed9 b\u1ec1n v\u01b0\u1ee3t tr\u1ed9i, \u0111\u00e8n n\u00e0y \u0111\u1ea3m b\u1ea3o s\u1ebd mang l\u1ea1i s\u1ef1 l\u00e2u d\u00e0i v\u00e0 \u1ea5n t\u01b0\u1ee3ng cho kh\u00f4ng gian chi\u1ebfu s\u00e1ng c\u1ee7a b\u1ea1n.<\/span><\/p>\n<p style=\"text-align: justify;\"><span style=\"font-size: 14pt;\">M\u1ed9t trong nh\u1eefng \u0111i\u1ec3m \u0111\u00e1ng ch\u00fa \u00fd nh\u1ea5t c\u1ee7a \u0111\u00e8n LED Pixel O18\/O20 l\u00e0 v\u1ecf ngo\u00e0i \u0111\u01b0\u1ee3c l\u00e0m t\u1eeb nh\u1ef1a PU ch\u1ed1ng n\u1ee9t v\u1ee1, gi\u00fap \u0111\u00e8n ch\u1ecbu \u0111\u01b0\u1ee3c th\u1eddi ti\u1ebft kh\u1eafc nhi\u1ec7t v\u00e0 tr\u00e1nh \u0111\u01b0\u1ee3c t\u00e1c \u0111\u1ed9ng b\u00ean ngo\u00e0i. \u0110i\u1ec1u n\u00e0y \u0111\u1ea3m b\u1ea3o r\u1eb1ng qu\u00e1 tr\u00ecnh s\u1eed d\u1ee5ng \u0111\u00e8n s\u1ebd k\u00e9o d\u00e0i v\u00e0 \u0111\u00e1ng tin c\u1eady.<\/span><\/p>\n<p style=\"text-align: justify;\"><span style=\"font-size: 14pt;\">V\u1edbi ngu\u1ed3n \u0111i\u1ec7n DC c\u1ea5p, \u0111\u00e8n LED Pixel O18\/O20 c\u00f3 kh\u1ea3 n\u0103ng ho\u1ea1t \u0111\u1ed9ng \u1ed5n \u0111\u1ecbnh \u1edf kho\u1ea3ng c\u00e1ch xa. \u0110i\u1ec1u n\u00e0y l\u00e0m cho vi\u1ec7c l\u1eafp \u0111\u1eb7t v\u00e0 s\u1eed d\u1ee5ng \u0111\u00e8n tr\u1edf n\u00ean d\u1ec5 d\u00e0ng v\u00e0 linh ho\u1ea1t h\u01a1n, \u0111\u1ed3ng th\u1eddi gi\u1ea3m t\u1ed5n hao tr\u00ean \u0111\u01b0\u1eddng truy\u1ec1n v\u00e0 \u0111\u1ea3m b\u1ea3o ngu\u1ed3n cung c\u1ea5p \u0111i\u1ec7n hi\u1ec7u qu\u1ea3.<\/span><\/p>\n<p style=\"text-align: justify;\"><span style=\"font-size: 14pt;\">V\u1edbi kh\u1ea3 n\u0103ng ch\u1ed1ng ch\u1ecbu cao v\u1edbi thi\u00ean nhi\u00ean, \u0111\u00e8n LED Pixel O18\/O20 th\u00edch h\u1ee3p s\u1eed d\u1ee5ng c\u1ea3 ngo\u00e0i tr\u1eddi v\u00e0 d\u01b0\u1edbi n\u01b0\u1edbc. B\u1ea1n c\u00f3 th\u1ec3 tin t\u01b0\u1edfng r\u1eb1ng \u0111\u00e8n s\u1ebd ch\u1ecbu \u0111\u01b0\u1ee3c c\u00e1c \u0111i\u1ec1u ki\u1ec7n kh\u1eafc nhi\u1ec7t v\u00e0 kh\u00f4ng b\u1ecb \u1ea3nh h\u01b0\u1edfng b\u1edfi m\u00f4i tr\u01b0\u1eddng xung quanh.<\/span><\/p>\n<p style=\"text-align: justify;\"><span style=\"font-size: 14pt;\">\u0110\u00e8n LED Pixel O18\/O20 \u0111\u01b0\u1ee3c trang b\u1ecb chip LED ch\u1ea5t l\u01b0\u1ee3ng cao t\u1eeb c\u00e1c th\u01b0\u01a1ng hi\u1ec7u n\u1ed5i ti\u1ebfng nh\u01b0 CREE, Epistar v\u00e0 Osram. \u0110i\u1ec1u n\u00e0y \u0111\u1ea3m b\u1ea3o \u0111\u1ed9 s\u00e1ng v\u00e0 ch\u1ea5t l\u01b0\u1ee3ng \u00e1nh s\u00e1ng t\u1ed1i \u01b0u, mang \u0111\u1ebfn tr\u1ea3i nghi\u1ec7m chi\u1ebfu s\u00e1ng tuy\u1ec7t v\u1eddi cho m\u1ecdi kh\u00f4ng gian.<\/span><\/p>\n<p style=\"text-align: justify;\"><span style=\"font-size: 14pt;\">\u0110\u00e8n LED Pixel O18\/O20 c\u00f3 g\u00f3c chi\u1ebfu r\u1ed9ng 360\u00b0, gi\u00fap ph\u00e2n b\u1ed5 \u00e1nh s\u00e1ng \u0111\u1ed3ng \u0111\u1ec1u v\u00e0 t\u1ea1o ra hi\u1ec7u \u1ee9ng m\u1ef9 thu\u1eadt \u0111\u1ed9c \u0111\u00e1o. \u0110\u1ed3ng th\u1eddi, \u0111\u00e8n n\u00e0y c\u00f3 kh\u1ea3 n\u0103ng \u0111i\u1ec1u khi\u1ec3n th\u00f4ng qua chu\u1ea9n DMX v\u00e0 TTL, cho ph\u00e9p b\u1ea1n t\u00f9y ch\u1ec9 <\/span><span style=\"font-size: 14pt;\">nh\u1ea5p \u0111\u00e8n theo \u00fd mu\u1ed1n v\u00e0 t\u1ea1o ra nh\u1eefng hi\u1ec7u \u1ee9ng \u00e1nh s\u00e1ng \u0111\u1ed9c \u0111\u00e1o.<\/span><\/p>\n<p style=\"text-align: justify;\"><span style=\"font-size: 14pt;\">\u0110\u00e8n LED Pixel O18\/O20 c\u00f3 c\u00f4ng su\u1ea5t 0.6W v\u00e0 \u0111i\u1ec7n \u00e1p ho\u1ea1t \u0111\u1ed9ng 12VDC, gi\u00fap ti\u1ebft ki\u1ec7m n\u0103ng l\u01b0\u1ee3ng v\u00e0 b\u1ea3o v\u1ec7 m\u00f4i tr\u01b0\u1eddng. \u0110\u1ed3ng th\u1eddi, \u0111\u00e8n c\u0169ng tu\u00e2n th\u1ee7 c\u00e1c ti\u00eau chu\u1ea9n ch\u1ea5t l\u01b0\u1ee3ng nh\u01b0 c\u1ea5p k\u00edn IP65 \u0111\u1ec3 \u0111\u1ea3m b\u1ea3o s\u1ef1 an to\u00e0n v\u00e0 b\u1ec1n b\u1ec9 trong m\u1ecdi \u0111i\u1ec1u ki\u1ec7n th\u1eddi ti\u1ebft.<\/span><\/p>\n<p style=\"text-align: justify;\"><span style=\"font-size: 14pt;\">V\u1edbi tu\u1ed5i th\u1ecd 50.000 gi\u1edd, \u0111\u00e8n LED Pixel O18\/O20 \u0111\u1ea3m b\u1ea3o r\u1eb1ng b\u1ea1n s\u1ebd c\u00f3 m\u1ed9t ngu\u1ed3n s\u00e1ng tin c\u1eady trong th\u1eddi gian d\u00e0i, gi\u1ea3m thi\u1ec3u chi ph\u00ed b\u1ea3o tr\u00ec v\u00e0 thay th\u1ebf. Ngo\u00e0i ra, \u0111\u00e8n c\u0169ng \u0111\u1ea1t \u0111\u01b0\u1ee3c c\u1ea5p ch\u1ed1ng ch\u00e1y 94-V0 v\u00e0 c\u1ea5p c\u00e1ch \u0111i\u1ec7n III, \u0111\u1ea3m b\u1ea3o an to\u00e0n tuy\u1ec7t \u0111\u1ed1i trong qu\u00e1 tr\u00ecnh s\u1eed d\u1ee5ng.<\/span><\/p>\n<p style=\"text-align: justify;\"><span style=\"font-size: 14pt;\">V\u1edbi k\u00edch th\u01b0\u1edbc \u00d818*30 v\u00e0 \u00d820*28, \u0111\u00e8n LED Pixel O18\/O20 c\u00f3 thi\u1ebft k\u1ebf nh\u1ecf g\u1ecdn v\u00e0 d\u1ec5 d\u00e0ng l\u1eafp \u0111\u1eb7t trong nhi\u1ec1u kh\u00f4ng gian kh\u00e1c nhau. B\u1ea1n c\u00f3 th\u1ec3 \u00e1p d\u1ee5ng \u0111\u00e8n n\u00e0y trong c\u00e1c c\u00f4ng tr\u00ecnh chi\u1ebfu s\u00e1ng m\u1ef9 thu\u1eadt, trang tr\u00ed kh\u00f4ng gian ngo\u1ea1i th\u1ea5t v\u00e0 nhi\u1ec1u \u1ee9ng d\u1ee5ng s\u00e1ng t\u1ea1o kh\u00e1c.<\/span><\/p>\n<p style=\"text-align: justify;\"><span style=\"font-size: 14pt;\">T\u00f3m l\u1ea1i, \u0111\u00e8n LED Pixel O18\/O20 l\u00e0 m\u1ed9t l\u1ef1a ch\u1ecdn tuy\u1ec7t v\u1eddi cho nh\u1eefng d\u1ef1 \u00e1n chi\u1ebfu s\u00e1ng \u0111\u1eb7c bi\u1ec7t mang t\u00ednh th\u1ea9m m\u1ef9 cao. V\u1edbi \u0111\u1ed9 b\u1ec1n v\u00e0 hi\u1ec7u su\u1ea5t \u1ea5n t\u01b0\u1ee3ng, kh\u1ea3 n\u0103ng ch\u1ed1ng ch\u1ecbu cao v\u00e0 kh\u1ea3 n\u0103ng \u0111i\u1ec1u khi\u1ec3n linh ho\u1ea1t, \u0111\u00e8n n\u00e0y s\u1ebd mang \u0111\u1ebfn \u00e1nh s\u00e1ng tuy\u1ec7t \u0111\u1eb9p v\u00e0 kh\u00f4ng gian lung linh cho m\u1ecdi n\u01a1i b\u1ea1n \u00e1p d\u1ee5ng.<\/span><\/p>\n<p style=\"text-align: justify;\"><span style=\"font-size: 14pt;\"><img decoding=\"async\" class=\"wp-image-1282 size-full lazyload\" data-src=\"https:\/\/vilight.vn\/website\/wp-content\/uploads\/2021\/06\/O18-O20.jpg\" alt=\"\u0110\u00e8n led \u0111i\u1ec3m VL-O18\/O20\" width=\"1200\" height=\"1785\" data-srcset=\"https:\/\/vilight.vn\/website\/wp-content\/uploads\/2021\/06\/O18-O20.jpg 1200w, https:\/\/vilight.vn\/website\/wp-content\/uploads\/2021\/06\/O18-O20-800x1190.jpg 800w, https:\/\/vilight.vn\/website\/wp-content\/uploads\/2021\/06\/O18-O20-202x300.jpg 202w, https:\/\/vilight.vn\/website\/wp-content\/uploads\/2021\/06\/O18-O20-688x1024.jpg 688w, https:\/\/vilight.vn\/website\/wp-content\/uploads\/2021\/06\/O18-O20-768x1142.jpg 768w, https:\/\/vilight.vn\/website\/wp-content\/uploads\/2021\/06\/O18-O20-1033x1536.jpg 1033w, https:\/\/vilight.vn\/website\/wp-content\/uploads\/2021\/06\/O18-O20-8x12.jpg 8w, https:\/\/vilight.vn\/website\/wp-content\/uploads\/2021\/06\/O18-O20-98x146.jpg 98w, https:\/\/vilight.vn\/website\/wp-content\/uploads\/2021\/06\/O18-O20-34x50.jpg 34w, https:\/\/vilight.vn\/website\/wp-content\/uploads\/2021\/06\/O18-O20-50x75.jpg 50w, https:\/\/vilight.vn\/website\/wp-content\/uploads\/2021\/06\/O18-O20-600x893.jpg 600w, https:\/\/vilight.vn\/website\/wp-content\/uploads\/2021\/06\/O18-O20-64x95.jpg 64w\" data-sizes=\"(max-width:767px) 480px, (max-width:1200px) 100vw, 1200px\" src=\"data:image\/svg+xml;base64,PHN2ZyB3aWR0aD0iMSIgaGVpZ2h0PSIxIiB4bWxucz0iaHR0cDovL3d3dy53My5vcmcvMjAwMC9zdmciPjwvc3ZnPg==\" style=\"--smush-placeholder-width: 1200px; --smush-placeholder-aspect-ratio: 1200\/1785;\" \/><\/span><\/p>\n","protected":false},"excerpt":{"rendered":"<p style=\"text-align: justify;\"><span style=\"font-size: 14pt;\">\u0110\u00e8n LED 3D Pixel Ball VL-O18\/O20 &#8211; S\u1ef1 k\u1ebft h\u1ee3p ho\u00e0n h\u1ea3o gi\u1eefa th\u1ea9m m\u1ef9 cao v\u00e0 \u0111\u1ed9 b\u1ec1n \u1ea5n t\u01b0\u1ee3ng. V\u1edbi v\u1ecf nh\u1ef1a ch\u1ed1ng n\u1ee9t v\u1ee1 v\u00e0 kh\u1ea3 n\u0103ng ch\u1ecbu kh\u1eafc nhi\u1ec7t, s\u1ea3n ph\u1ea9m n\u00e0y th\u00edch h\u1ee3p cho c\u00e1c d\u1ef1 \u00e1n m\u1ef9 thu\u1eadt, kh\u00e1ch s\u1ea1n, trung t\u00e2m th\u01b0\u01a1ng m\u1ea1i. Ch\u1ea5t l\u01b0\u1ee3ng \u00e1nh s\u00e1ng tuy\u1ec7t v\u1eddi t\u1eeb chip LED h\u00e0ng \u0111\u1ea7u v\u00e0 kh\u1ea3 n\u0103ng \u0111i\u1ec1u khi\u1ec3n linh ho\u1ea1t qua chu\u1ea9n DMX, TTL.<\/span><\/p>\n","protected":false},"featured_media":1283,"template":"","meta":[],"product_brand":[],"product_cat":[173,78,77],"product_tag":[491],"class_list":{"0":"post-1281","1":"product","2":"type-product","3":"status-publish","4":"has-post-thumbnail","6":"product_cat-3d-ball","7":"product_cat-den-diem-led-dot","8":"product_cat-den-led-pixel","9":"product_tag-den-led-diem-vl-o18-o20","10":"pa_chip-led-cree","11":"pa_chip-led-epistar","12":"pa_chip-led-oram","13":"pa_chuan-dieu-khien-dmx","14":"pa_chuan-dieu-khien-ttl","15":"pa_cong-suat-0-6w","16":"pa_dien-ap-hoat-dong-12v","17":"pa_do-kin-ip65","18":"pa_goc-chieu-360-do","19":"pa_gray-level-256-65536","20":"pa_kich-thuoc-o1830","21":"pa_kich-thuoc-o2028","23":"first","24":"instock","25":"taxable","26":"shipping-taxable","27":"product-type-simple"},"yoast_head":"<!-- This site is optimized with the Yoast SEO Premium plugin v27.5 (Yoast SEO v27.5) - https:\/\/yoast.com\/product\/yoast-seo-premium-wordpress\/ -->\n<title>\u0110\u00e8n LED \u0111i\u1ec3m VL-O18\/O20 - \u0110\u00e8n LED 3D Ball - Vilight Co.ltd<\/title>\n<meta name=\"description\" content=\"\u0110\u00e8n LED \u0111i\u1ec3m VL-O18\/O20 l\u00e0 m\u1eabu LED 3D Ball RGB. S\u1ea3n ph\u1ea9m \u0111\u01b0\u1ee3c l\u00e0m t\u1eeb nh\u1ef1a PU c\u00f3 \u0111\u1ed9 ch\u1ed1ng va \u0111\u1eadp cao, ch\u1ecbu \u0111\u01b0\u1ee3c th\u1eddi ti\u1ebft kh\u1eafc nghi\u1ec7t.\" \/>\n<meta name=\"robots\" content=\"index, follow, max-snippet:-1, max-image-preview:large, max-video-preview:-1\" \/>\n<link rel=\"canonical\" href=\"https:\/\/vilight.vn\/website\/san-pham\/den-led-pixel\/den-diem-led-dot\/3d-ball\/den-led-diem-vl-o18-o20\/\" \/>\n<meta property=\"og:locale\" content=\"vi_VN\" \/>\n<meta property=\"og:type\" content=\"article\" \/>\n<meta property=\"og:title\" content=\"\u0110\u00e8n LED \u0111i\u1ec3m VL-O18\/O20\" \/>\n<meta property=\"og:description\" content=\"\u0110\u00e8n LED 3D Pixel Ball VL-O18\/O20 - S\u1ef1 k\u1ebft h\u1ee3p ho\u00e0n h\u1ea3o gi\u1eefa th\u1ea9m m\u1ef9 cao v\u00e0 \u0111\u1ed9 b\u1ec1n \u1ea5n t\u01b0\u1ee3ng. V\u1edbi v\u1ecf nh\u1ef1a ch\u1ed1ng n\u1ee9t v\u1ee1 v\u00e0 kh\u1ea3 n\u0103ng ch\u1ecbu kh\u1eafc nhi\u1ec7t, s\u1ea3n ph\u1ea9m n\u00e0y th\u00edch h\u1ee3p cho c\u00e1c d\u1ef1 \u00e1n m\u1ef9 thu\u1eadt, kh\u00e1ch s\u1ea1n, trung t\u00e2m th\u01b0\u01a1ng m\u1ea1i. Ch\u1ea5t l\u01b0\u1ee3ng \u00e1nh s\u00e1ng tuy\u1ec7t v\u1eddi t\u1eeb chip LED h\u00e0ng \u0111\u1ea7u v\u00e0 kh\u1ea3 n\u0103ng \u0111i\u1ec1u khi\u1ec3n linh ho\u1ea1t qua chu\u1ea9n DMX, TTL.\" \/>\n<meta property=\"og:url\" content=\"https:\/\/vilight.vn\/website\/san-pham\/den-led-pixel\/den-diem-led-dot\/3d-ball\/den-led-diem-vl-o18-o20\/\" \/>\n<meta property=\"og:site_name\" content=\"Vilight Co.ltd\" \/>\n<meta property=\"article:publisher\" content=\"http:\/\/facebook.com\/vilight.vn\" \/>\n<meta property=\"article:modified_time\" content=\"2024-10-01T09:46:09+00:00\" \/>\n<meta property=\"og:image\" content=\"https:\/\/vilight.vn\/website\/wp-content\/uploads\/2021\/06\/O19-O20-Logo.jpg\" \/>\n\t<meta property=\"og:image:width\" content=\"600\" \/>\n\t<meta property=\"og:image:height\" content=\"600\" \/>\n\t<meta property=\"og:image:type\" content=\"image\/jpeg\" \/>\n<meta name=\"twitter:card\" content=\"summary_large_image\" \/>\n<meta name=\"twitter:label1\" content=\"Gi\u00e1\" \/>\n\t<meta name=\"twitter:data1\" content=\"\" \/>\n\t<meta name=\"twitter:label2\" content=\"Kh\u1ea3 d\u1ee5ng\" \/>\n\t<meta name=\"twitter:data2\" content=\"Trong kho\" \/>\n<script type=\"application\/ld+json\" class=\"yoast-schema-graph\">{\"@context\":\"https:\\\/\\\/schema.org\",\"@graph\":[{\"@type\":\"WebPage\",\"@id\":\"https:\\\/\\\/vilight.vn\\\/website\\\/san-pham\\\/den-led-pixel\\\/den-diem-led-dot\\\/3d-ball\\\/den-led-diem-vl-o18-o20\\\/\",\"url\":\"https:\\\/\\\/vilight.vn\\\/website\\\/san-pham\\\/den-led-pixel\\\/den-diem-led-dot\\\/3d-ball\\\/den-led-diem-vl-o18-o20\\\/\",\"name\":\"\u0110\u00e8n LED \u0111i\u1ec3m VL-O18\\\/O20 - \u0110\u00e8n LED 3D Ball - Vilight Co.ltd\",\"isPartOf\":{\"@id\":\"https:\\\/\\\/vilight.vn\\\/website\\\/#website\"},\"primaryImageOfPage\":{\"@id\":\"https:\\\/\\\/vilight.vn\\\/website\\\/san-pham\\\/den-led-pixel\\\/den-diem-led-dot\\\/3d-ball\\\/den-led-diem-vl-o18-o20\\\/#primaryimage\"},\"image\":{\"@id\":\"https:\\\/\\\/vilight.vn\\\/website\\\/san-pham\\\/den-led-pixel\\\/den-diem-led-dot\\\/3d-ball\\\/den-led-diem-vl-o18-o20\\\/#primaryimage\"},\"thumbnailUrl\":\"https:\\\/\\\/vilight.vn\\\/website\\\/wp-content\\\/uploads\\\/2021\\\/06\\\/O19-O20-Logo.jpg\",\"datePublished\":\"2021-06-26T03:02:12+00:00\",\"dateModified\":\"2024-10-01T09:46:09+00:00\",\"description\":\"\u0110\u00e8n LED \u0111i\u1ec3m VL-O18\\\/O20 l\u00e0 m\u1eabu LED 3D Ball RGB. S\u1ea3n ph\u1ea9m \u0111\u01b0\u1ee3c l\u00e0m t\u1eeb nh\u1ef1a PU c\u00f3 \u0111\u1ed9 ch\u1ed1ng va \u0111\u1eadp cao, ch\u1ecbu \u0111\u01b0\u1ee3c th\u1eddi ti\u1ebft kh\u1eafc nghi\u1ec7t.\",\"breadcrumb\":{\"@id\":\"https:\\\/\\\/vilight.vn\\\/website\\\/san-pham\\\/den-led-pixel\\\/den-diem-led-dot\\\/3d-ball\\\/den-led-diem-vl-o18-o20\\\/#breadcrumb\"},\"inLanguage\":\"vi\",\"potentialAction\":[{\"@type\":\"ReadAction\",\"target\":[\"https:\\\/\\\/vilight.vn\\\/website\\\/san-pham\\\/den-led-pixel\\\/den-diem-led-dot\\\/3d-ball\\\/den-led-diem-vl-o18-o20\\\/\"]}]},{\"@type\":\"ImageObject\",\"inLanguage\":\"vi\",\"@id\":\"https:\\\/\\\/vilight.vn\\\/website\\\/san-pham\\\/den-led-pixel\\\/den-diem-led-dot\\\/3d-ball\\\/den-led-diem-vl-o18-o20\\\/#primaryimage\",\"url\":\"https:\\\/\\\/vilight.vn\\\/website\\\/wp-content\\\/uploads\\\/2021\\\/06\\\/O19-O20-Logo.jpg\",\"contentUrl\":\"https:\\\/\\\/vilight.vn\\\/website\\\/wp-content\\\/uploads\\\/2021\\\/06\\\/O19-O20-Logo.jpg\",\"width\":600,\"height\":600},{\"@type\":\"BreadcrumbList\",\"@id\":\"https:\\\/\\\/vilight.vn\\\/website\\\/san-pham\\\/den-led-pixel\\\/den-diem-led-dot\\\/3d-ball\\\/den-led-diem-vl-o18-o20\\\/#breadcrumb\",\"itemListElement\":[{\"@type\":\"ListItem\",\"position\":1,\"name\":\"Home\",\"item\":\"https:\\\/\\\/vilight.vn\\\/website\\\/\"},{\"@type\":\"ListItem\",\"position\":2,\"name\":\"store\",\"item\":\"https:\\\/\\\/vilight.vn\\\/website\\\/store\\\/\"},{\"@type\":\"ListItem\",\"position\":3,\"name\":\"\u0110\u00e8n LED \u0111i\u1ec3m VL-O18\\\/O20\"}]},{\"@type\":\"WebSite\",\"@id\":\"https:\\\/\\\/vilight.vn\\\/website\\\/#website\",\"url\":\"https:\\\/\\\/vilight.vn\\\/website\\\/\",\"name\":\"Vilight Co.ltd\",\"description\":\"Chi\u1ebfu s\u00e1ng m\u1ef9 thu\u1eadt, chi\u1ebfu s\u00e1ng th\u00f4ng minh, LED Pixel 3D, chi\u1ebfu s\u00e1ng trang tr\u00ed \u0111\u00f4 th\u1ecb, chi\u1ebfu s\u00e1ng v\u00f2ng xoay, chi\u1ebfu s\u00e1ng \u0111\u1ea3o giao th\u00f4ng, c\u1ed5ng ch\u00e0o \u0111\u00f4 th\u1ecb\",\"publisher\":{\"@id\":\"https:\\\/\\\/vilight.vn\\\/website\\\/#organization\"},\"potentialAction\":[{\"@type\":\"SearchAction\",\"target\":{\"@type\":\"EntryPoint\",\"urlTemplate\":\"https:\\\/\\\/vilight.vn\\\/website\\\/?s={search_term_string}\"},\"query-input\":{\"@type\":\"PropertyValueSpecification\",\"valueRequired\":true,\"valueName\":\"search_term_string\"}}],\"inLanguage\":\"vi\"},{\"@type\":\"Organization\",\"@id\":\"https:\\\/\\\/vilight.vn\\\/website\\\/#organization\",\"name\":\"Vilight\",\"url\":\"https:\\\/\\\/vilight.vn\\\/website\\\/\",\"logo\":{\"@type\":\"ImageObject\",\"inLanguage\":\"vi\",\"@id\":\"https:\\\/\\\/vilight.vn\\\/website\\\/#\\\/schema\\\/logo\\\/image\\\/\",\"url\":\"https:\\\/\\\/vilight.vn\\\/website\\\/wp-content\\\/uploads\\\/2022\\\/05\\\/chieu_sang_trang_tri_do_thi_bang_den_led_pixel.png\",\"contentUrl\":\"https:\\\/\\\/vilight.vn\\\/website\\\/wp-content\\\/uploads\\\/2022\\\/05\\\/chieu_sang_trang_tri_do_thi_bang_den_led_pixel.png\",\"width\":800,\"height\":427,\"caption\":\"Vilight\"},\"image\":{\"@id\":\"https:\\\/\\\/vilight.vn\\\/website\\\/#\\\/schema\\\/logo\\\/image\\\/\"},\"sameAs\":[\"http:\\\/\\\/facebook.com\\\/vilight.vn\",\"https:\\\/\\\/www.linkedin.com\\\/company\\\/vilight-vn\",\"https:\\\/\\\/www.youtube.com\\\/channel\\\/UCEwR2naeDcuarMX1kSv_rLQ\\\/videos\"]}]}<\/script>\n<meta property=\"product:brand\" content=\"3D Crystall Ball\" \/>\n<meta property=\"product:price:currency\" content=\"VND\" \/>\n<meta property=\"og:availability\" content=\"instock\" \/>\n<meta property=\"product:availability\" content=\"instock\" \/>\n<meta property=\"product:condition\" content=\"new\" \/>\n<!-- \/ Yoast SEO Premium plugin. -->","yoast_head_json":{"title":"\u0110\u00e8n LED \u0111i\u1ec3m VL-O18\/O20 - \u0110\u00e8n LED 3D Ball - Vilight Co.ltd","description":"\u0110\u00e8n LED \u0111i\u1ec3m VL-O18\/O20 l\u00e0 m\u1eabu LED 3D Ball RGB. S\u1ea3n ph\u1ea9m \u0111\u01b0\u1ee3c l\u00e0m t\u1eeb nh\u1ef1a PU c\u00f3 \u0111\u1ed9 ch\u1ed1ng va \u0111\u1eadp cao, ch\u1ecbu \u0111\u01b0\u1ee3c th\u1eddi ti\u1ebft kh\u1eafc nghi\u1ec7t.","robots":{"index":"index","follow":"follow","max-snippet":"max-snippet:-1","max-image-preview":"max-image-preview:large","max-video-preview":"max-video-preview:-1"},"canonical":"https:\/\/vilight.vn\/website\/san-pham\/den-led-pixel\/den-diem-led-dot\/3d-ball\/den-led-diem-vl-o18-o20\/","og_locale":"vi_VN","og_type":"article","og_title":"\u0110\u00e8n LED \u0111i\u1ec3m VL-O18\/O20","og_description":"\u0110\u00e8n LED 3D Pixel Ball VL-O18\/O20 - S\u1ef1 k\u1ebft h\u1ee3p ho\u00e0n h\u1ea3o gi\u1eefa th\u1ea9m m\u1ef9 cao v\u00e0 \u0111\u1ed9 b\u1ec1n \u1ea5n t\u01b0\u1ee3ng. V\u1edbi v\u1ecf nh\u1ef1a ch\u1ed1ng n\u1ee9t v\u1ee1 v\u00e0 kh\u1ea3 n\u0103ng ch\u1ecbu kh\u1eafc nhi\u1ec7t, s\u1ea3n ph\u1ea9m n\u00e0y th\u00edch h\u1ee3p cho c\u00e1c d\u1ef1 \u00e1n m\u1ef9 thu\u1eadt, kh\u00e1ch s\u1ea1n, trung t\u00e2m th\u01b0\u01a1ng m\u1ea1i. Ch\u1ea5t l\u01b0\u1ee3ng \u00e1nh s\u00e1ng tuy\u1ec7t v\u1eddi t\u1eeb chip LED h\u00e0ng \u0111\u1ea7u v\u00e0 kh\u1ea3 n\u0103ng \u0111i\u1ec1u khi\u1ec3n linh ho\u1ea1t qua chu\u1ea9n DMX, TTL.","og_url":"https:\/\/vilight.vn\/website\/san-pham\/den-led-pixel\/den-diem-led-dot\/3d-ball\/den-led-diem-vl-o18-o20\/","og_site_name":"Vilight Co.ltd","article_publisher":"http:\/\/facebook.com\/vilight.vn","article_modified_time":"2024-10-01T09:46:09+00:00","og_image":[{"width":600,"height":600,"url":"https:\/\/vilight.vn\/website\/wp-content\/uploads\/2021\/06\/O19-O20-Logo.jpg","type":"image\/jpeg"}],"twitter_card":"summary_large_image","twitter_misc":{"Gi\u00e1":"","Kh\u1ea3 d\u1ee5ng":"Trong kho"},"schema":{"@context":"https:\/\/schema.org","@graph":[{"@type":"WebPage","@id":"https:\/\/vilight.vn\/website\/san-pham\/den-led-pixel\/den-diem-led-dot\/3d-ball\/den-led-diem-vl-o18-o20\/","url":"https:\/\/vilight.vn\/website\/san-pham\/den-led-pixel\/den-diem-led-dot\/3d-ball\/den-led-diem-vl-o18-o20\/","name":"\u0110\u00e8n LED \u0111i\u1ec3m VL-O18\/O20 - \u0110\u00e8n LED 3D Ball - Vilight Co.ltd","isPartOf":{"@id":"https:\/\/vilight.vn\/website\/#website"},"primaryImageOfPage":{"@id":"https:\/\/vilight.vn\/website\/san-pham\/den-led-pixel\/den-diem-led-dot\/3d-ball\/den-led-diem-vl-o18-o20\/#primaryimage"},"image":{"@id":"https:\/\/vilight.vn\/website\/san-pham\/den-led-pixel\/den-diem-led-dot\/3d-ball\/den-led-diem-vl-o18-o20\/#primaryimage"},"thumbnailUrl":"https:\/\/vilight.vn\/website\/wp-content\/uploads\/2021\/06\/O19-O20-Logo.jpg","datePublished":"2021-06-26T03:02:12+00:00","dateModified":"2024-10-01T09:46:09+00:00","description":"\u0110\u00e8n LED \u0111i\u1ec3m VL-O18\/O20 l\u00e0 m\u1eabu LED 3D Ball RGB. S\u1ea3n ph\u1ea9m \u0111\u01b0\u1ee3c l\u00e0m t\u1eeb nh\u1ef1a PU c\u00f3 \u0111\u1ed9 ch\u1ed1ng va \u0111\u1eadp cao, ch\u1ecbu \u0111\u01b0\u1ee3c th\u1eddi ti\u1ebft kh\u1eafc nghi\u1ec7t.","breadcrumb":{"@id":"https:\/\/vilight.vn\/website\/san-pham\/den-led-pixel\/den-diem-led-dot\/3d-ball\/den-led-diem-vl-o18-o20\/#breadcrumb"},"inLanguage":"vi","potentialAction":[{"@type":"ReadAction","target":["https:\/\/vilight.vn\/website\/san-pham\/den-led-pixel\/den-diem-led-dot\/3d-ball\/den-led-diem-vl-o18-o20\/"]}]},{"@type":"ImageObject","inLanguage":"vi","@id":"https:\/\/vilight.vn\/website\/san-pham\/den-led-pixel\/den-diem-led-dot\/3d-ball\/den-led-diem-vl-o18-o20\/#primaryimage","url":"https:\/\/vilight.vn\/website\/wp-content\/uploads\/2021\/06\/O19-O20-Logo.jpg","contentUrl":"https:\/\/vilight.vn\/website\/wp-content\/uploads\/2021\/06\/O19-O20-Logo.jpg","width":600,"height":600},{"@type":"BreadcrumbList","@id":"https:\/\/vilight.vn\/website\/san-pham\/den-led-pixel\/den-diem-led-dot\/3d-ball\/den-led-diem-vl-o18-o20\/#breadcrumb","itemListElement":[{"@type":"ListItem","position":1,"name":"Home","item":"https:\/\/vilight.vn\/website\/"},{"@type":"ListItem","position":2,"name":"store","item":"https:\/\/vilight.vn\/website\/store\/"},{"@type":"ListItem","position":3,"name":"\u0110\u00e8n LED \u0111i\u1ec3m VL-O18\/O20"}]},{"@type":"WebSite","@id":"https:\/\/vilight.vn\/website\/#website","url":"https:\/\/vilight.vn\/website\/","name":"Vilight Co.ltd","description":"Chi\u1ebfu s\u00e1ng m\u1ef9 thu\u1eadt, chi\u1ebfu s\u00e1ng th\u00f4ng minh, LED Pixel 3D, chi\u1ebfu s\u00e1ng trang tr\u00ed \u0111\u00f4 th\u1ecb, chi\u1ebfu s\u00e1ng v\u00f2ng xoay, chi\u1ebfu s\u00e1ng \u0111\u1ea3o giao th\u00f4ng, c\u1ed5ng ch\u00e0o \u0111\u00f4 th\u1ecb","publisher":{"@id":"https:\/\/vilight.vn\/website\/#organization"},"potentialAction":[{"@type":"SearchAction","target":{"@type":"EntryPoint","urlTemplate":"https:\/\/vilight.vn\/website\/?s={search_term_string}"},"query-input":{"@type":"PropertyValueSpecification","valueRequired":true,"valueName":"search_term_string"}}],"inLanguage":"vi"},{"@type":"Organization","@id":"https:\/\/vilight.vn\/website\/#organization","name":"Vilight","url":"https:\/\/vilight.vn\/website\/","logo":{"@type":"ImageObject","inLanguage":"vi","@id":"https:\/\/vilight.vn\/website\/#\/schema\/logo\/image\/","url":"https:\/\/vilight.vn\/website\/wp-content\/uploads\/2022\/05\/chieu_sang_trang_tri_do_thi_bang_den_led_pixel.png","contentUrl":"https:\/\/vilight.vn\/website\/wp-content\/uploads\/2022\/05\/chieu_sang_trang_tri_do_thi_bang_den_led_pixel.png","width":800,"height":427,"caption":"Vilight"},"image":{"@id":"https:\/\/vilight.vn\/website\/#\/schema\/logo\/image\/"},"sameAs":["http:\/\/facebook.com\/vilight.vn","https:\/\/www.linkedin.com\/company\/vilight-vn","https:\/\/www.youtube.com\/channel\/UCEwR2naeDcuarMX1kSv_rLQ\/videos"]}]},"product_brand":"3D Crystall Ball","product_price_currency":"VND","og_availability":"instock","product_availability":"instock","product_condition":"new"},"_links":{"self":[{"href":"https:\/\/vilight.vn\/website\/wp-json\/wp\/v2\/product\/1281","targetHints":{"allow":["GET"]}}],"collection":[{"href":"https:\/\/vilight.vn\/website\/wp-json\/wp\/v2\/product"}],"about":[{"href":"https:\/\/vilight.vn\/website\/wp-json\/wp\/v2\/types\/product"}],"wp:featuredmedia":[{"embeddable":true,"href":"https:\/\/vilight.vn\/website\/wp-json\/wp\/v2\/media\/1283"}],"wp:attachment":[{"href":"https:\/\/vilight.vn\/website\/wp-json\/wp\/v2\/media?parent=1281"}],"wp:term":[{"taxonomy":"product_brand","embeddable":true,"href":"https:\/\/vilight.vn\/website\/wp-json\/wp\/v2\/product_brand?post=1281"},{"taxonomy":"product_cat","embeddable":true,"href":"https:\/\/vilight.vn\/website\/wp-json\/wp\/v2\/product_cat?post=1281"},{"taxonomy":"product_tag","embeddable":true,"href":"https:\/\/vilight.vn\/website\/wp-json\/wp\/v2\/product_tag?post=1281"}],"curies":[{"name":"wp","href":"https:\/\/api.w.org\/{rel}","templated":true}]}}