{"id":1284,"date":"2021-06-26T10:03:45","date_gmt":"2021-06-26T03:03:45","guid":{"rendered":"https:\/\/vilight.vn\/website\/?post_type=product&#038;p=1284"},"modified":"2024-10-01T16:48:31","modified_gmt":"2024-10-01T09:48:31","slug":"den-led-diem-vl-o32-o50a","status":"publish","type":"product","link":"https:\/\/vilight.vn\/website\/san-pham\/den-led-pixel\/den-diem-led-dot\/3d-ball\/den-led-diem-vl-o32-o50a\/","title":{"rendered":"\u0110\u00e8n LED \u0111i\u1ec3m VL-O32\/O50A"},"content":{"rendered":"<h2 style=\"text-align: justify;\"><span style=\"font-size: 18pt;\">B\u1ea1n \u0111ang t\u00ecm hi\u1ec3u v\u1ec1 \u0111\u00e8n LED \u0111i\u1ec3m VL-O32\/O50A? H\u00e3y c\u00f9ng t\u00f4i kh\u00e1m ph\u00e1 c\u00e1c th\u00f4ng s\u1ed1 v\u00e0 t\u00ednh n\u0103ng \u0111\u00e1ng ch\u00fa \u00fd c\u1ee7a s\u1ea3n ph\u1ea9m n\u00e0y.<\/span><\/h2>\n<p style=\"text-align: justify;\"><span style=\"font-size: 14pt;\">\u0110\u00e8n LED \u0111i\u1ec3m VL-O32\/O50A l\u00e0 lo\u1ea1i \u0111\u00e8n \u0111\u1eb7c bi\u1ec7t \u0111\u01b0\u1ee3c thi\u1ebft k\u1ebf v\u1edbi kh\u1ea3 n\u0103ng b\u1ec1n b\u1ec9 v\u00e0 \u0111\u1ed9 b\u1ec1n cao. V\u1edbi v\u1ecf ngo\u00e0i \u0111\u01b0\u1ee3c l\u00e0m b\u1eb1ng nh\u1ef1a PU ch\u1ed1ng n\u1ee9t v\u1ee1, \u0111\u00e8n c\u00f3 th\u1ec3 ch\u1ed1ng l\u1ea1i th\u1eddi ti\u1ebft kh\u1eafc nhi\u1ec7t v\u00e0 s\u1ebd k\u00e9o d\u00e0i qu\u00e1 tr\u00ecnh s\u1eed d\u1ee5ng c\u1ee7a b\u1ea1n. \u0110\u00e2y l\u00e0 m\u1ed9t l\u1ef1a ch\u1ecdn l\u00fd t\u01b0\u1edfng cho c\u00e1c c\u00f4ng tr\u00ecnh chi\u1ebfu s\u00e1ng m\u1ef9 thu\u1eadt t\u1ea1i kh\u00e1ch s\u1ea1n, trung t\u00e2m th\u01b0\u01a1ng m\u1ea1i ho\u1eb7c trang tr\u00ed c\u00e1c c\u00f4ng vi\u00ean.<\/span><\/p>\n<p style=\"text-align: justify;\"><span style=\"font-size: 14pt;\">M\u1eabu \u0111\u00e8n O32\/O50 c\u00f3 thi\u1ebft k\u1ebf hi\u1ec7n \u0111\u1ea1i v\u00e0 \u0111\u01b0\u1ee3c t\u1ea1o ra \u0111\u1eb7c bi\u1ec7t \u0111\u1ec3 ph\u1ee5c v\u1ee5 c\u00e1c d\u1ef1 \u00e1n chi\u1ebfu s\u00e1ng \u0111\u00f2i h\u1ecfi t\u00ednh th\u1ea9m m\u1ef9 cao. \u0110i\u1ec3m n\u1ed5i b\u1eadt c\u1ee7a \u0111\u00e8n LED n\u00e0y l\u00e0 kh\u1ea3 n\u0103ng s\u1eed d\u1ee5ng ngu\u1ed3n \u0111i\u1ec7n DC v\u00e0 c\u00f3 kh\u1ea3 n\u0103ng ho\u1ea1t \u0111\u1ed9ng \u1ed5n \u0111\u1ecbnh \u1edf kho\u1ea3ng c\u00e1ch xa. \u0110i\u1ec1u n\u00e0y \u0111\u1ea3m b\u1ea3o r\u1eb1ng b\u1ea1n c\u00f3 th\u1ec3 s\u1eed d\u1ee5ng \u0111\u00e8n LED \u1edf nh\u1eefng v\u1ecb tr\u00ed kh\u00f3 ti\u1ebfp c\u1eadn m\u00e0 kh\u00f4ng g\u1eb7p r\u1eafc r\u1ed1i v\u1edbi ngu\u1ed3n cung c\u1ea5p \u0111i\u1ec7n.<\/span><\/p>\n<p style=\"text-align: justify;\"><span style=\"font-size: 14pt;\">V\u1edbi c\u1ea5u tr\u00fac c\u00e1p li\u1ec1n v\u00e0 ru\u1ed9t \u0111\u1ed3ng nguy\u00ean ch\u1ea5t, \u0111\u00e8n LED n\u00e0y kh\u00f4ng c\u00f3 n\u1ed1i, gi\u00fap gi\u1ea3m thi\u1ec3u t\u1ed5n hao tr\u00ean \u0111\u01b0\u1eddng truy\u1ec1n v\u00e0 t\u0103ng hi\u1ec7u su\u1ea5t ho\u1ea1t \u0111\u1ed9ng. \u0110i\u1ec1u n\u00e0y c\u0169ng \u0111\u1ed3ng ngh\u0129a v\u1edbi vi\u1ec7c b\u1ea1n c\u00f3 th\u1ec3 s\u1eed d\u1ee5ng ngu\u1ed3n cung c\u1ea5p \u0111i\u1ec7n \u1edf kho\u1ea3ng c\u00e1ch xa m\u00e0 kh\u00f4ng ph\u1ea3i lo l\u1eafng v\u1ec1 hi\u1ec7u su\u1ea5t v\u00e0 \u0111\u1ed9 \u1ed5n \u0111\u1ecbnh.<\/span><\/p>\n<p style=\"text-align: justify;\"><span style=\"font-size: 14pt;\">V\u1edbi kh\u1ea3 n\u0103ng ch\u1ed1ng ch\u1ecbu cao \u0111\u1ed1i v\u1edbi c\u00e1c y\u1ebfu t\u1ed1 t\u1ef1 nhi\u00ean, \u0111\u00e8n LED VL-O32\/O50A th\u00edch h\u1ee3p s\u1eed d\u1ee5ng c\u1ea3 ngo\u00e0i tr\u1eddi v\u00e0 d\u01b0\u1edbi n\u01b0\u1edbc. B\u1ea1n c\u00f3 th\u1ec3 tin t\u01b0\u1edfng v\u00e0o \u0111\u1ed9 b\u1ec1n v\u00e0 kh\u1ea3 n\u0103ng ch\u1ed1ng th\u1eddi ti\u1ebft c\u1ee7a s\u1ea3n ph\u1ea9m n\u00e0y, \u0111\u1ed3ng th\u1eddi t\u1eadn h\u01b0\u1edfng \u00e1nh s\u00e1ng tuy\u1ec7t \u0111\u1eb9p m\u00e0 n\u00f3 mang l\u1ea1i.<\/span><\/p>\n<p style=\"text-align: justify;\"><span style=\"font-size: 14pt;\">\u0110\u00e8n LED \u0111i\u1ec3m n\u00e0y \u0111\u01b0\u1ee3c trang b\u1ecb chip LED t\u1eeb c\u00e1c nh\u00e0 s\u1ea3n xu\u1ea5t n\u1ed5i ti\u1ebfng nh\u01b0 CREE, Epistar v\u00e0 Osram, \u0111\u1ea3m b\u1ea3o ch\u1ea5t l\u01b0\u1ee3ng \u00e1nh s\u00e1ng t\u1ed1t nh\u1ea5t cho c\u00e1c \u1ee9ng d\u1ee5ng c\u1ee7a b\u1ea1n. V\u1edbi m\u1ee9c x\u00e1m 256\/65536, \u0111\u00e8n LED VL-O32\/O50A c\u00f3 kh\u1ea3 n\u0103ng t\u1ea1o ra m\u00e0u s\u1eafc phong ph\u00fa v\u00e0 \u0111a d\u1ea1ng.<\/span><\/p>\n<p style=\"text-align: justify;\"><span style=\"font-size: 14pt;\">G\u00f3c chi\u1ebfu 360\u00b0 c\u1ee7a \u0111\u00e8n cho ph\u00e9p \u00e1nh s\u00e1ng lan t\u1ecfa \u0111\u1ec1u v\u00e0 r\u1ed9ng kh\u1eafp kh\u00f4ng gian, t\u1ea1o n\u00ean hi\u1ec7u \u1ee9ng s\u00e1ng tuy\u1ec7t \u0111\u1eb9p v\u00e0 h\u1ea5p d\u1eabn.<\/span><\/p>\n<p style=\"text-align: justify;\"><span style=\"font-size: 14pt;\">V\u1edbi nhi\u1ec7t \u0111\u1ed9 ho\u1ea1t \u0111\u1ed9ng t\u1eeb -20 \u0111\u1ed9 C \u0111\u1ebfn 60 \u0111\u1ed9 C, \u0111\u00e8n LED n\u00e0y c\u00f3 kh\u1ea3 n\u0103ng ho\u1ea1t \u0111\u1ed9ng \u1ed5n \u0111\u1ecbnh trong m\u1ecdi \u0111i\u1ec1u ki\u1ec7n th\u1eddi ti\u1ebft, t\u1eeb m\u00f9a \u0111\u00f4ng l\u1ea1nh gi\u00e1 \u0111\u1ebfn m\u00f9a h\u00e8 n\u00f3ng n\u1ef1c.<\/span><\/p>\n<p style=\"text-align: justify;\"><span style=\"font-size: 14pt;\">V\u1edbi c\u00f4ng su\u1ea5t ch\u1ec9 1.5W, \u0111\u00e8n VL-O32\/O50A ti\u1ebft ki\u1ec7m n\u0103ng l\u01b0\u1ee3ng v\u00e0 c\u00f3 hi\u1ec7u su\u1ea5t cao. \u0110i\u1ec7n \u00e1p ho\u1ea1t \u0111\u1ed9ng l\u00e0 24VDC, \u0111\u1ea3m b\u1ea3o an to\u00e0n trong vi\u1ec7c s\u1eed d\u1ee5ng.<\/span><\/p>\n<p style=\"text-align: justify;\"><span style=\"font-size: 14pt;\">\u0110\u00e8n LED n\u00e0y h\u1ed7 tr\u1ee3 c\u00e1c chu\u1ea9n \u0111i\u1ec1u khi\u1ec3n DMX v\u00e0 TTL, cho ph\u00e9p b\u1ea1n \u0111i\u1ec1u ch\u1ec9nh \u00e1nh s\u00e1ng theo \u00fd mu\u1ed1n v\u00e0 t\u1ea1o hi\u1ec7u \u1ee9ng \u0111\u1ed9ng th\u00fa v\u1ecb.<\/span><\/p>\n<p style=\"text-align: justify;\"><span style=\"font-size: 14pt;\">V\u1edbi c\u1ea5p \u0111\u1ed9 k\u00edn IP65, \u0111\u00e8n c\u00f3 kh\u1ea3 n\u0103ng ch\u1ed1ng n\u01b0\u1edbc v\u00e0 b\u1ee5i, gi\u00fap b\u1ea3o v\u1ec7 ho\u1ea1t \u0111\u1ed9ng c\u1ee7a n\u00f3 trong m\u00f4i tr\u01b0\u1eddng kh\u1eafc nhi\u1ec7t v\u00e0 b\u1ee5i b\u1ea9n.<\/span><\/p>\n<p style=\"text-align: justify;\"><span style=\"font-size: 14pt;\">K\u00edch th\u01b0\u1edbc c\u1ee7a \u0111\u00e8n LED VL-O32\/O50A l\u00e0 \u00d832*43 mm v\u00e0 \u00d850*63 mm, nh\u1ecf g\u1ecdn v\u00e0 d\u1ec5 d\u00e0ng l\u1eafp \u0111\u1eb7t trong c\u00e1c kh\u00f4ng gian h\u1ea1n ch\u1ebf.<\/span><\/p>\n<p style=\"text-align: justify;\"><span style=\"font-size: 14pt;\">Tu\u1ed5i th\u1ecd c\u1ee7a \u0111\u00e8n LED n\u00e0y l\u00ean \u0111\u1ebfn 50.000 gi\u1edd, \u0111\u1ea3m b\u1ea3o s\u1ef1 \u1ed5n \u0111\u1ecbnh v\u00e0 \u0111\u1ed9 tin c\u1eady trong su\u1ed1t qu\u00e1 tr\u00ecnh s\u1eed d\u1ee5ng.<\/span><\/p>\n<p style=\"text-align: justify;\"><span style=\"font-size: 14pt;\">V\u1edbi c\u1ea5p ch\u1ed1ng ch\u00e1y 94-V0 v\u00e0 c\u1ea5p c\u00e1ch \u0111i\u1ec7n III, \u0111\u00e8n LED VL-O32\/O50A \u0111\u00e1ng tin c\u1eady v\u00e0 an to\u00e0n cho c\u00e1c \u1ee9ng d\u1ee5ng c\u1ee7a b\u1ea1n.<\/span><\/p>\n<p style=\"text-align: justify;\"><span style=\"font-size: 14pt;\">T\u00f3m l\u1ea1i, \u0111\u00e8n LED \u0111i\u1ec3m VL-O32\/O50A l\u00e0 m\u1ed9t l\u1ef1a ch\u1ecdn tuy\u1ec7t v\u1eddi cho vi\u1ec7c chi\u1ebfu s\u00e1ng m\u1ef9 thu\u1eadt trong c\u00e1c c\u00f4ng tr\u00ecnh ki\u1ebfn tr\u00fac, kh\u00e1ch s\u1ea1n, trung t\u00e2m th\u01b0\u01a1ng m\u1ea1i v\u00e0 trang tr\u00ed c\u00e1c c\u00f4ng vi\u00ean. V\u1edbi thi\u1ebft k\u1ebf \u0111\u1eb9p m\u1eaft, t\u00ednh n\u0103ng b\u1ec1n b\u1ec9 v\u00e0 kh\u1ea3 n\u0103ng ch\u1ed1ng ch\u1ecbu cao, \u0111\u00e8n n\u00e0y s\u1ebd mang \u0111\u1ebfn \u00e1nh s\u00e1ng tuy\u1ec7t v\u1eddi v\u00e0 t\u1ea1o \u0111i\u1ec3m nh\u1ea5n th\u1ea9m m\u1ef9 cho kh\u00f4ng gian c\u1ee7a b\u1ea1n.<\/span><\/p>\n<p style=\"text-align: justify;\"><span style=\"font-size: 14pt;\"><img decoding=\"async\" class=\"aligncenter wp-image-1285 size-full lazyload\" data-src=\"https:\/\/vilight.vn\/website\/wp-content\/uploads\/2021\/06\/O32-O50.jpg\" alt=\"\u0110\u00e8n led \u0111i\u1ec3m VL-O32\/O50A\" width=\"1200\" height=\"1292\" data-srcset=\"https:\/\/vilight.vn\/website\/wp-content\/uploads\/2021\/06\/O32-O50.jpg 1200w, https:\/\/vilight.vn\/website\/wp-content\/uploads\/2021\/06\/O32-O50-800x861.jpg 800w, https:\/\/vilight.vn\/website\/wp-content\/uploads\/2021\/06\/O32-O50-279x300.jpg 279w, https:\/\/vilight.vn\/website\/wp-content\/uploads\/2021\/06\/O32-O50-951x1024.jpg 951w, https:\/\/vilight.vn\/website\/wp-content\/uploads\/2021\/06\/O32-O50-768x827.jpg 768w, https:\/\/vilight.vn\/website\/wp-content\/uploads\/2021\/06\/O32-O50-11x12.jpg 11w, https:\/\/vilight.vn\/website\/wp-content\/uploads\/2021\/06\/O32-O50-136x146.jpg 136w, https:\/\/vilight.vn\/website\/wp-content\/uploads\/2021\/06\/O32-O50-46x50.jpg 46w, https:\/\/vilight.vn\/website\/wp-content\/uploads\/2021\/06\/O32-O50-70x75.jpg 70w, https:\/\/vilight.vn\/website\/wp-content\/uploads\/2021\/06\/O32-O50-600x646.jpg 600w, https:\/\/vilight.vn\/website\/wp-content\/uploads\/2021\/06\/O32-O50-64x69.jpg 64w\" data-sizes=\"(max-width:767px) 480px, (max-width:1200px) 100vw, 1200px\" src=\"data:image\/svg+xml;base64,PHN2ZyB3aWR0aD0iMSIgaGVpZ2h0PSIxIiB4bWxucz0iaHR0cDovL3d3dy53My5vcmcvMjAwMC9zdmciPjwvc3ZnPg==\" style=\"--smush-placeholder-width: 1200px; --smush-placeholder-aspect-ratio: 1200\/1292;\" \/><\/span><\/p>\n<p style=\"text-align: justify;\">\n","protected":false},"excerpt":{"rendered":"<p style=\"text-align: justify;\"><span style=\"font-size: 14pt;\">\u0110\u00e8n LED 3D Pixel Ball VL-O32\/O50A &#8211; S\u1ef1 k\u1ebft h\u1ee3p ho\u00e0n h\u1ea3o gi\u1eefa th\u1ea9m m\u1ef9 v\u00e0 \u0111\u1ed9 b\u1ec1n. V\u1edbi thi\u1ebft k\u1ebf hi\u1ec7n \u0111\u1ea1i, kh\u1ea3 n\u0103ng ch\u1ed1ng th\u1eddi ti\u1ebft v\u00e0 \u00e1nh s\u00e1ng phong ph\u00fa, s\u1ea3n ph\u1ea9m n\u00e0y l\u00e0 l\u1ef1a ch\u1ecdn ho\u00e0n h\u1ea3o cho trang tr\u00ed c\u00f4ng tr\u00ecnh ki\u1ebfn tr\u00fac, kh\u00e1ch s\u1ea1n v\u00e0 trung t\u00e2m th\u01b0\u01a1ng m\u1ea1i.<\/span><\/p>\n","protected":false},"featured_media":1286,"template":"","meta":[],"product_brand":[],"product_cat":[173,78,77],"product_tag":[490],"class_list":{"0":"post-1284","1":"product","2":"type-product","3":"status-publish","4":"has-post-thumbnail","6":"product_cat-3d-ball","7":"product_cat-den-diem-led-dot","8":"product_cat-den-led-pixel","9":"product_tag-den-led-diem-vl-o32-o50a","10":"pa_chip-led-cree","11":"pa_chip-led-epistar","12":"pa_chip-led-oram","13":"pa_chuan-dieu-khien-dmx","14":"pa_chuan-dieu-khien-ttl","15":"pa_cong-suat-1-5w","16":"pa_dien-ap-hoat-dong-24vdc","17":"pa_do-kin-ip65","18":"pa_goc-chieu-360-do","19":"pa_gray-level-256-65536","20":"pa_kich-thuoc-o3243-mm","21":"pa_kich-thuoc-o5063-mm","23":"first","24":"instock","25":"taxable","26":"shipping-taxable","27":"product-type-simple"},"yoast_head":"<!-- This site is optimized with the Yoast SEO Premium plugin v27.4 (Yoast SEO v27.4) - https:\/\/yoast.com\/product\/yoast-seo-premium-wordpress\/ -->\n<title>\u0110\u00e8n LED \u0111i\u1ec3m VL-O32\/O50A - \u0110\u00e8n LED 3D Pixel Ball - Vilight Co.ltd<\/title>\n<meta name=\"description\" content=\"\u0110\u00e8n LED \u0111i\u1ec3m VL-O32\/O50A l\u00e0 m\u1eabu LED 3D Pixel Ball RGB. S\u1ea3n ph\u1ea9m \u0111\u01b0\u1ee3c l\u00e0m t\u1eeb nh\u1ef1a PU c\u00f3 \u0111\u1ed9 ch\u1ed1ng va \u0111\u1eadp cao, ch\u1ecbu \u0111\u01b0\u1ee3c th\u1eddi ti\u1ebft kh\u1eafc nghi\u1ec7t.\" \/>\n<meta name=\"robots\" content=\"index, follow, max-snippet:-1, max-image-preview:large, max-video-preview:-1\" \/>\n<link rel=\"canonical\" href=\"https:\/\/vilight.vn\/website\/san-pham\/den-led-pixel\/den-diem-led-dot\/3d-ball\/den-led-diem-vl-o32-o50a\/\" \/>\n<meta property=\"og:locale\" content=\"vi_VN\" \/>\n<meta property=\"og:type\" content=\"article\" \/>\n<meta property=\"og:title\" content=\"\u0110\u00e8n LED \u0111i\u1ec3m VL-O32\/O50A\" \/>\n<meta property=\"og:description\" content=\"\u0110\u00e8n LED 3D Pixel Ball VL-O32\/O50A - S\u1ef1 k\u1ebft h\u1ee3p ho\u00e0n h\u1ea3o gi\u1eefa th\u1ea9m m\u1ef9 v\u00e0 \u0111\u1ed9 b\u1ec1n. V\u1edbi thi\u1ebft k\u1ebf hi\u1ec7n \u0111\u1ea1i, kh\u1ea3 n\u0103ng ch\u1ed1ng th\u1eddi ti\u1ebft v\u00e0 \u00e1nh s\u00e1ng phong ph\u00fa, s\u1ea3n ph\u1ea9m n\u00e0y l\u00e0 l\u1ef1a ch\u1ecdn ho\u00e0n h\u1ea3o cho trang tr\u00ed c\u00f4ng tr\u00ecnh ki\u1ebfn tr\u00fac, kh\u00e1ch s\u1ea1n v\u00e0 trung t\u00e2m th\u01b0\u01a1ng m\u1ea1i.\" \/>\n<meta property=\"og:url\" content=\"https:\/\/vilight.vn\/website\/san-pham\/den-led-pixel\/den-diem-led-dot\/3d-ball\/den-led-diem-vl-o32-o50a\/\" \/>\n<meta property=\"og:site_name\" content=\"Vilight Co.ltd\" \/>\n<meta property=\"article:publisher\" content=\"http:\/\/facebook.com\/vilight.vn\" \/>\n<meta property=\"article:modified_time\" content=\"2024-10-01T09:48:31+00:00\" \/>\n<meta property=\"og:image\" content=\"https:\/\/vilight.vn\/website\/wp-content\/uploads\/2021\/06\/O32-O50-Logo.jpg\" \/>\n\t<meta property=\"og:image:width\" content=\"600\" \/>\n\t<meta property=\"og:image:height\" content=\"600\" \/>\n\t<meta property=\"og:image:type\" content=\"image\/jpeg\" \/>\n<meta name=\"twitter:card\" content=\"summary_large_image\" \/>\n<meta name=\"twitter:label1\" content=\"Gi\u00e1\" \/>\n\t<meta name=\"twitter:data1\" content=\"\" \/>\n\t<meta name=\"twitter:label2\" content=\"Kh\u1ea3 d\u1ee5ng\" \/>\n\t<meta name=\"twitter:data2\" content=\"Trong kho\" \/>\n<script type=\"application\/ld+json\" class=\"yoast-schema-graph\">{\"@context\":\"https:\\\/\\\/schema.org\",\"@graph\":[{\"@type\":\"WebPage\",\"@id\":\"https:\\\/\\\/vilight.vn\\\/website\\\/san-pham\\\/den-led-pixel\\\/den-diem-led-dot\\\/3d-ball\\\/den-led-diem-vl-o32-o50a\\\/\",\"url\":\"https:\\\/\\\/vilight.vn\\\/website\\\/san-pham\\\/den-led-pixel\\\/den-diem-led-dot\\\/3d-ball\\\/den-led-diem-vl-o32-o50a\\\/\",\"name\":\"\u0110\u00e8n LED \u0111i\u1ec3m VL-O32\\\/O50A - \u0110\u00e8n LED 3D Pixel Ball - Vilight Co.ltd\",\"isPartOf\":{\"@id\":\"https:\\\/\\\/vilight.vn\\\/website\\\/#website\"},\"primaryImageOfPage\":{\"@id\":\"https:\\\/\\\/vilight.vn\\\/website\\\/san-pham\\\/den-led-pixel\\\/den-diem-led-dot\\\/3d-ball\\\/den-led-diem-vl-o32-o50a\\\/#primaryimage\"},\"image\":{\"@id\":\"https:\\\/\\\/vilight.vn\\\/website\\\/san-pham\\\/den-led-pixel\\\/den-diem-led-dot\\\/3d-ball\\\/den-led-diem-vl-o32-o50a\\\/#primaryimage\"},\"thumbnailUrl\":\"https:\\\/\\\/vilight.vn\\\/website\\\/wp-content\\\/uploads\\\/2021\\\/06\\\/O32-O50-Logo.jpg\",\"datePublished\":\"2021-06-26T03:03:45+00:00\",\"dateModified\":\"2024-10-01T09:48:31+00:00\",\"description\":\"\u0110\u00e8n LED \u0111i\u1ec3m VL-O32\\\/O50A l\u00e0 m\u1eabu LED 3D Pixel Ball RGB. S\u1ea3n ph\u1ea9m \u0111\u01b0\u1ee3c l\u00e0m t\u1eeb nh\u1ef1a PU c\u00f3 \u0111\u1ed9 ch\u1ed1ng va \u0111\u1eadp cao, ch\u1ecbu \u0111\u01b0\u1ee3c th\u1eddi ti\u1ebft kh\u1eafc nghi\u1ec7t.\",\"breadcrumb\":{\"@id\":\"https:\\\/\\\/vilight.vn\\\/website\\\/san-pham\\\/den-led-pixel\\\/den-diem-led-dot\\\/3d-ball\\\/den-led-diem-vl-o32-o50a\\\/#breadcrumb\"},\"inLanguage\":\"vi\",\"potentialAction\":[{\"@type\":\"ReadAction\",\"target\":[\"https:\\\/\\\/vilight.vn\\\/website\\\/san-pham\\\/den-led-pixel\\\/den-diem-led-dot\\\/3d-ball\\\/den-led-diem-vl-o32-o50a\\\/\"]}]},{\"@type\":\"ImageObject\",\"inLanguage\":\"vi\",\"@id\":\"https:\\\/\\\/vilight.vn\\\/website\\\/san-pham\\\/den-led-pixel\\\/den-diem-led-dot\\\/3d-ball\\\/den-led-diem-vl-o32-o50a\\\/#primaryimage\",\"url\":\"https:\\\/\\\/vilight.vn\\\/website\\\/wp-content\\\/uploads\\\/2021\\\/06\\\/O32-O50-Logo.jpg\",\"contentUrl\":\"https:\\\/\\\/vilight.vn\\\/website\\\/wp-content\\\/uploads\\\/2021\\\/06\\\/O32-O50-Logo.jpg\",\"width\":600,\"height\":600},{\"@type\":\"BreadcrumbList\",\"@id\":\"https:\\\/\\\/vilight.vn\\\/website\\\/san-pham\\\/den-led-pixel\\\/den-diem-led-dot\\\/3d-ball\\\/den-led-diem-vl-o32-o50a\\\/#breadcrumb\",\"itemListElement\":[{\"@type\":\"ListItem\",\"position\":1,\"name\":\"Home\",\"item\":\"https:\\\/\\\/vilight.vn\\\/website\\\/\"},{\"@type\":\"ListItem\",\"position\":2,\"name\":\"store\",\"item\":\"https:\\\/\\\/vilight.vn\\\/website\\\/store\\\/\"},{\"@type\":\"ListItem\",\"position\":3,\"name\":\"\u0110\u00e8n LED \u0111i\u1ec3m VL-O32\\\/O50A\"}]},{\"@type\":\"WebSite\",\"@id\":\"https:\\\/\\\/vilight.vn\\\/website\\\/#website\",\"url\":\"https:\\\/\\\/vilight.vn\\\/website\\\/\",\"name\":\"Vilight Co.ltd\",\"description\":\"Chi\u1ebfu s\u00e1ng m\u1ef9 thu\u1eadt, chi\u1ebfu s\u00e1ng th\u00f4ng minh, LED Pixel 3D, chi\u1ebfu s\u00e1ng trang tr\u00ed \u0111\u00f4 th\u1ecb, chi\u1ebfu s\u00e1ng v\u00f2ng xoay, chi\u1ebfu s\u00e1ng \u0111\u1ea3o giao th\u00f4ng, c\u1ed5ng ch\u00e0o \u0111\u00f4 th\u1ecb\",\"publisher\":{\"@id\":\"https:\\\/\\\/vilight.vn\\\/website\\\/#organization\"},\"potentialAction\":[{\"@type\":\"SearchAction\",\"target\":{\"@type\":\"EntryPoint\",\"urlTemplate\":\"https:\\\/\\\/vilight.vn\\\/website\\\/?s={search_term_string}\"},\"query-input\":{\"@type\":\"PropertyValueSpecification\",\"valueRequired\":true,\"valueName\":\"search_term_string\"}}],\"inLanguage\":\"vi\"},{\"@type\":\"Organization\",\"@id\":\"https:\\\/\\\/vilight.vn\\\/website\\\/#organization\",\"name\":\"Vilight\",\"url\":\"https:\\\/\\\/vilight.vn\\\/website\\\/\",\"logo\":{\"@type\":\"ImageObject\",\"inLanguage\":\"vi\",\"@id\":\"https:\\\/\\\/vilight.vn\\\/website\\\/#\\\/schema\\\/logo\\\/image\\\/\",\"url\":\"https:\\\/\\\/vilight.vn\\\/website\\\/wp-content\\\/uploads\\\/2022\\\/05\\\/chieu_sang_trang_tri_do_thi_bang_den_led_pixel.png\",\"contentUrl\":\"https:\\\/\\\/vilight.vn\\\/website\\\/wp-content\\\/uploads\\\/2022\\\/05\\\/chieu_sang_trang_tri_do_thi_bang_den_led_pixel.png\",\"width\":800,\"height\":427,\"caption\":\"Vilight\"},\"image\":{\"@id\":\"https:\\\/\\\/vilight.vn\\\/website\\\/#\\\/schema\\\/logo\\\/image\\\/\"},\"sameAs\":[\"http:\\\/\\\/facebook.com\\\/vilight.vn\",\"https:\\\/\\\/www.linkedin.com\\\/company\\\/vilight-vn\",\"https:\\\/\\\/www.youtube.com\\\/channel\\\/UCEwR2naeDcuarMX1kSv_rLQ\\\/videos\"]}]}<\/script>\n<meta property=\"product:brand\" content=\"3D Crystall Ball\" \/>\n<meta property=\"product:price:currency\" content=\"VND\" \/>\n<meta property=\"og:availability\" content=\"instock\" \/>\n<meta property=\"product:availability\" content=\"instock\" \/>\n<meta property=\"product:condition\" content=\"new\" \/>\n<!-- \/ Yoast SEO Premium plugin. -->","yoast_head_json":{"title":"\u0110\u00e8n LED \u0111i\u1ec3m VL-O32\/O50A - \u0110\u00e8n LED 3D Pixel Ball - Vilight Co.ltd","description":"\u0110\u00e8n LED \u0111i\u1ec3m VL-O32\/O50A l\u00e0 m\u1eabu LED 3D Pixel Ball RGB. S\u1ea3n ph\u1ea9m \u0111\u01b0\u1ee3c l\u00e0m t\u1eeb nh\u1ef1a PU c\u00f3 \u0111\u1ed9 ch\u1ed1ng va \u0111\u1eadp cao, ch\u1ecbu \u0111\u01b0\u1ee3c th\u1eddi ti\u1ebft kh\u1eafc nghi\u1ec7t.","robots":{"index":"index","follow":"follow","max-snippet":"max-snippet:-1","max-image-preview":"max-image-preview:large","max-video-preview":"max-video-preview:-1"},"canonical":"https:\/\/vilight.vn\/website\/san-pham\/den-led-pixel\/den-diem-led-dot\/3d-ball\/den-led-diem-vl-o32-o50a\/","og_locale":"vi_VN","og_type":"article","og_title":"\u0110\u00e8n LED \u0111i\u1ec3m VL-O32\/O50A","og_description":"\u0110\u00e8n LED 3D Pixel Ball VL-O32\/O50A - S\u1ef1 k\u1ebft h\u1ee3p ho\u00e0n h\u1ea3o gi\u1eefa th\u1ea9m m\u1ef9 v\u00e0 \u0111\u1ed9 b\u1ec1n. V\u1edbi thi\u1ebft k\u1ebf hi\u1ec7n \u0111\u1ea1i, kh\u1ea3 n\u0103ng ch\u1ed1ng th\u1eddi ti\u1ebft v\u00e0 \u00e1nh s\u00e1ng phong ph\u00fa, s\u1ea3n ph\u1ea9m n\u00e0y l\u00e0 l\u1ef1a ch\u1ecdn ho\u00e0n h\u1ea3o cho trang tr\u00ed c\u00f4ng tr\u00ecnh ki\u1ebfn tr\u00fac, kh\u00e1ch s\u1ea1n v\u00e0 trung t\u00e2m th\u01b0\u01a1ng m\u1ea1i.","og_url":"https:\/\/vilight.vn\/website\/san-pham\/den-led-pixel\/den-diem-led-dot\/3d-ball\/den-led-diem-vl-o32-o50a\/","og_site_name":"Vilight Co.ltd","article_publisher":"http:\/\/facebook.com\/vilight.vn","article_modified_time":"2024-10-01T09:48:31+00:00","og_image":[{"width":600,"height":600,"url":"https:\/\/vilight.vn\/website\/wp-content\/uploads\/2021\/06\/O32-O50-Logo.jpg","type":"image\/jpeg"}],"twitter_card":"summary_large_image","twitter_misc":{"Gi\u00e1":"","Kh\u1ea3 d\u1ee5ng":"Trong kho"},"schema":{"@context":"https:\/\/schema.org","@graph":[{"@type":"WebPage","@id":"https:\/\/vilight.vn\/website\/san-pham\/den-led-pixel\/den-diem-led-dot\/3d-ball\/den-led-diem-vl-o32-o50a\/","url":"https:\/\/vilight.vn\/website\/san-pham\/den-led-pixel\/den-diem-led-dot\/3d-ball\/den-led-diem-vl-o32-o50a\/","name":"\u0110\u00e8n LED \u0111i\u1ec3m VL-O32\/O50A - \u0110\u00e8n LED 3D Pixel Ball - Vilight Co.ltd","isPartOf":{"@id":"https:\/\/vilight.vn\/website\/#website"},"primaryImageOfPage":{"@id":"https:\/\/vilight.vn\/website\/san-pham\/den-led-pixel\/den-diem-led-dot\/3d-ball\/den-led-diem-vl-o32-o50a\/#primaryimage"},"image":{"@id":"https:\/\/vilight.vn\/website\/san-pham\/den-led-pixel\/den-diem-led-dot\/3d-ball\/den-led-diem-vl-o32-o50a\/#primaryimage"},"thumbnailUrl":"https:\/\/vilight.vn\/website\/wp-content\/uploads\/2021\/06\/O32-O50-Logo.jpg","datePublished":"2021-06-26T03:03:45+00:00","dateModified":"2024-10-01T09:48:31+00:00","description":"\u0110\u00e8n LED \u0111i\u1ec3m VL-O32\/O50A l\u00e0 m\u1eabu LED 3D Pixel Ball RGB. S\u1ea3n ph\u1ea9m \u0111\u01b0\u1ee3c l\u00e0m t\u1eeb nh\u1ef1a PU c\u00f3 \u0111\u1ed9 ch\u1ed1ng va \u0111\u1eadp cao, ch\u1ecbu \u0111\u01b0\u1ee3c th\u1eddi ti\u1ebft kh\u1eafc nghi\u1ec7t.","breadcrumb":{"@id":"https:\/\/vilight.vn\/website\/san-pham\/den-led-pixel\/den-diem-led-dot\/3d-ball\/den-led-diem-vl-o32-o50a\/#breadcrumb"},"inLanguage":"vi","potentialAction":[{"@type":"ReadAction","target":["https:\/\/vilight.vn\/website\/san-pham\/den-led-pixel\/den-diem-led-dot\/3d-ball\/den-led-diem-vl-o32-o50a\/"]}]},{"@type":"ImageObject","inLanguage":"vi","@id":"https:\/\/vilight.vn\/website\/san-pham\/den-led-pixel\/den-diem-led-dot\/3d-ball\/den-led-diem-vl-o32-o50a\/#primaryimage","url":"https:\/\/vilight.vn\/website\/wp-content\/uploads\/2021\/06\/O32-O50-Logo.jpg","contentUrl":"https:\/\/vilight.vn\/website\/wp-content\/uploads\/2021\/06\/O32-O50-Logo.jpg","width":600,"height":600},{"@type":"BreadcrumbList","@id":"https:\/\/vilight.vn\/website\/san-pham\/den-led-pixel\/den-diem-led-dot\/3d-ball\/den-led-diem-vl-o32-o50a\/#breadcrumb","itemListElement":[{"@type":"ListItem","position":1,"name":"Home","item":"https:\/\/vilight.vn\/website\/"},{"@type":"ListItem","position":2,"name":"store","item":"https:\/\/vilight.vn\/website\/store\/"},{"@type":"ListItem","position":3,"name":"\u0110\u00e8n LED \u0111i\u1ec3m VL-O32\/O50A"}]},{"@type":"WebSite","@id":"https:\/\/vilight.vn\/website\/#website","url":"https:\/\/vilight.vn\/website\/","name":"Vilight Co.ltd","description":"Chi\u1ebfu s\u00e1ng m\u1ef9 thu\u1eadt, chi\u1ebfu s\u00e1ng th\u00f4ng minh, LED Pixel 3D, chi\u1ebfu s\u00e1ng trang tr\u00ed \u0111\u00f4 th\u1ecb, chi\u1ebfu s\u00e1ng v\u00f2ng xoay, chi\u1ebfu s\u00e1ng \u0111\u1ea3o giao th\u00f4ng, c\u1ed5ng ch\u00e0o \u0111\u00f4 th\u1ecb","publisher":{"@id":"https:\/\/vilight.vn\/website\/#organization"},"potentialAction":[{"@type":"SearchAction","target":{"@type":"EntryPoint","urlTemplate":"https:\/\/vilight.vn\/website\/?s={search_term_string}"},"query-input":{"@type":"PropertyValueSpecification","valueRequired":true,"valueName":"search_term_string"}}],"inLanguage":"vi"},{"@type":"Organization","@id":"https:\/\/vilight.vn\/website\/#organization","name":"Vilight","url":"https:\/\/vilight.vn\/website\/","logo":{"@type":"ImageObject","inLanguage":"vi","@id":"https:\/\/vilight.vn\/website\/#\/schema\/logo\/image\/","url":"https:\/\/vilight.vn\/website\/wp-content\/uploads\/2022\/05\/chieu_sang_trang_tri_do_thi_bang_den_led_pixel.png","contentUrl":"https:\/\/vilight.vn\/website\/wp-content\/uploads\/2022\/05\/chieu_sang_trang_tri_do_thi_bang_den_led_pixel.png","width":800,"height":427,"caption":"Vilight"},"image":{"@id":"https:\/\/vilight.vn\/website\/#\/schema\/logo\/image\/"},"sameAs":["http:\/\/facebook.com\/vilight.vn","https:\/\/www.linkedin.com\/company\/vilight-vn","https:\/\/www.youtube.com\/channel\/UCEwR2naeDcuarMX1kSv_rLQ\/videos"]}]},"product_brand":"3D Crystall Ball","product_price_currency":"VND","og_availability":"instock","product_availability":"instock","product_condition":"new"},"_links":{"self":[{"href":"https:\/\/vilight.vn\/website\/wp-json\/wp\/v2\/product\/1284","targetHints":{"allow":["GET"]}}],"collection":[{"href":"https:\/\/vilight.vn\/website\/wp-json\/wp\/v2\/product"}],"about":[{"href":"https:\/\/vilight.vn\/website\/wp-json\/wp\/v2\/types\/product"}],"wp:featuredmedia":[{"embeddable":true,"href":"https:\/\/vilight.vn\/website\/wp-json\/wp\/v2\/media\/1286"}],"wp:attachment":[{"href":"https:\/\/vilight.vn\/website\/wp-json\/wp\/v2\/media?parent=1284"}],"wp:term":[{"taxonomy":"product_brand","embeddable":true,"href":"https:\/\/vilight.vn\/website\/wp-json\/wp\/v2\/product_brand?post=1284"},{"taxonomy":"product_cat","embeddable":true,"href":"https:\/\/vilight.vn\/website\/wp-json\/wp\/v2\/product_cat?post=1284"},{"taxonomy":"product_tag","embeddable":true,"href":"https:\/\/vilight.vn\/website\/wp-json\/wp\/v2\/product_tag?post=1284"}],"curies":[{"name":"wp","href":"https:\/\/api.w.org\/{rel}","templated":true}]}}