{"id":1368,"date":"2021-06-27T10:49:16","date_gmt":"2021-06-27T03:49:16","guid":{"rendered":"https:\/\/vilight.vn\/website\/?post_type=product&#038;p=1368"},"modified":"2024-10-01T15:52:46","modified_gmt":"2024-10-01T08:52:46","slug":"den-led-thanh-vl-xt05","status":"publish","type":"product","link":"https:\/\/vilight.vn\/website\/san-pham\/den-led-pixel\/led-thanh\/xt-series\/den-led-thanh-vl-xt05\/","title":{"rendered":"\u0110\u00e8n LED thanh VL-XT05"},"content":{"rendered":"<h2 style=\"text-align: justify;\"><span style=\"font-size: 18pt;\">Gi\u1edbi thi\u1ec7u \u0110\u00e8n Led thanh VL-XT05: S\u1ef1 s\u00e1ng t\u1ea1o tuy\u1ec7t v\u1eddi trong t\u1eebng chi ti\u1ebft<\/span><\/h2>\n<p style=\"text-align: justify;\"><span style=\"font-size: 14pt;\">\u0110\u00e8n Led thanh VL-XT05 l\u00e0 m\u1ed9t gi\u1ea3i ph\u00e1p chi\u1ebfu s\u00e1ng hi\u1ec7n \u0111\u1ea1i \u0111\u01b0\u1ee3c thi\u1ebft k\u1ebf \u0111\u1ec3 mang \u0111\u1ebfn \u00e1nh s\u00e1ng r\u1ef1c r\u1ee1 v\u00e0 linh ho\u1ea1t cho nhi\u1ec1u \u1ee9ng d\u1ee5ng kh\u00e1c nhau. V\u1edbi nh\u1eefng t\u00ednh n\u0103ng \u0111\u1eb7c bi\u1ec7t v\u00e0 c\u00e1c th\u00e0nh ph\u1ea7n ch\u1ea5t l\u01b0\u1ee3ng cao, \u0111\u00e8n Led thanh n\u00e0y l\u00e0 l\u1ef1a ch\u1ecdn ho\u00e0n h\u1ea3o cho c\u1ea3 c\u00f4ng tr\u00ecnh chuy\u00ean nghi\u1ec7p v\u00e0 d\u00e2n d\u1ee5ng.<\/span><\/p>\n<p style=\"text-align: justify;\"><span style=\"font-size: 14pt;\">\u1ede tr\u00e1i tim c\u1ee7a VL-XT05 l\u00e0 c\u00f4ng ngh\u1ec7 ch\u00edp LED ti\u00ean ti\u1ebfn, c\u00f3 s\u1eb5n trong ba t\u00f9y ch\u1ecdn danh ti\u1ebfng: CREE, Epistar v\u00e0 Osram. C\u00e1c nh\u00e0 s\u1ea3n xu\u1ea5t ch\u00edp LED danh ti\u1ebfng n\u00e0y \u0111\u1ea3m b\u1ea3o \u0111\u1ed9 s\u00e1ng v\u01b0\u1ee3t tr\u1ed9i, \u0111\u1ed9 ch\u00ednh x\u00e1c m\u00e0u s\u1eafc v\u00e0 hi\u1ec7u su\u1ea5t n\u0103ng l\u01b0\u1ee3ng cao, gi\u00fap VL-XT05 tr\u1edf th\u00e0nh m\u1ed9t gi\u1ea3i ph\u00e1p chi\u1ebfu s\u00e1ng \u0111\u00e1ng tin c\u1eady cho m\u1ecdi d\u1ef1 \u00e1n.<\/span><\/p>\n<p style=\"text-align: justify;\"><span style=\"font-size: 14pt;\">VL-XT05 cung c\u1ea5p c\u00e1c t\u00f9y ch\u1ecdn \u0111i\u1ec1u khi\u1ec3n linh ho\u1ea1t \u0111\u1ec3 ph\u00f9 h\u1ee3p v\u1edbi c\u00e1c y\u00eau c\u1ea7u chi\u1ebfu s\u00e1ng kh\u00e1c nhau. Cho d\u00f9 b\u1ea1n th\u00edch \u0111i\u1ec1u khi\u1ec3n DMX, TTL hay \u0111\u01a1n gi\u1ea3n l\u00e0 ON-OFF, \u0111\u00e8n Led thanh n\u00e0y c\u00f3 th\u1ec3 t\u00edch h\u1ee3p d\u1ec5 d\u00e0ng v\u00e0o b\u1ea5t k\u1ef3 b\u1ed1 tr\u00ed chi\u1ebfu s\u00e1ng n\u00e0o. \u0110\u1ed9 linh ho\u1ea1t c\u1ee7a n\u00f3 cho ph\u00e9p b\u1ea1n t\u1ea1o ra hi\u1ec7u \u1ee9ng chi\u1ebfu s\u00e1ng tuy\u1ec7t \u0111\u1eb9p m\u1ed9t c\u00e1ch d\u1ec5 d\u00e0ng, l\u00e0m cho n\u00f3 l\u00fd t\u01b0\u1edfng cho chi\u1ebfu s\u00e1ng ki\u1ebfn tr\u00fac, bi\u1ec3u di\u1ec5n s\u00e2n kh\u1ea5u ho\u1eb7c c\u00e1c c\u00e0i \u0111\u1eb7t s\u00e1ng t\u1ea1o.<\/span><\/p>\n<p style=\"text-align: justify;\"><span style=\"font-size: 14pt;\">V\u1edbi c\u00e1c t\u00f9y ch\u1ecdn c\u00f4ng su\u1ea5t 12W, 15W v\u00e0 9W, VL-XT05 cung c\u1ea5p m\u1ed9t lo\u1ea1t c\u00e1c m\u1ee9c \u0111\u1ed9 \u0111\u1ea7u ra \u0111\u1ec3 ph\u00f9 h\u1ee3p v\u1edbi \u0111\u1ed9 s\u00e1ng mong mu\u1ed1n c\u1ee7a b\u1ea1n. Cho d\u00f9 b\u1ea1n c\u1ea7n \u00e1nh s\u00e1ng nh\u1ea5n nh\u00e1 tinh t\u1ebf hay hi\u1ec7u \u1ee9ng \u0111\u00e8n chi\u1ebfu m\u1ea1nh m\u1ebd, \u0111\u00e8n Led thanh n\u00e0y c\u00f3 th\u1ec3 \u0111\u01b0\u1ee3c \u0111i\u1ec1u ch\u1ec9nh \u0111\u1ec3 \u0111\u00e1p \u1ee9ng nhu c\u1ea7u c\u1ee5 th\u1ec3 c\u1ee7a b\u1ea1n.<\/span><\/p>\n<p style=\"text-align: justify;\"><span style=\"font-size: 14pt;\">V\u1eadn h\u00e0nh \u1edf \u0111i\u1ec7n \u00e1p 24VDC ho\u1eb7c 48VDC, VL-XT05 \u0111\u1ea3m b\u1ea3o hi\u1ec7u su\u1ea5t ti\u1ebft ki\u1ec7m n\u0103ng l\u01b0\u1ee3ng trong khi duy tr\u00ec \u0111i\u1ec7n \u00e1p th\u1ea5p \u0111\u1ec3 t\u0103ng c\u01b0\u1eddng an to\u00e0n. Ch\u1ee9ng nh\u1eadn IP67 \u0111\u1ea3m b\u1ea3o b\u1ea3o v\u1ec7 ch\u1ed1ng l\u1ea1i b\u1ee5i v\u00e0 n\u01b0\u1edbc, l\u00e0m cho n\u00f3 ph\u00f9 <\/span><span style=\"font-size: 14pt;\">h\u1ee3p cho c\u1ea3 \u1ee9ng d\u1ee5ng trong nh\u00e0 v\u00e0 ngo\u00e0i tr\u1eddi.<\/span><\/p>\n<p style=\"text-align: justify;\"><span style=\"font-size: 14pt;\">V\u1edbi g\u00f3c chi\u1ebfu r\u1ed9ng \u2265100\u00b0, VL-XT05 cung c\u1ea5p \u00e1nh s\u00e1ng \u0111\u1ed3ng \u0111\u1ec1u tr\u00ean m\u1ed9t di\u1ec7n t\u00edch l\u1edbn. \u0110\u1ed9 ph\u1ee7 r\u1ed9ng n\u00e0y cho ph\u00e9p b\u1ea1n \u0111\u1ea1t \u0111\u01b0\u1ee3c ph\u00e2n ph\u1ed1i \u00e1nh s\u00e1ng \u0111\u1ed3ng \u0111\u1ec1u v\u00e0 lo\u1ea1i b\u1ecf c\u00e1c v\u00f9ng t\u1ed1i, t\u1ea1o ra m\u1ed9t hi\u1ec7u \u1ee9ng chi\u1ebfu s\u00e1ng h\u1ea5p d\u1eabn.<\/span><\/p>\n<p style=\"text-align: justify;\"><span style=\"font-size: 14pt;\">V\u1edbi k\u00edch th\u01b0\u1edbc 31*47*1000 mm, thi\u1ebft k\u1ebf g\u1ecdn nh\u1eb9 v\u00e0 tinh t\u1ebf c\u1ee7a VL-XT05 \u0111\u1ea3m b\u1ea3o vi\u1ec7c l\u1eafp \u0111\u1eb7t v\u00e0 t\u00edch h\u1ee3p d\u1ec5 d\u00e0ng v\u00e0o c\u00e1c kh\u00f4ng gian kh\u00e1c nhau. Cho d\u00f9 b\u1ea1n mu\u1ed1n l\u00e0m n\u1ed5i b\u1eadt c\u00e1c \u0111\u1eb7c tr\u01b0ng ki\u1ebfn tr\u00fac, t\u1ea1o ra hi\u1ec7u \u1ee9ng \u00e1nh s\u00e1ng cu\u1ed1n h\u00fat ho\u1eb7c n\u00e2ng cao b\u1ea7u kh\u00f4ng kh\u00ed c\u1ee7a kh\u00f4ng gian s\u1ed1ng, \u0111\u00e8n Led thanh n\u00e0y cung c\u1ea5p t\u00ednh linh ho\u1ea1t v\u00e0 th\u00edch \u1ee9ng \u0111\u1ec3 bi\u1ebfn \u00fd t\u01b0\u1edfng s\u00e1ng t\u1ea1o c\u1ee7a b\u1ea1n th\u00e0nh hi\u1ec7n th\u1ef1c.<\/span><\/p>\n<p style=\"text-align: justify;\"><span style=\"font-size: 14pt;\">\u0110\u00e8n Led thanh VL-XT05 \u0111\u01b0\u1ee3c trang b\u1ecb m\u1ee9c x\u00e1m 256\/65536, cho ph\u00e9p ki\u1ec3m so\u00e1t ch\u00ednh x\u00e1c \u0111\u1ed9 s\u00e1ng v\u00e0 bi\u1ebfn th\u1ec3 m\u00e0u s\u1eafc. T\u00ednh n\u0103ng n\u00e0y gi\u00fap b\u1ea1n t\u1ea1o ra hi\u1ec7u \u1ee9ng chi\u1ebfu s\u00e1ng h\u1ea5p d\u1eabn v\u00e0 t\u1ea1o ra kh\u00f4ng gian ho\u00e0n h\u1ea3o cho m\u1ecdi d\u1ecbp.<\/span><\/p>\n<p style=\"text-align: justify;\"><span style=\"font-size: 14pt;\">V\u1edbi tu\u1ed5i th\u1ecd \u1ea5n t\u01b0\u1ee3ng l\u00ean \u0111\u1ebfn 50.000 gi\u1edd, VL-XT05 \u0111\u1ea3m b\u1ea3o hi\u1ec7u su\u1ea5t l\u00e2u d\u00e0i v\u00e0 gi\u1ea3m c\u1ea7n thi\u1ebft b\u1ea3o tr\u00ec ho\u1eb7c thay th\u1ebf th\u01b0\u1eddng xuy\u00ean. \u0110\u1ed9 b\u1ec1n n\u00e0y bi\u1ebfn n\u00f3 th\u00e0nh m\u1ed9t gi\u1ea3i ph\u00e1p chi\u1ebfu s\u00e1ng hi\u1ec7u qu\u1ea3 v\u00e0 \u0111\u00e1ng tin c\u1eady, cho ph\u00e9p b\u1ea1n t\u1eadn h\u01b0\u1edfng \u00e1nh s\u00e1ng r\u1ef1c r\u1ee1 trong nhi\u1ec1u n\u0103m t\u1edbi.<\/span><\/p>\n<p style=\"text-align: justify;\"><span style=\"font-size: 14pt;\">An to\u00e0n l\u00e0 m\u1ed1i quan t\u00e2m h\u00e0ng \u0111\u1ea7u, v\u00e0 VL-XT05 \u0111\u01b0\u1ee3c thi\u1ebft k\u1ebf v\u1edbi \u0111i\u1ec1u \u0111\u00f3 trong t\u00e2m tr\u00ed. V\u1edbi ch\u1ec9 s\u1ed1 ch\u1ed1ng ch\u00e1y 94-V0 v\u00e0 c\u1ea5p c\u00e1ch \u0111i\u1ec7n III, \u0111\u00e8n Led thanh n\u00e0y mang l\u1ea1i s\u1ef1 y\u00ean t\u00e2m, bi\u1ebft r\u1eb1ng n\u00f3 tu\u00e2n th\u1ee7 c\u00e1c ti\u00eau chu\u1ea9n an to\u00e0n cao nh\u1ea5t.<\/span><\/p>\n<p style=\"text-align: justify;\"><span style=\"font-size: 14pt;\">T\u00f3m l\u1ea1i, \u0110\u00e8n Led thanh VL-XT05 k\u1ebft h\u1ee3p c\u00f4ng ngh\u1ec7 ti\u00ean ti\u1ebfn, t\u00ednh linh ho\u1ea1t v\u00e0 \u0111\u1ed9 b\u1ec1n \u0111\u1ec3 cung c\u1ea5p gi\u1ea3i ph\u00e1p chi\u1ebfu s\u00e1ng xu\u1ea5t s\u1eafc cho nhi\u1ec1u \u1ee9ng d\u1ee5ng kh\u00e1c nhau. Cho d\u00f9 b\u1ea1n l\u00e0 ki\u1ebfn tr\u00fac s\u01b0, nh\u00e0 thi\u1ebft k\u1ebf \u00e1nh s\u00e1ng hay ch\u1ec9 \u0111\u01a1n gi\u1ea3n <\/span><span style=\"font-size: 14pt;\">mu\u1ed1n n\u00e2ng cao kh\u00f4ng gian s\u1ed1ng c\u1ee7a b\u1ea1n, VL-XT05 cung c\u1ea5p hi\u1ec7u su\u1ea5t v\u00e0 t\u00ednh linh ho\u1ea1t v\u01b0\u1ee3t tr\u1ed9i \u0111\u1ec3 bi\u1ebfn \u00fd t\u01b0\u1edfng s\u00e1ng t\u1ea1o c\u1ee7a b\u1ea1n th\u00e0nh hi\u1ec7n th\u1ef1c.<\/span><\/p>\n<p style=\"text-align: justify;\"><span style=\"font-size: 14pt;\"><a href=\"https:\/\/vilight.vn\/website\/wp-content\/uploads\/2021\/06\/XT05-TT.jpg\"><img decoding=\"async\" class=\"wp-image-1369 aligncenter lazyload\" data-src=\"https:\/\/vilight.vn\/website\/wp-content\/uploads\/2021\/06\/XT05-TT.jpg\" alt=\"\u0110\u00e8n Led thanh VL-XT05\" width=\"1500\" height=\"1333\" data-srcset=\"https:\/\/vilight.vn\/website\/wp-content\/uploads\/2021\/06\/XT05-TT.jpg 1200w, https:\/\/vilight.vn\/website\/wp-content\/uploads\/2021\/06\/XT05-TT-800x711.jpg 800w, https:\/\/vilight.vn\/website\/wp-content\/uploads\/2021\/06\/XT05-TT-300x267.jpg 300w, https:\/\/vilight.vn\/website\/wp-content\/uploads\/2021\/06\/XT05-TT-1024x910.jpg 1024w, https:\/\/vilight.vn\/website\/wp-content\/uploads\/2021\/06\/XT05-TT-768x682.jpg 768w, https:\/\/vilight.vn\/website\/wp-content\/uploads\/2021\/06\/XT05-TT-14x12.jpg 14w, https:\/\/vilight.vn\/website\/wp-content\/uploads\/2021\/06\/XT05-TT-164x146.jpg 164w, https:\/\/vilight.vn\/website\/wp-content\/uploads\/2021\/06\/XT05-TT-50x44.jpg 50w, https:\/\/vilight.vn\/website\/wp-content\/uploads\/2021\/06\/XT05-TT-84x75.jpg 84w, https:\/\/vilight.vn\/website\/wp-content\/uploads\/2021\/06\/XT05-TT-600x533.jpg 600w\" data-sizes=\"(max-width:767px) 480px, (max-width:1500px) 100vw, 1500px\" src=\"data:image\/svg+xml;base64,PHN2ZyB3aWR0aD0iMSIgaGVpZ2h0PSIxIiB4bWxucz0iaHR0cDovL3d3dy53My5vcmcvMjAwMC9zdmciPjwvc3ZnPg==\" style=\"--smush-placeholder-width: 1500px; --smush-placeholder-aspect-ratio: 1500\/1333;\" \/><\/a><\/span><\/p>\n<p>&nbsp;<\/p>\n","protected":false},"excerpt":{"rendered":"<p style=\"text-align: justify;\"><span style=\"font-size: 14pt;\">\u0110\u00e8n LED thanh VL-XT05 &#8211; S\u1ef1 k\u1ebft h\u1ee3p ho\u00e0n h\u1ea3o gi\u1eefa c\u00f4ng ngh\u1ec7 ti\u00ean ti\u1ebfn, \u0111\u1ed9 b\u1ec1n cao v\u00e0 \u00e1nh s\u00e1ng tuy\u1ec7t \u0111\u1eb9p. Mang \u0111\u1ebfn cho b\u1ea1n tr\u1ea3i nghi\u1ec7m chi\u1ebfu s\u00e1ng \u0111a d\u1ea1ng v\u00e0 s\u00e1ng t\u1ea1o trong m\u1ecdi kh\u00f4ng gian.<\/span><\/p>\n","protected":false},"featured_media":1370,"template":"","meta":[],"product_brand":[],"product_cat":[77,189,190],"product_tag":[],"class_list":{"0":"post-1368","1":"product","2":"type-product","3":"status-publish","4":"has-post-thumbnail","6":"product_cat-den-led-pixel","7":"product_cat-led-thanh","8":"product_cat-xt-series","9":"pa_chip-led-cree","10":"pa_chip-led-epistar","11":"pa_chip-led-oram","12":"pa_chuan-dieu-khien-dmx","13":"pa_chuan-dieu-khien-on-off","14":"pa_chuan-dieu-khien-ttl","15":"pa_cong-suat-12w","16":"pa_cong-suat-15w","17":"pa_cong-suat-9w","18":"pa_dien-ap-hoat-dong-24vdc","19":"pa_dien-ap-hoat-dong-48vdc","20":"pa_do-kin-ip67","21":"pa_goc-chieu-218","22":"pa_gray-level-256-65536","23":"pa_kich-thuoc-31471000-mm","25":"first","26":"instock","27":"taxable","28":"shipping-taxable","29":"product-type-simple"},"yoast_head":"<!-- This site is optimized with the Yoast SEO Premium plugin v27.5 (Yoast SEO v27.5) - https:\/\/yoast.com\/product\/yoast-seo-premium-wordpress\/ -->\n<title>\u0110\u00e8n LED thanh VL-XT05 - Vilight Co.ltd<\/title>\n<meta name=\"description\" content=\"\u0110\u00e8n LED thanh VL-XT05 k\u1ebft h\u1ee3p c\u00f4ng ngh\u1ec7 ti\u00ean ti\u1ebfn, t\u00ednh linh ho\u1ea1t v\u00e0 \u0111\u1ed9 b\u1ec1n \u0111\u1ec3 cung c\u1ea5p gi\u1ea3i ph\u00e1p chi\u1ebfu s\u00e1ng xu\u1ea5t s\u1eafc cho nhi\u1ec1u \u1ee9ng d\u1ee5ng kh\u00e1c nhau.\" \/>\n<meta name=\"robots\" content=\"index, follow, max-snippet:-1, max-image-preview:large, max-video-preview:-1\" \/>\n<link rel=\"canonical\" href=\"https:\/\/vilight.vn\/website\/san-pham\/den-led-pixel\/led-thanh\/xt-series\/den-led-thanh-vl-xt05\/\" \/>\n<meta property=\"og:locale\" content=\"vi_VN\" \/>\n<meta property=\"og:type\" content=\"article\" \/>\n<meta property=\"og:title\" content=\"\u0110\u00e8n LED thanh VL-XT05\" \/>\n<meta property=\"og:description\" content=\"\u0110\u00e8n LED thanh VL-XT05 - S\u1ef1 k\u1ebft h\u1ee3p ho\u00e0n h\u1ea3o gi\u1eefa c\u00f4ng ngh\u1ec7 ti\u00ean ti\u1ebfn, \u0111\u1ed9 b\u1ec1n cao v\u00e0 \u00e1nh s\u00e1ng tuy\u1ec7t \u0111\u1eb9p. Mang \u0111\u1ebfn cho b\u1ea1n tr\u1ea3i nghi\u1ec7m chi\u1ebfu s\u00e1ng \u0111a d\u1ea1ng v\u00e0 s\u00e1ng t\u1ea1o trong m\u1ecdi kh\u00f4ng gian.\" \/>\n<meta property=\"og:url\" content=\"https:\/\/vilight.vn\/website\/san-pham\/den-led-pixel\/led-thanh\/xt-series\/den-led-thanh-vl-xt05\/\" \/>\n<meta property=\"og:site_name\" content=\"Vilight Co.ltd\" \/>\n<meta property=\"article:publisher\" content=\"http:\/\/facebook.com\/vilight.vn\" \/>\n<meta property=\"article:modified_time\" content=\"2024-10-01T08:52:46+00:00\" \/>\n<meta property=\"og:image\" content=\"https:\/\/vilight.vn\/website\/wp-content\/uploads\/2021\/06\/XT05-Logo.jpg\" \/>\n\t<meta property=\"og:image:width\" content=\"600\" \/>\n\t<meta property=\"og:image:height\" content=\"600\" \/>\n\t<meta property=\"og:image:type\" content=\"image\/jpeg\" \/>\n<meta name=\"twitter:card\" content=\"summary_large_image\" \/>\n<meta name=\"twitter:label1\" content=\"Gi\u00e1\" \/>\n\t<meta name=\"twitter:data1\" content=\"\" \/>\n\t<meta name=\"twitter:label2\" content=\"Kh\u1ea3 d\u1ee5ng\" \/>\n\t<meta name=\"twitter:data2\" content=\"Trong kho\" \/>\n<script type=\"application\/ld+json\" class=\"yoast-schema-graph\">{\"@context\":\"https:\\\/\\\/schema.org\",\"@graph\":[{\"@type\":\"WebPage\",\"@id\":\"https:\\\/\\\/vilight.vn\\\/website\\\/san-pham\\\/den-led-pixel\\\/led-thanh\\\/xt-series\\\/den-led-thanh-vl-xt05\\\/\",\"url\":\"https:\\\/\\\/vilight.vn\\\/website\\\/san-pham\\\/den-led-pixel\\\/led-thanh\\\/xt-series\\\/den-led-thanh-vl-xt05\\\/\",\"name\":\"\u0110\u00e8n LED thanh VL-XT05 - Vilight Co.ltd\",\"isPartOf\":{\"@id\":\"https:\\\/\\\/vilight.vn\\\/website\\\/#website\"},\"primaryImageOfPage\":{\"@id\":\"https:\\\/\\\/vilight.vn\\\/website\\\/san-pham\\\/den-led-pixel\\\/led-thanh\\\/xt-series\\\/den-led-thanh-vl-xt05\\\/#primaryimage\"},\"image\":{\"@id\":\"https:\\\/\\\/vilight.vn\\\/website\\\/san-pham\\\/den-led-pixel\\\/led-thanh\\\/xt-series\\\/den-led-thanh-vl-xt05\\\/#primaryimage\"},\"thumbnailUrl\":\"https:\\\/\\\/vilight.vn\\\/website\\\/wp-content\\\/uploads\\\/2021\\\/06\\\/XT05-Logo.jpg\",\"datePublished\":\"2021-06-27T03:49:16+00:00\",\"dateModified\":\"2024-10-01T08:52:46+00:00\",\"description\":\"\u0110\u00e8n LED thanh VL-XT05 k\u1ebft h\u1ee3p c\u00f4ng ngh\u1ec7 ti\u00ean ti\u1ebfn, t\u00ednh linh ho\u1ea1t v\u00e0 \u0111\u1ed9 b\u1ec1n \u0111\u1ec3 cung c\u1ea5p gi\u1ea3i ph\u00e1p chi\u1ebfu s\u00e1ng xu\u1ea5t s\u1eafc cho nhi\u1ec1u \u1ee9ng d\u1ee5ng kh\u00e1c nhau.\",\"breadcrumb\":{\"@id\":\"https:\\\/\\\/vilight.vn\\\/website\\\/san-pham\\\/den-led-pixel\\\/led-thanh\\\/xt-series\\\/den-led-thanh-vl-xt05\\\/#breadcrumb\"},\"inLanguage\":\"vi\",\"potentialAction\":[{\"@type\":\"ReadAction\",\"target\":[\"https:\\\/\\\/vilight.vn\\\/website\\\/san-pham\\\/den-led-pixel\\\/led-thanh\\\/xt-series\\\/den-led-thanh-vl-xt05\\\/\"]}]},{\"@type\":\"ImageObject\",\"inLanguage\":\"vi\",\"@id\":\"https:\\\/\\\/vilight.vn\\\/website\\\/san-pham\\\/den-led-pixel\\\/led-thanh\\\/xt-series\\\/den-led-thanh-vl-xt05\\\/#primaryimage\",\"url\":\"https:\\\/\\\/vilight.vn\\\/website\\\/wp-content\\\/uploads\\\/2021\\\/06\\\/XT05-Logo.jpg\",\"contentUrl\":\"https:\\\/\\\/vilight.vn\\\/website\\\/wp-content\\\/uploads\\\/2021\\\/06\\\/XT05-Logo.jpg\",\"width\":600,\"height\":600,\"caption\":\"\u0110\u00e8n Led thanh VL-XT05\"},{\"@type\":\"BreadcrumbList\",\"@id\":\"https:\\\/\\\/vilight.vn\\\/website\\\/san-pham\\\/den-led-pixel\\\/led-thanh\\\/xt-series\\\/den-led-thanh-vl-xt05\\\/#breadcrumb\",\"itemListElement\":[{\"@type\":\"ListItem\",\"position\":1,\"name\":\"Home\",\"item\":\"https:\\\/\\\/vilight.vn\\\/website\\\/\"},{\"@type\":\"ListItem\",\"position\":2,\"name\":\"store\",\"item\":\"https:\\\/\\\/vilight.vn\\\/website\\\/store\\\/\"},{\"@type\":\"ListItem\",\"position\":3,\"name\":\"\u0110\u00e8n LED thanh VL-XT05\"}]},{\"@type\":\"WebSite\",\"@id\":\"https:\\\/\\\/vilight.vn\\\/website\\\/#website\",\"url\":\"https:\\\/\\\/vilight.vn\\\/website\\\/\",\"name\":\"Vilight Co.ltd\",\"description\":\"Chi\u1ebfu s\u00e1ng m\u1ef9 thu\u1eadt, chi\u1ebfu s\u00e1ng th\u00f4ng minh, LED Pixel 3D, chi\u1ebfu s\u00e1ng trang tr\u00ed \u0111\u00f4 th\u1ecb, chi\u1ebfu s\u00e1ng v\u00f2ng xoay, chi\u1ebfu s\u00e1ng \u0111\u1ea3o giao th\u00f4ng, c\u1ed5ng ch\u00e0o \u0111\u00f4 th\u1ecb\",\"publisher\":{\"@id\":\"https:\\\/\\\/vilight.vn\\\/website\\\/#organization\"},\"potentialAction\":[{\"@type\":\"SearchAction\",\"target\":{\"@type\":\"EntryPoint\",\"urlTemplate\":\"https:\\\/\\\/vilight.vn\\\/website\\\/?s={search_term_string}\"},\"query-input\":{\"@type\":\"PropertyValueSpecification\",\"valueRequired\":true,\"valueName\":\"search_term_string\"}}],\"inLanguage\":\"vi\"},{\"@type\":\"Organization\",\"@id\":\"https:\\\/\\\/vilight.vn\\\/website\\\/#organization\",\"name\":\"Vilight\",\"url\":\"https:\\\/\\\/vilight.vn\\\/website\\\/\",\"logo\":{\"@type\":\"ImageObject\",\"inLanguage\":\"vi\",\"@id\":\"https:\\\/\\\/vilight.vn\\\/website\\\/#\\\/schema\\\/logo\\\/image\\\/\",\"url\":\"https:\\\/\\\/vilight.vn\\\/website\\\/wp-content\\\/uploads\\\/2022\\\/05\\\/chieu_sang_trang_tri_do_thi_bang_den_led_pixel.png\",\"contentUrl\":\"https:\\\/\\\/vilight.vn\\\/website\\\/wp-content\\\/uploads\\\/2022\\\/05\\\/chieu_sang_trang_tri_do_thi_bang_den_led_pixel.png\",\"width\":800,\"height\":427,\"caption\":\"Vilight\"},\"image\":{\"@id\":\"https:\\\/\\\/vilight.vn\\\/website\\\/#\\\/schema\\\/logo\\\/image\\\/\"},\"sameAs\":[\"http:\\\/\\\/facebook.com\\\/vilight.vn\",\"https:\\\/\\\/www.linkedin.com\\\/company\\\/vilight-vn\",\"https:\\\/\\\/www.youtube.com\\\/channel\\\/UCEwR2naeDcuarMX1kSv_rLQ\\\/videos\"]}]}<\/script>\n<meta property=\"product:brand\" content=\"XT Series\" \/>\n<meta property=\"product:price:currency\" content=\"VND\" \/>\n<meta property=\"og:availability\" content=\"instock\" \/>\n<meta property=\"product:availability\" content=\"instock\" \/>\n<meta property=\"product:condition\" content=\"new\" \/>\n<!-- \/ Yoast SEO Premium plugin. -->","yoast_head_json":{"title":"\u0110\u00e8n LED thanh VL-XT05 - Vilight Co.ltd","description":"\u0110\u00e8n LED thanh VL-XT05 k\u1ebft h\u1ee3p c\u00f4ng ngh\u1ec7 ti\u00ean ti\u1ebfn, t\u00ednh linh ho\u1ea1t v\u00e0 \u0111\u1ed9 b\u1ec1n \u0111\u1ec3 cung c\u1ea5p gi\u1ea3i ph\u00e1p chi\u1ebfu s\u00e1ng xu\u1ea5t s\u1eafc cho nhi\u1ec1u \u1ee9ng d\u1ee5ng kh\u00e1c nhau.","robots":{"index":"index","follow":"follow","max-snippet":"max-snippet:-1","max-image-preview":"max-image-preview:large","max-video-preview":"max-video-preview:-1"},"canonical":"https:\/\/vilight.vn\/website\/san-pham\/den-led-pixel\/led-thanh\/xt-series\/den-led-thanh-vl-xt05\/","og_locale":"vi_VN","og_type":"article","og_title":"\u0110\u00e8n LED thanh VL-XT05","og_description":"\u0110\u00e8n LED thanh VL-XT05 - S\u1ef1 k\u1ebft h\u1ee3p ho\u00e0n h\u1ea3o gi\u1eefa c\u00f4ng ngh\u1ec7 ti\u00ean ti\u1ebfn, \u0111\u1ed9 b\u1ec1n cao v\u00e0 \u00e1nh s\u00e1ng tuy\u1ec7t \u0111\u1eb9p. Mang \u0111\u1ebfn cho b\u1ea1n tr\u1ea3i nghi\u1ec7m chi\u1ebfu s\u00e1ng \u0111a d\u1ea1ng v\u00e0 s\u00e1ng t\u1ea1o trong m\u1ecdi kh\u00f4ng gian.","og_url":"https:\/\/vilight.vn\/website\/san-pham\/den-led-pixel\/led-thanh\/xt-series\/den-led-thanh-vl-xt05\/","og_site_name":"Vilight Co.ltd","article_publisher":"http:\/\/facebook.com\/vilight.vn","article_modified_time":"2024-10-01T08:52:46+00:00","og_image":[{"width":600,"height":600,"url":"https:\/\/vilight.vn\/website\/wp-content\/uploads\/2021\/06\/XT05-Logo.jpg","type":"image\/jpeg"}],"twitter_card":"summary_large_image","twitter_misc":{"Gi\u00e1":"","Kh\u1ea3 d\u1ee5ng":"Trong kho"},"schema":{"@context":"https:\/\/schema.org","@graph":[{"@type":"WebPage","@id":"https:\/\/vilight.vn\/website\/san-pham\/den-led-pixel\/led-thanh\/xt-series\/den-led-thanh-vl-xt05\/","url":"https:\/\/vilight.vn\/website\/san-pham\/den-led-pixel\/led-thanh\/xt-series\/den-led-thanh-vl-xt05\/","name":"\u0110\u00e8n LED thanh VL-XT05 - Vilight Co.ltd","isPartOf":{"@id":"https:\/\/vilight.vn\/website\/#website"},"primaryImageOfPage":{"@id":"https:\/\/vilight.vn\/website\/san-pham\/den-led-pixel\/led-thanh\/xt-series\/den-led-thanh-vl-xt05\/#primaryimage"},"image":{"@id":"https:\/\/vilight.vn\/website\/san-pham\/den-led-pixel\/led-thanh\/xt-series\/den-led-thanh-vl-xt05\/#primaryimage"},"thumbnailUrl":"https:\/\/vilight.vn\/website\/wp-content\/uploads\/2021\/06\/XT05-Logo.jpg","datePublished":"2021-06-27T03:49:16+00:00","dateModified":"2024-10-01T08:52:46+00:00","description":"\u0110\u00e8n LED thanh VL-XT05 k\u1ebft h\u1ee3p c\u00f4ng ngh\u1ec7 ti\u00ean ti\u1ebfn, t\u00ednh linh ho\u1ea1t v\u00e0 \u0111\u1ed9 b\u1ec1n \u0111\u1ec3 cung c\u1ea5p gi\u1ea3i ph\u00e1p chi\u1ebfu s\u00e1ng xu\u1ea5t s\u1eafc cho nhi\u1ec1u \u1ee9ng d\u1ee5ng kh\u00e1c nhau.","breadcrumb":{"@id":"https:\/\/vilight.vn\/website\/san-pham\/den-led-pixel\/led-thanh\/xt-series\/den-led-thanh-vl-xt05\/#breadcrumb"},"inLanguage":"vi","potentialAction":[{"@type":"ReadAction","target":["https:\/\/vilight.vn\/website\/san-pham\/den-led-pixel\/led-thanh\/xt-series\/den-led-thanh-vl-xt05\/"]}]},{"@type":"ImageObject","inLanguage":"vi","@id":"https:\/\/vilight.vn\/website\/san-pham\/den-led-pixel\/led-thanh\/xt-series\/den-led-thanh-vl-xt05\/#primaryimage","url":"https:\/\/vilight.vn\/website\/wp-content\/uploads\/2021\/06\/XT05-Logo.jpg","contentUrl":"https:\/\/vilight.vn\/website\/wp-content\/uploads\/2021\/06\/XT05-Logo.jpg","width":600,"height":600,"caption":"\u0110\u00e8n Led thanh VL-XT05"},{"@type":"BreadcrumbList","@id":"https:\/\/vilight.vn\/website\/san-pham\/den-led-pixel\/led-thanh\/xt-series\/den-led-thanh-vl-xt05\/#breadcrumb","itemListElement":[{"@type":"ListItem","position":1,"name":"Home","item":"https:\/\/vilight.vn\/website\/"},{"@type":"ListItem","position":2,"name":"store","item":"https:\/\/vilight.vn\/website\/store\/"},{"@type":"ListItem","position":3,"name":"\u0110\u00e8n LED thanh VL-XT05"}]},{"@type":"WebSite","@id":"https:\/\/vilight.vn\/website\/#website","url":"https:\/\/vilight.vn\/website\/","name":"Vilight Co.ltd","description":"Chi\u1ebfu s\u00e1ng m\u1ef9 thu\u1eadt, chi\u1ebfu s\u00e1ng th\u00f4ng minh, LED Pixel 3D, chi\u1ebfu s\u00e1ng trang tr\u00ed \u0111\u00f4 th\u1ecb, chi\u1ebfu s\u00e1ng v\u00f2ng xoay, chi\u1ebfu s\u00e1ng \u0111\u1ea3o giao th\u00f4ng, c\u1ed5ng ch\u00e0o \u0111\u00f4 th\u1ecb","publisher":{"@id":"https:\/\/vilight.vn\/website\/#organization"},"potentialAction":[{"@type":"SearchAction","target":{"@type":"EntryPoint","urlTemplate":"https:\/\/vilight.vn\/website\/?s={search_term_string}"},"query-input":{"@type":"PropertyValueSpecification","valueRequired":true,"valueName":"search_term_string"}}],"inLanguage":"vi"},{"@type":"Organization","@id":"https:\/\/vilight.vn\/website\/#organization","name":"Vilight","url":"https:\/\/vilight.vn\/website\/","logo":{"@type":"ImageObject","inLanguage":"vi","@id":"https:\/\/vilight.vn\/website\/#\/schema\/logo\/image\/","url":"https:\/\/vilight.vn\/website\/wp-content\/uploads\/2022\/05\/chieu_sang_trang_tri_do_thi_bang_den_led_pixel.png","contentUrl":"https:\/\/vilight.vn\/website\/wp-content\/uploads\/2022\/05\/chieu_sang_trang_tri_do_thi_bang_den_led_pixel.png","width":800,"height":427,"caption":"Vilight"},"image":{"@id":"https:\/\/vilight.vn\/website\/#\/schema\/logo\/image\/"},"sameAs":["http:\/\/facebook.com\/vilight.vn","https:\/\/www.linkedin.com\/company\/vilight-vn","https:\/\/www.youtube.com\/channel\/UCEwR2naeDcuarMX1kSv_rLQ\/videos"]}]},"product_brand":"XT Series","product_price_currency":"VND","og_availability":"instock","product_availability":"instock","product_condition":"new"},"_links":{"self":[{"href":"https:\/\/vilight.vn\/website\/wp-json\/wp\/v2\/product\/1368","targetHints":{"allow":["GET"]}}],"collection":[{"href":"https:\/\/vilight.vn\/website\/wp-json\/wp\/v2\/product"}],"about":[{"href":"https:\/\/vilight.vn\/website\/wp-json\/wp\/v2\/types\/product"}],"wp:featuredmedia":[{"embeddable":true,"href":"https:\/\/vilight.vn\/website\/wp-json\/wp\/v2\/media\/1370"}],"wp:attachment":[{"href":"https:\/\/vilight.vn\/website\/wp-json\/wp\/v2\/media?parent=1368"}],"wp:term":[{"taxonomy":"product_brand","embeddable":true,"href":"https:\/\/vilight.vn\/website\/wp-json\/wp\/v2\/product_brand?post=1368"},{"taxonomy":"product_cat","embeddable":true,"href":"https:\/\/vilight.vn\/website\/wp-json\/wp\/v2\/product_cat?post=1368"},{"taxonomy":"product_tag","embeddable":true,"href":"https:\/\/vilight.vn\/website\/wp-json\/wp\/v2\/product_tag?post=1368"}],"curies":[{"name":"wp","href":"https:\/\/api.w.org\/{rel}","templated":true}]}}