{"id":1402,"date":"2021-06-27T15:47:53","date_gmt":"2021-06-27T08:47:53","guid":{"rendered":"https:\/\/vilight.vn\/website\/?post_type=product&#038;p=1402"},"modified":"2024-10-02T08:19:00","modified_gmt":"2024-10-02T01:19:00","slug":"den-led-diem-vl-s02a","status":"publish","type":"product","link":"https:\/\/vilight.vn\/website\/san-pham\/den-led-pixel\/trang-tri\/s-series\/den-led-diem-vl-s02a\/","title":{"rendered":"\u0110\u00e8n LED VL-S02A"},"content":{"rendered":"<h2 style=\"text-align: justify;\"><span style=\"font-size: 18pt;\">\u0110\u00e8n LED \u0111i\u1ec3m VL-S02A &#8211; Hi\u1ec7u su\u1ea5t v\u00e0 \u0111\u1ed9 b\u1ec1n v\u01b0\u1ee3t tr\u1ed9i<\/span><\/h2>\n<p style=\"text-align: justify;\"><span style=\"font-size: 14pt;\">B\u1ea1n \u0111ang t\u00ecm ki\u1ebfm m\u1ed9t gi\u1ea3i ph\u00e1p chi\u1ebfu s\u00e1ng hi\u1ec7u qu\u1ea3 v\u00e0 b\u1ec1n b\u1ec9 cho kh\u00f4ng gian c\u1ee7a m\u00ecnh? \u0110\u00e8n LED \u0111i\u1ec3m VL-S02A l\u00e0 l\u1ef1a ch\u1ecdn l\u00fd t\u01b0\u1edfng d\u00e0nh cho b\u1ea1n. V\u1edbi m\u1ed9t lo\u1ea1t c\u00e1c \u0111\u1eb7c \u0111i\u1ec3m n\u1ed5i b\u1eadt, \u0111\u00e8n n\u00e0y s\u1ebd mang \u0111\u1ebfn \u00e1nh s\u00e1ng ch\u1ea5t l\u01b0\u1ee3ng v\u00e0 hi\u1ec7u qu\u1ea3, \u0111\u1ed3ng th\u1eddi t\u1ea1o \u0111i\u1ec3m nh\u1ea5n tuy\u1ec7t v\u1eddi cho kh\u00f4ng gian c\u1ee7a b\u1ea1n.<\/span><\/p>\n<p style=\"text-align: justify;\"><span style=\"font-size: 14pt;\">V\u1edbi chip LED t\u1eeb c\u00e1c th\u01b0\u01a1ng hi\u1ec7u n\u1ed5i ti\u1ebfng nh\u01b0 CREE, Epistar v\u00e0 Osram, \u0111\u00e8n LED VL-S02A \u0111\u1ea3m b\u1ea3o cung c\u1ea5p \u00e1nh s\u00e1ng m\u1ea1nh m\u1ebd v\u00e0 \u1ed5n \u0111\u1ecbnh. Chip LED ch\u1ea5t l\u01b0\u1ee3ng cao n\u00e0y gi\u00fap \u0111\u00e8n c\u00f3 tu\u1ed5i th\u1ecd l\u00ean \u0111\u1ebfn 30.000 gi\u1edd, mang l\u1ea1i s\u1ef1 tin c\u1eady v\u00e0 ti\u1ebft ki\u1ec7m chi ph\u00ed cho b\u1ea1n trong th\u1eddi gian d\u00e0i.<\/span><\/p>\n<p style=\"text-align: justify;\"><span style=\"font-size: 14pt;\">Chu\u1ea9n \u0111i\u1ec1u khi\u1ec3n DMX cho ph\u00e9p b\u1ea1n d\u1ec5 d\u00e0ng \u0111i\u1ec1u ch\u1ec9nh \u00e1nh s\u00e1ng theo mong mu\u1ed1n. B\u1eb1ng c\u00e1ch s\u1eed d\u1ee5ng h\u1ec7 th\u1ed1ng DMX, b\u1ea1n c\u00f3 th\u1ec3 ki\u1ec3m so\u00e1t m\u00e0u s\u1eafc, \u0111\u1ed9 s\u00e1ng v\u00e0 c\u00e1c hi\u1ec7u \u1ee9ng \u00e1nh s\u00e1ng kh\u00e1c m\u1ed9t c\u00e1ch linh ho\u1ea1t v\u00e0 ch\u00ednh x\u00e1c.<\/span><\/p>\n<p style=\"text-align: justify;\"><span style=\"font-size: 14pt;\">V\u1edbi c\u00f4ng su\u1ea5t 0.7W, \u0111\u00e8n LED VL-S02A ti\u1ebft ki\u1ec7m n\u0103ng l\u01b0\u1ee3ng m\u00e0 v\u1eabn mang l\u1ea1i \u00e1nh s\u00e1ng r\u1ef1c r\u1ee1. \u0110i\u1ec7n \u00e1p ho\u1ea1t \u0111\u1ed9ng 12VDC cung c\u1ea5p m\u1ed9t gi\u1ea3i ph\u00e1p an to\u00e0n v\u00e0 \u1ed5n \u0111\u1ecbnh cho vi\u1ec7c s\u1eed d\u1ee5ng \u0111\u00e8n trong m\u00f4i tr\u01b0\u1eddng c\u1ee7a b\u1ea1n.<\/span><\/p>\n<p style=\"text-align: justify;\"><span style=\"font-size: 14pt;\">\u0110\u00e8n LED VL-S02A c\u00f3 \u0111\u1ed9 k\u00edn IP67, cho ph\u00e9p b\u1ea1n s\u1eed d\u1ee5ng trong c\u1ea3 trong nh\u00e0 v\u00e0 ngo\u00e0i tr\u1eddi. Kh\u1ea3 n\u0103ng ch\u1ed1ng n\u01b0\u1edbc v\u00e0 ch\u1ed1ng b\u1ee5i c\u1ee7a n\u00f3 \u0111\u1ea3m b\u1ea3o r\u1eb1ng \u0111\u00e8n s\u1ebd ho\u1ea1t \u0111\u1ed9ng t\u1ed1t trong m\u1ecdi \u0111i\u1ec1u ki\u1ec7n th\u1eddi ti\u1ebft.<\/span><\/p>\n<p style=\"text-align: justify;\"><span style=\"font-size: 14pt;\">G\u00f3c chi\u1ebfu r\u1ed9ng h\u01a1n ho\u1eb7c b\u1eb1ng 120\u00b0 c\u1ee7a \u0111\u00e8n n\u00e0y cho ph\u00e9p ph\u00e2n b\u1ed5 \u00e1nh s\u00e1ng m\u1ed9t c\u00e1ch r\u1ed9ng r\u00e3i v\u00e0 \u0111\u1ed3ng \u0111\u1ec1u. B\u1ea1n s\u1ebd c\u00f3 \u00e1nh s\u00e1ng t\u1ef1 nhi\u00ean v\u00e0 kh\u00f4ng gian r\u1ef1c r\u1ee1 h\u01a1n v\u1edbi \u0111\u00e8n LED \u0111i\u1ec3m VL-S02A.<\/span><\/p>\n<p style=\"text-align: justify;\"><span style=\"font-size: 14pt;\">V\u1edbi m\u1ee9c Gray Level 256\/65536, b\u1ea1n c\u00f3 th\u1ec3 tinh ch\u1ec9nh \u0111\u1ed9 s\u00e1ng v\u00e0 m\u00e0u s\u1eafc theo \u00fd mu\u1ed1n. \u0110i\u1ec1u n\u00e0y mang l\u1ea1i s\u1ef1 linh ho\u1ea1t v\u00e0 t\u00f9y ch\u1ec9nh tuy\u1ec7t v\u1eddi cho vi\u1ec7c<\/span><\/p>\n<p style=\"text-align: justify;\"><span style=\"font-size: 14pt;\">s\u1eed d\u1ee5ng \u0111\u00e8n LED \u0111i\u1ec3m n\u00e0y trong c\u00e1c \u1ee9ng d\u1ee5ng \u00e1nh s\u00e1ng kh\u00e1c nhau.<\/span><\/p>\n<p style=\"text-align: justify;\"><span style=\"font-size: 14pt;\">V\u1edbi k\u00edch th\u01b0\u1edbc nh\u1ecf g\u1ecdn 52.31*85.23*55.7 mm, \u0111\u00e8n LED \u0111i\u1ec3m VL-S02A d\u1ec5 d\u00e0ng l\u1eafp \u0111\u1eb7t v\u00e0 t\u00edch h\u1ee3p v\u00e0o kh\u00f4ng gian c\u1ee7a b\u1ea1n m\u1ed9t c\u00e1ch thu\u1eadn ti\u1ec7n.<\/span><\/p>\n<p style=\"text-align: justify;\"><span style=\"font-size: 14pt;\">\u0110\u00e8n LED VL-S02A c\u0169ng \u0111\u1ea1t \u0111\u01b0\u1ee3c c\u1ea5p ch\u1ed1ng ch\u00e1y 94-V0 v\u00e0 c\u1ea5p c\u00e1ch \u0111i\u1ec7n III, \u0111\u1ea3m b\u1ea3o an to\u00e0n v\u00e0 \u0111\u00e1ng tin c\u1eady trong vi\u1ec7c s\u1eed d\u1ee5ng.<\/span><\/p>\n<p style=\"text-align: justify;\"><span style=\"font-size: 14pt;\">T\u00f3m l\u1ea1i, \u0111\u00e8n LED \u0111i\u1ec3m VL-S02A l\u00e0 s\u1ef1 l\u1ef1a ch\u1ecdn ho\u00e0n h\u1ea3o cho chi\u1ebfu s\u00e1ng hi\u1ec7u qu\u1ea3 v\u00e0 b\u1ec1n b\u1ec9. V\u1edbi \u00e1nh s\u00e1ng m\u1ea1nh m\u1ebd, hi\u1ec7u su\u1ea5t cao, v\u00e0 t\u00ednh linh ho\u1ea1t trong vi\u1ec7c t\u00f9y ch\u1ec9nh, \u0111\u00e8n LED VL-S02A s\u1ebd n\u00e2ng cao kh\u00f4ng gian c\u1ee7a b\u1ea1n v\u00e0 mang \u0111\u1ebfn tr\u1ea3i nghi\u1ec7m chi\u1ebfu s\u00e1ng tuy\u1ec7t v\u1eddi.<\/span><\/p>\n<p style=\"text-align: justify;\"><span style=\"font-size: 14pt;\"><a href=\"https:\/\/vilight.vn\/website\/wp-content\/uploads\/2021\/06\/S02A-TT.jpg\"><img decoding=\"async\" class=\"wp-image-1404 aligncenter lazyload\" data-src=\"https:\/\/vilight.vn\/website\/wp-content\/uploads\/2021\/06\/S02A-TT.jpg\" alt=\"\u0110\u00e8n Led \u0111i\u1ec3m VL-S02A\" width=\"1500\" height=\"1301\" data-srcset=\"https:\/\/vilight.vn\/website\/wp-content\/uploads\/2021\/06\/S02A-TT.jpg 1200w, https:\/\/vilight.vn\/website\/wp-content\/uploads\/2021\/06\/S02A-TT-800x694.jpg 800w, https:\/\/vilight.vn\/website\/wp-content\/uploads\/2021\/06\/S02A-TT-300x260.jpg 300w, https:\/\/vilight.vn\/website\/wp-content\/uploads\/2021\/06\/S02A-TT-1024x888.jpg 1024w, https:\/\/vilight.vn\/website\/wp-content\/uploads\/2021\/06\/S02A-TT-768x666.jpg 768w, https:\/\/vilight.vn\/website\/wp-content\/uploads\/2021\/06\/S02A-TT-14x12.jpg 14w, https:\/\/vilight.vn\/website\/wp-content\/uploads\/2021\/06\/S02A-TT-168x146.jpg 168w, https:\/\/vilight.vn\/website\/wp-content\/uploads\/2021\/06\/S02A-TT-50x43.jpg 50w, https:\/\/vilight.vn\/website\/wp-content\/uploads\/2021\/06\/S02A-TT-86x75.jpg 86w, https:\/\/vilight.vn\/website\/wp-content\/uploads\/2021\/06\/S02A-TT-600x521.jpg 600w\" data-sizes=\"(max-width:767px) 480px, (max-width:1500px) 100vw, 1500px\" src=\"data:image\/svg+xml;base64,PHN2ZyB3aWR0aD0iMSIgaGVpZ2h0PSIxIiB4bWxucz0iaHR0cDovL3d3dy53My5vcmcvMjAwMC9zdmciPjwvc3ZnPg==\" style=\"--smush-placeholder-width: 1500px; --smush-placeholder-aspect-ratio: 1500\/1301;\" \/><\/a><\/span><\/p>\n<p style=\"text-align: justify;\"><span style=\"color: #ffffff; font-size: 14pt;\">\u0110\u00e8n LED S02A. \u0110\u00e8n LED \u0111i\u1ec3m S02A. \u0110\u00e8n led nh\u1eadp kh\u1ea9u S02A.S02A.<\/span><\/p>\n","protected":false},"excerpt":{"rendered":"<p style=\"text-align: justify;\"><span style=\"font-size: 14pt;\">\u0110\u00e8n LED trang tr\u00ed VL-S02A &#8211; \u00c1nh s\u00e1ng m\u1ea1nh m\u1ebd, tu\u1ed5i th\u1ecd cao, v\u00e0 kh\u1ea3 n\u0103ng t\u00f9y ch\u1ec9nh \u0111a d\u1ea1ng, l\u00e0 l\u1ef1a ch\u1ecdn l\u00fd t\u01b0\u1edfng cho kh\u00f4ng gian chi\u1ebfu s\u00e1ng c\u1ee7a b\u1ea1n.<\/span><\/p>\n","protected":false},"featured_media":1403,"template":"","meta":[],"product_brand":[],"product_cat":[193],"product_tag":[],"class_list":{"0":"post-1402","1":"product","2":"type-product","3":"status-publish","4":"has-post-thumbnail","6":"product_cat-s-series","7":"pa_chip-led-cree","8":"pa_chip-led-epistar","9":"pa_chip-led-oram","10":"pa_chuan-dieu-khien-dmx","11":"pa_cong-suat-0-7w","12":"pa_dien-ap-hoat-dong-12v","13":"pa_do-kin-ip67","14":"pa_goc-chieu-213","15":"pa_gray-level-256-65536","16":"pa_kich-thuoc-52-3185-2355-7-mm","18":"first","19":"instock","20":"taxable","21":"shipping-taxable","22":"product-type-simple"},"yoast_head":"<!-- This site is optimized with the Yoast SEO Premium plugin v27.4 (Yoast SEO v27.4) - https:\/\/yoast.com\/product\/yoast-seo-premium-wordpress\/ -->\n<title>\u0110\u00e8n LED VL-S02A - Vilight Co.ltd<\/title>\n<meta name=\"description\" content=\"\u0110\u00e8n LED trang tr\u00ed 0.7W VL-S02A l\u00e0 l\u1ef1a ch\u1ecdn l\u00fd t\u01b0\u1edfng v\u1edbi c\u00e1c \u0111\u1eb7c \u0111i\u1ec3m n\u1ed5i b\u1eadt, ch\u1ea5t l\u01b0\u1ee3ng v\u00e0 hi\u1ec7u qu\u1ea3. T\u1ea1o \u0111i\u1ec3m nh\u1ea5n tuy\u1ec7t v\u1eddi cho kh\u00f4ng gian chi\u1ebfu s\u00e1ng.\" \/>\n<meta name=\"robots\" content=\"index, follow, max-snippet:-1, max-image-preview:large, max-video-preview:-1\" \/>\n<link rel=\"canonical\" href=\"https:\/\/vilight.vn\/website\/san-pham\/den-led-pixel\/trang-tri\/s-series\/den-led-diem-vl-s02a\/\" \/>\n<meta property=\"og:locale\" content=\"vi_VN\" \/>\n<meta property=\"og:type\" content=\"article\" \/>\n<meta property=\"og:title\" content=\"\u0110\u00e8n LED VL-S02A\" \/>\n<meta property=\"og:description\" content=\"\u0110\u00e8n LED trang tr\u00ed VL-S02A - \u00c1nh s\u00e1ng m\u1ea1nh m\u1ebd, tu\u1ed5i th\u1ecd cao, v\u00e0 kh\u1ea3 n\u0103ng t\u00f9y ch\u1ec9nh \u0111a d\u1ea1ng, l\u00e0 l\u1ef1a ch\u1ecdn l\u00fd t\u01b0\u1edfng cho kh\u00f4ng gian chi\u1ebfu s\u00e1ng c\u1ee7a b\u1ea1n.\" \/>\n<meta property=\"og:url\" content=\"https:\/\/vilight.vn\/website\/san-pham\/den-led-pixel\/trang-tri\/s-series\/den-led-diem-vl-s02a\/\" \/>\n<meta property=\"og:site_name\" content=\"Vilight Co.ltd\" \/>\n<meta property=\"article:publisher\" content=\"http:\/\/facebook.com\/vilight.vn\" \/>\n<meta property=\"article:modified_time\" content=\"2024-10-02T01:19:00+00:00\" \/>\n<meta property=\"og:image\" content=\"https:\/\/vilight.vn\/website\/wp-content\/uploads\/2021\/06\/S02A.jpg\" \/>\n\t<meta property=\"og:image:width\" content=\"600\" \/>\n\t<meta property=\"og:image:height\" content=\"600\" \/>\n\t<meta property=\"og:image:type\" content=\"image\/jpeg\" \/>\n<meta name=\"twitter:card\" content=\"summary_large_image\" \/>\n<meta name=\"twitter:label1\" content=\"Gi\u00e1\" \/>\n\t<meta name=\"twitter:data1\" content=\"\" \/>\n\t<meta name=\"twitter:label2\" content=\"Kh\u1ea3 d\u1ee5ng\" \/>\n\t<meta name=\"twitter:data2\" content=\"Trong kho\" \/>\n<script type=\"application\/ld+json\" class=\"yoast-schema-graph\">{\"@context\":\"https:\\\/\\\/schema.org\",\"@graph\":[{\"@type\":\"WebPage\",\"@id\":\"https:\\\/\\\/vilight.vn\\\/website\\\/san-pham\\\/den-led-pixel\\\/trang-tri\\\/s-series\\\/den-led-diem-vl-s02a\\\/\",\"url\":\"https:\\\/\\\/vilight.vn\\\/website\\\/san-pham\\\/den-led-pixel\\\/trang-tri\\\/s-series\\\/den-led-diem-vl-s02a\\\/\",\"name\":\"\u0110\u00e8n LED VL-S02A - Vilight Co.ltd\",\"isPartOf\":{\"@id\":\"https:\\\/\\\/vilight.vn\\\/website\\\/#website\"},\"primaryImageOfPage\":{\"@id\":\"https:\\\/\\\/vilight.vn\\\/website\\\/san-pham\\\/den-led-pixel\\\/trang-tri\\\/s-series\\\/den-led-diem-vl-s02a\\\/#primaryimage\"},\"image\":{\"@id\":\"https:\\\/\\\/vilight.vn\\\/website\\\/san-pham\\\/den-led-pixel\\\/trang-tri\\\/s-series\\\/den-led-diem-vl-s02a\\\/#primaryimage\"},\"thumbnailUrl\":\"https:\\\/\\\/vilight.vn\\\/website\\\/wp-content\\\/uploads\\\/2021\\\/06\\\/S02A.jpg\",\"datePublished\":\"2021-06-27T08:47:53+00:00\",\"dateModified\":\"2024-10-02T01:19:00+00:00\",\"description\":\"\u0110\u00e8n LED trang tr\u00ed 0.7W VL-S02A l\u00e0 l\u1ef1a ch\u1ecdn l\u00fd t\u01b0\u1edfng v\u1edbi c\u00e1c \u0111\u1eb7c \u0111i\u1ec3m n\u1ed5i b\u1eadt, ch\u1ea5t l\u01b0\u1ee3ng v\u00e0 hi\u1ec7u qu\u1ea3. T\u1ea1o \u0111i\u1ec3m nh\u1ea5n tuy\u1ec7t v\u1eddi cho kh\u00f4ng gian chi\u1ebfu s\u00e1ng.\",\"breadcrumb\":{\"@id\":\"https:\\\/\\\/vilight.vn\\\/website\\\/san-pham\\\/den-led-pixel\\\/trang-tri\\\/s-series\\\/den-led-diem-vl-s02a\\\/#breadcrumb\"},\"inLanguage\":\"vi\",\"potentialAction\":[{\"@type\":\"ReadAction\",\"target\":[\"https:\\\/\\\/vilight.vn\\\/website\\\/san-pham\\\/den-led-pixel\\\/trang-tri\\\/s-series\\\/den-led-diem-vl-s02a\\\/\"]}]},{\"@type\":\"ImageObject\",\"inLanguage\":\"vi\",\"@id\":\"https:\\\/\\\/vilight.vn\\\/website\\\/san-pham\\\/den-led-pixel\\\/trang-tri\\\/s-series\\\/den-led-diem-vl-s02a\\\/#primaryimage\",\"url\":\"https:\\\/\\\/vilight.vn\\\/website\\\/wp-content\\\/uploads\\\/2021\\\/06\\\/S02A.jpg\",\"contentUrl\":\"https:\\\/\\\/vilight.vn\\\/website\\\/wp-content\\\/uploads\\\/2021\\\/06\\\/S02A.jpg\",\"width\":600,\"height\":600,\"caption\":\"\u0110\u00e8n Led \u0111i\u1ec3m VL-S02A\"},{\"@type\":\"BreadcrumbList\",\"@id\":\"https:\\\/\\\/vilight.vn\\\/website\\\/san-pham\\\/den-led-pixel\\\/trang-tri\\\/s-series\\\/den-led-diem-vl-s02a\\\/#breadcrumb\",\"itemListElement\":[{\"@type\":\"ListItem\",\"position\":1,\"name\":\"Home\",\"item\":\"https:\\\/\\\/vilight.vn\\\/website\\\/\"},{\"@type\":\"ListItem\",\"position\":2,\"name\":\"store\",\"item\":\"https:\\\/\\\/vilight.vn\\\/website\\\/store\\\/\"},{\"@type\":\"ListItem\",\"position\":3,\"name\":\"\u0110\u00e8n LED VL-S02A\"}]},{\"@type\":\"WebSite\",\"@id\":\"https:\\\/\\\/vilight.vn\\\/website\\\/#website\",\"url\":\"https:\\\/\\\/vilight.vn\\\/website\\\/\",\"name\":\"Vilight Co.ltd\",\"description\":\"Chi\u1ebfu s\u00e1ng m\u1ef9 thu\u1eadt, chi\u1ebfu s\u00e1ng th\u00f4ng minh, LED Pixel 3D, chi\u1ebfu s\u00e1ng trang tr\u00ed \u0111\u00f4 th\u1ecb, chi\u1ebfu s\u00e1ng v\u00f2ng xoay, chi\u1ebfu s\u00e1ng \u0111\u1ea3o giao th\u00f4ng, c\u1ed5ng ch\u00e0o \u0111\u00f4 th\u1ecb\",\"publisher\":{\"@id\":\"https:\\\/\\\/vilight.vn\\\/website\\\/#organization\"},\"potentialAction\":[{\"@type\":\"SearchAction\",\"target\":{\"@type\":\"EntryPoint\",\"urlTemplate\":\"https:\\\/\\\/vilight.vn\\\/website\\\/?s={search_term_string}\"},\"query-input\":{\"@type\":\"PropertyValueSpecification\",\"valueRequired\":true,\"valueName\":\"search_term_string\"}}],\"inLanguage\":\"vi\"},{\"@type\":\"Organization\",\"@id\":\"https:\\\/\\\/vilight.vn\\\/website\\\/#organization\",\"name\":\"Vilight\",\"url\":\"https:\\\/\\\/vilight.vn\\\/website\\\/\",\"logo\":{\"@type\":\"ImageObject\",\"inLanguage\":\"vi\",\"@id\":\"https:\\\/\\\/vilight.vn\\\/website\\\/#\\\/schema\\\/logo\\\/image\\\/\",\"url\":\"https:\\\/\\\/vilight.vn\\\/website\\\/wp-content\\\/uploads\\\/2022\\\/05\\\/chieu_sang_trang_tri_do_thi_bang_den_led_pixel.png\",\"contentUrl\":\"https:\\\/\\\/vilight.vn\\\/website\\\/wp-content\\\/uploads\\\/2022\\\/05\\\/chieu_sang_trang_tri_do_thi_bang_den_led_pixel.png\",\"width\":800,\"height\":427,\"caption\":\"Vilight\"},\"image\":{\"@id\":\"https:\\\/\\\/vilight.vn\\\/website\\\/#\\\/schema\\\/logo\\\/image\\\/\"},\"sameAs\":[\"http:\\\/\\\/facebook.com\\\/vilight.vn\",\"https:\\\/\\\/www.linkedin.com\\\/company\\\/vilight-vn\",\"https:\\\/\\\/www.youtube.com\\\/channel\\\/UCEwR2naeDcuarMX1kSv_rLQ\\\/videos\"]}]}<\/script>\n<meta property=\"product:brand\" content=\"S Series\" \/>\n<meta property=\"product:price:currency\" content=\"VND\" \/>\n<meta property=\"og:availability\" content=\"instock\" \/>\n<meta property=\"product:availability\" content=\"instock\" \/>\n<meta property=\"product:condition\" content=\"new\" \/>\n<!-- \/ Yoast SEO Premium plugin. -->","yoast_head_json":{"title":"\u0110\u00e8n LED VL-S02A - Vilight Co.ltd","description":"\u0110\u00e8n LED trang tr\u00ed 0.7W VL-S02A l\u00e0 l\u1ef1a ch\u1ecdn l\u00fd t\u01b0\u1edfng v\u1edbi c\u00e1c \u0111\u1eb7c \u0111i\u1ec3m n\u1ed5i b\u1eadt, ch\u1ea5t l\u01b0\u1ee3ng v\u00e0 hi\u1ec7u qu\u1ea3. T\u1ea1o \u0111i\u1ec3m nh\u1ea5n tuy\u1ec7t v\u1eddi cho kh\u00f4ng gian chi\u1ebfu s\u00e1ng.","robots":{"index":"index","follow":"follow","max-snippet":"max-snippet:-1","max-image-preview":"max-image-preview:large","max-video-preview":"max-video-preview:-1"},"canonical":"https:\/\/vilight.vn\/website\/san-pham\/den-led-pixel\/trang-tri\/s-series\/den-led-diem-vl-s02a\/","og_locale":"vi_VN","og_type":"article","og_title":"\u0110\u00e8n LED VL-S02A","og_description":"\u0110\u00e8n LED trang tr\u00ed VL-S02A - \u00c1nh s\u00e1ng m\u1ea1nh m\u1ebd, tu\u1ed5i th\u1ecd cao, v\u00e0 kh\u1ea3 n\u0103ng t\u00f9y ch\u1ec9nh \u0111a d\u1ea1ng, l\u00e0 l\u1ef1a ch\u1ecdn l\u00fd t\u01b0\u1edfng cho kh\u00f4ng gian chi\u1ebfu s\u00e1ng c\u1ee7a b\u1ea1n.","og_url":"https:\/\/vilight.vn\/website\/san-pham\/den-led-pixel\/trang-tri\/s-series\/den-led-diem-vl-s02a\/","og_site_name":"Vilight Co.ltd","article_publisher":"http:\/\/facebook.com\/vilight.vn","article_modified_time":"2024-10-02T01:19:00+00:00","og_image":[{"width":600,"height":600,"url":"https:\/\/vilight.vn\/website\/wp-content\/uploads\/2021\/06\/S02A.jpg","type":"image\/jpeg"}],"twitter_card":"summary_large_image","twitter_misc":{"Gi\u00e1":"","Kh\u1ea3 d\u1ee5ng":"Trong kho"},"schema":{"@context":"https:\/\/schema.org","@graph":[{"@type":"WebPage","@id":"https:\/\/vilight.vn\/website\/san-pham\/den-led-pixel\/trang-tri\/s-series\/den-led-diem-vl-s02a\/","url":"https:\/\/vilight.vn\/website\/san-pham\/den-led-pixel\/trang-tri\/s-series\/den-led-diem-vl-s02a\/","name":"\u0110\u00e8n LED VL-S02A - Vilight Co.ltd","isPartOf":{"@id":"https:\/\/vilight.vn\/website\/#website"},"primaryImageOfPage":{"@id":"https:\/\/vilight.vn\/website\/san-pham\/den-led-pixel\/trang-tri\/s-series\/den-led-diem-vl-s02a\/#primaryimage"},"image":{"@id":"https:\/\/vilight.vn\/website\/san-pham\/den-led-pixel\/trang-tri\/s-series\/den-led-diem-vl-s02a\/#primaryimage"},"thumbnailUrl":"https:\/\/vilight.vn\/website\/wp-content\/uploads\/2021\/06\/S02A.jpg","datePublished":"2021-06-27T08:47:53+00:00","dateModified":"2024-10-02T01:19:00+00:00","description":"\u0110\u00e8n LED trang tr\u00ed 0.7W VL-S02A l\u00e0 l\u1ef1a ch\u1ecdn l\u00fd t\u01b0\u1edfng v\u1edbi c\u00e1c \u0111\u1eb7c \u0111i\u1ec3m n\u1ed5i b\u1eadt, ch\u1ea5t l\u01b0\u1ee3ng v\u00e0 hi\u1ec7u qu\u1ea3. T\u1ea1o \u0111i\u1ec3m nh\u1ea5n tuy\u1ec7t v\u1eddi cho kh\u00f4ng gian chi\u1ebfu s\u00e1ng.","breadcrumb":{"@id":"https:\/\/vilight.vn\/website\/san-pham\/den-led-pixel\/trang-tri\/s-series\/den-led-diem-vl-s02a\/#breadcrumb"},"inLanguage":"vi","potentialAction":[{"@type":"ReadAction","target":["https:\/\/vilight.vn\/website\/san-pham\/den-led-pixel\/trang-tri\/s-series\/den-led-diem-vl-s02a\/"]}]},{"@type":"ImageObject","inLanguage":"vi","@id":"https:\/\/vilight.vn\/website\/san-pham\/den-led-pixel\/trang-tri\/s-series\/den-led-diem-vl-s02a\/#primaryimage","url":"https:\/\/vilight.vn\/website\/wp-content\/uploads\/2021\/06\/S02A.jpg","contentUrl":"https:\/\/vilight.vn\/website\/wp-content\/uploads\/2021\/06\/S02A.jpg","width":600,"height":600,"caption":"\u0110\u00e8n Led \u0111i\u1ec3m VL-S02A"},{"@type":"BreadcrumbList","@id":"https:\/\/vilight.vn\/website\/san-pham\/den-led-pixel\/trang-tri\/s-series\/den-led-diem-vl-s02a\/#breadcrumb","itemListElement":[{"@type":"ListItem","position":1,"name":"Home","item":"https:\/\/vilight.vn\/website\/"},{"@type":"ListItem","position":2,"name":"store","item":"https:\/\/vilight.vn\/website\/store\/"},{"@type":"ListItem","position":3,"name":"\u0110\u00e8n LED VL-S02A"}]},{"@type":"WebSite","@id":"https:\/\/vilight.vn\/website\/#website","url":"https:\/\/vilight.vn\/website\/","name":"Vilight Co.ltd","description":"Chi\u1ebfu s\u00e1ng m\u1ef9 thu\u1eadt, chi\u1ebfu s\u00e1ng th\u00f4ng minh, LED Pixel 3D, chi\u1ebfu s\u00e1ng trang tr\u00ed \u0111\u00f4 th\u1ecb, chi\u1ebfu s\u00e1ng v\u00f2ng xoay, chi\u1ebfu s\u00e1ng \u0111\u1ea3o giao th\u00f4ng, c\u1ed5ng ch\u00e0o \u0111\u00f4 th\u1ecb","publisher":{"@id":"https:\/\/vilight.vn\/website\/#organization"},"potentialAction":[{"@type":"SearchAction","target":{"@type":"EntryPoint","urlTemplate":"https:\/\/vilight.vn\/website\/?s={search_term_string}"},"query-input":{"@type":"PropertyValueSpecification","valueRequired":true,"valueName":"search_term_string"}}],"inLanguage":"vi"},{"@type":"Organization","@id":"https:\/\/vilight.vn\/website\/#organization","name":"Vilight","url":"https:\/\/vilight.vn\/website\/","logo":{"@type":"ImageObject","inLanguage":"vi","@id":"https:\/\/vilight.vn\/website\/#\/schema\/logo\/image\/","url":"https:\/\/vilight.vn\/website\/wp-content\/uploads\/2022\/05\/chieu_sang_trang_tri_do_thi_bang_den_led_pixel.png","contentUrl":"https:\/\/vilight.vn\/website\/wp-content\/uploads\/2022\/05\/chieu_sang_trang_tri_do_thi_bang_den_led_pixel.png","width":800,"height":427,"caption":"Vilight"},"image":{"@id":"https:\/\/vilight.vn\/website\/#\/schema\/logo\/image\/"},"sameAs":["http:\/\/facebook.com\/vilight.vn","https:\/\/www.linkedin.com\/company\/vilight-vn","https:\/\/www.youtube.com\/channel\/UCEwR2naeDcuarMX1kSv_rLQ\/videos"]}]},"product_brand":"S Series","product_price_currency":"VND","og_availability":"instock","product_availability":"instock","product_condition":"new"},"_links":{"self":[{"href":"https:\/\/vilight.vn\/website\/wp-json\/wp\/v2\/product\/1402","targetHints":{"allow":["GET"]}}],"collection":[{"href":"https:\/\/vilight.vn\/website\/wp-json\/wp\/v2\/product"}],"about":[{"href":"https:\/\/vilight.vn\/website\/wp-json\/wp\/v2\/types\/product"}],"wp:featuredmedia":[{"embeddable":true,"href":"https:\/\/vilight.vn\/website\/wp-json\/wp\/v2\/media\/1403"}],"wp:attachment":[{"href":"https:\/\/vilight.vn\/website\/wp-json\/wp\/v2\/media?parent=1402"}],"wp:term":[{"taxonomy":"product_brand","embeddable":true,"href":"https:\/\/vilight.vn\/website\/wp-json\/wp\/v2\/product_brand?post=1402"},{"taxonomy":"product_cat","embeddable":true,"href":"https:\/\/vilight.vn\/website\/wp-json\/wp\/v2\/product_cat?post=1402"},{"taxonomy":"product_tag","embeddable":true,"href":"https:\/\/vilight.vn\/website\/wp-json\/wp\/v2\/product_tag?post=1402"}],"curies":[{"name":"wp","href":"https:\/\/api.w.org\/{rel}","templated":true}]}}