{"id":1652,"date":"2021-06-30T14:04:33","date_gmt":"2021-06-30T07:04:33","guid":{"rendered":"https:\/\/vilight.vn\/website\/?post_type=product&#038;p=1652"},"modified":"2024-10-04T16:36:37","modified_gmt":"2024-10-04T09:36:37","slug":"den-san-vuon-vl-vg06","status":"publish","type":"product","link":"https:\/\/vilight.vn\/website\/san-pham\/den-chieu-sang-facade\/den-san-vuon-vl-vg06\/","title":{"rendered":"\u0110\u00e8n s\u00e2n v\u01b0\u1eddn VL-VG06"},"content":{"rendered":"<h2 style=\"text-align: justify;\"><span style=\"font-size: 18pt;\">I. Gi\u1edbi thi\u1ec7u s\u1ea3n ph\u1ea9m \u0110\u00e8n s\u00e2n v\u01b0\u1eddn VL-VG06<\/span><\/h2>\n<p style=\"text-align: justify;\"><span style=\"font-size: 14pt;\">\u0110\u00e8n s\u00e2n v\u01b0\u1eddn VL-VG06 c\u1ee7a Vilight l\u00e0 m\u1ed9t m\u1eabu \u0111\u00e8n chi\u1ebfu s\u00e1ng chuy\u00ean d\u1ee5ng, \u0111\u01b0\u1ee3c thi\u1ebft k\u1ebf \u0111\u1eb7c bi\u1ec7t \u0111\u1ec3 mang \u0111\u1ebfn \u00e1nh s\u00e1ng tuy\u1ec7t v\u1eddi cho c\u00e1c c\u00f4ng tr\u00ecnh ngo\u00e0i tr\u1eddi. V\u1edbi kh\u1ea3 n\u0103ng chi\u1ebfu s\u00e1ng m\u1ea1nh m\u1ebd v\u00e0 k\u1ebft c\u1ea5u ch\u1eafc ch\u1eafn, \u0111\u00e8n n\u00e0y kh\u00f4ng ch\u1ec9 t\u1ea1o \u0111i\u1ec3m nh\u1ea5n cho kh\u00f4ng gian m\u00e0 c\u00f2n gi\u00fap t\u0103ng c\u01b0\u1eddng an ninh v\u00e0 s\u1ef1 an l\u00e0nh trong khu v\u1ef1c \u0111\u01b0\u1ee3c chi\u1ebfu s\u00e1ng.<\/span><\/p>\n<h3 style=\"text-align: justify;\"><span style=\"font-size: 14pt;\">II. \u0110\u1eb7c \u0111i\u1ec3m n\u1ed5i b\u1eadt<\/span><\/h3>\n<p style=\"text-align: justify;\"><span style=\"font-size: 14pt;\">1. Thi\u1ebft k\u1ebf v\u00e0 ch\u1ea5t li\u1ec7u: \u0110\u00e8n s\u00e2n v\u01b0\u1eddn VL-VG06 \u0111\u01b0\u1ee3c thi\u1ebft k\u1ebf v\u1edbi s\u1ef1 ch\u00fa tr\u1ecdng \u0111\u1ebfn c\u1ea3 t\u00ednh th\u1ea9m m\u1ef9 v\u00e0 ch\u1ea5t l\u01b0\u1ee3ng. V\u1edbi ki\u1ec3u d\u00e1ng hi\u1ec7n \u0111\u1ea1i v\u00e0 sang tr\u1ecdng, \u0111\u00e8n n\u00e0y d\u1ec5 d\u00e0ng ph\u1ed1i h\u1ee3p v\u1edbi nhi\u1ec1u lo\u1ea1i ki\u1ebfn tr\u00fac v\u00e0 kh\u00f4ng gian ngo\u1ea1i th\u1ea5t kh\u00e1c nhau. Ch\u1ea5t li\u1ec7u ch\u1ebf t\u1ea1o ch\u1eafc ch\u1eafn nh\u01b0 nh\u00f4m v\u00e0 th\u00e9p kh\u00f4ng g\u1ec9 gi\u00fap \u0111\u00e8n c\u00f3 kh\u1ea3 n\u0103ng ch\u1ecbu \u0111\u01b0\u1ee3c th\u1eddi ti\u1ebft kh\u1eafc nhi\u1ec7t v\u00e0 \u0111\u1ea3m b\u1ea3o tu\u1ed5i th\u1ecd cao.<\/span><\/p>\n<p style=\"text-align: justify;\"><span style=\"font-size: 14pt;\">2. Hi\u1ec7u su\u1ea5t chi\u1ebfu s\u00e1ng: VL-VG06 s\u1eed d\u1ee5ng c\u00f4ng ngh\u1ec7 LED ti\u00ean ti\u1ebfn, mang l\u1ea1i hi\u1ec7u su\u1ea5t chi\u1ebfu s\u00e1ng cao v\u00e0 ti\u1ebft ki\u1ec7m n\u0103ng l\u01b0\u1ee3ng. \u00c1nh s\u00e1ng c\u1ee7a \u0111\u00e8n r\u1ea5t t\u01b0\u01a1i s\u00e1ng v\u00e0 \u0111\u1ed3ng \u0111\u1ec1u, t\u1ea1o ra m\u1ed9t kh\u00f4ng gian s\u00e1ng r\u00f5 r\u00e0ng v\u00e0 m\u00ea ho\u1eb7c. V\u1edbi g\u00f3c chi\u1ebfu r\u1ed9ng, \u0111\u00e8n c\u00f3 th\u1ec3 ph\u1ee7 s\u00f3ng \u00e1nh s\u00e1ng \u0111\u1ec1u tr\u00ean m\u1ed9t di\u1ec7n t\u00edch r\u1ed9ng, t\u1eeb \u0111\u00f3 t\u0103ng c\u01b0\u1eddng \u0111\u1ed9 an to\u00e0n v\u00e0 ti\u1ec7n \u00edch cho khu v\u1ef1c chi\u1ebfu s\u00e1ng.<\/span><\/p>\n<p style=\"text-align: justify;\"><span style=\"font-size: 14pt;\">3. D\u1ec5 d\u00e0ng l\u1eafp \u0111\u1eb7t v\u00e0 b\u1ea3o tr\u00ec: \u0110\u00e8n s\u00e2n v\u01b0\u1eddn VL-VG06 \u0111\u01b0\u1ee3c thi\u1ebft k\u1ebf \u0111\u1ec3 d\u1ec5 d\u00e0ng l\u1eafp \u0111\u1eb7t v\u00e0 c\u00e0i \u0111\u1eb7t trong c\u00e1c khu v\u1ef1c ngo\u1ea1i th\u1ea5t. V\u1edbi k\u1ebft c\u1ea5u \u0111\u01a1n gi\u1ea3n v\u00e0 tr\u1ecdng l\u01b0\u1ee3ng nh\u1eb9, vi\u1ec7c c\u00e0i \u0111\u1eb7t tr\u1edf n\u00ean \u0111\u01a1n gi\u1ea3n h\u01a1n bao gi\u1edd h\u1ebft. \u0110\u00e8n c\u0169ng d\u1ec5 d\u00e0ng b\u1ea3o tr\u00ec v\u00e0 thay th\u1ebf linh ki\u1ec7n khi c\u1ea7n thi\u1ebft, gi\u00fap ti\u1ebft ki\u1ec7m th\u1eddi gian v\u00e0 c\u00f4ng s\u1ee9c.<\/span><\/p>\n<h3 style=\"text-align: justify;\"><span style=\"font-size: 14pt;\">III. \u1ee8ng d\u1ee5ng<\/span><\/h3>\n<p style=\"text-align: justify;\"><span style=\"font-size: 14pt;\">1. Chi\u1ebfu s\u00e1ng c\u00f4ng vi\u00ean: \u0110\u00e8n s\u00e2n v\u01b0\u1eddn VL-VG06 l\u00e0 s\u1ef1 l\u1ef1a ch\u1ecdn ho\u00e0n h\u1ea3o \u0111\u1ec3 chi\u1ebfu s\u00e1ng trong c\u00e1c c\u00f4ng vi\u00ean. V\u1edbi \u00e1nh s\u00e1ng m\u1ea1nh m\u1ebd v\u00e0 g\u00f3c chi\u1ebfu r\u1ed9ng, \u0111\u00e8n gi\u00fap t\u1ea1o ra kh\u00f4ng gian an l\u00e0nh v\u00e0 thu h\u00fat ng\u01b0\u1eddi d\u00e2n t\u1eadn h\u01b0\u1edfng kh\u00f4ng gian c\u00f4ng c\u1ed9ng v\u00e0o ban \u0111\u00eam. Ngo\u00e0i ra, \u00e1nh s\u00e1ng \u0111\u1ed3ng \u0111\u1ec1u t\u1eeb \u0111\u00e8n c\u0169ng gi\u00fap t\u0103ng c\u01b0\u1eddng an ninh v\u00e0 gi\u1ea3m nguy c\u01a1 t\u1ed9i ph\u1ea1m.<\/span><\/p>\n<p style=\"text-align: justify;\"><span style=\"font-size: 14pt;\">2. Chi\u1ebfu s\u00e1ng l\u1ed1i \u0111i b\u1ed9 tr\u00ean v\u1ec9a h\u00e8: \u0110\u00e8n VL-VG06 cung c\u1ea5p \u00e1nh s\u00e1ng tuy\u1ec7t v\u1eddi \u0111\u1ec3 chi\u1ebfu s\u00e1ng l\u1ed1i \u0111i b\u1ed9 tr\u00ean v\u1ec9a h\u00e8. Kh\u1ea3 n\u0103ng chi\u1ebfu s\u00e1ng \u0111\u1ed3ng \u0111\u1ec1u v\u00e0 m\u1ea1nh m\u1ebd gi\u00fap ng\u01b0\u1eddi \u0111i b\u1ed9 c\u1ea3m th\u1ea5y an to\u00e0n v\u00e0 d\u1ec5 d\u00e0ng nh\u00ecn th\u1ea5y \u0111\u01b0\u1eddng \u0111i. \u0110\u1ed3ng th\u1eddi, thi\u1ebft k\u1ebf hi\u1ec7n \u0111\u1ea1i c\u1ee7a \u0111\u00e8n c\u00f2n t\u1ea1o \u0111i\u1ec3m nh\u1ea5n cho kh\u00f4ng gian v\u00e0 t\u0103ng th\u00eam t\u00ednh th\u1ea9m m\u1ef9 cho v\u1ecb tr\u00ed l\u1eafp \u0111\u1eb7t.<\/span><\/p>\n<p style=\"text-align: justify;\"><span style=\"font-size: 14pt;\">3. Chi\u1ebfu s\u00e1ng s\u00e2n v\u01b0\u1eddn: S\u1eed d\u1ee5ng \u0111\u00e8n VL-VG06, b\u1ea1n c\u00f3 th\u1ec3 t\u1ea1o ra kh\u00f4ng gian s\u00e2n v\u01b0\u1eddn th\u00fa v\u1ecb v\u00e0 l\u00e3ng m\u1ea1n v\u00e0o ban \u0111\u00eam. \u00c1nh s\u00e1ng t\u01b0\u01a1i s\u00e1ng v\u00e0 \u0111\u1ed3ng \u0111\u1ec1u t\u1eeb \u0111\u00e8n gi\u00fap t\u1ea1o ra m\u1ed9t kh\u00f4ng gian th\u01b0 gi\u00e3n v\u00e0 thu h\u00fat. B\u1ea1n c\u00f3 th\u1ec3 chi\u1ebfu s\u00e1ng c\u00e1c \u0111i\u1ec3m nh\u1ea5n trong s\u00e2n v\u01b0\u1eddn nh\u01b0 c\u00e2y c\u1ed1i, h\u1ed3 n\u01b0\u1edbc ho\u1eb7c t\u01b0\u1ee3ng tr\u01b0ng, t\u1ea1o n\u00ean m\u1ed9t b\u1ea7u kh\u00f4ng gian th\u1ef1c s\u1ef1 \u0111\u1eb9p m\u1eaft v\u00e0 s\u1ed1ng \u0111\u1ed9ng.<\/span><\/p>\n<h3 style=\"text-align: justify;\"><span style=\"font-size: 14pt;\">IV. B\u1ea3o h\u00e0nh v\u00e0 h\u1ed7 tr\u1ee3 kh\u00e1ch h\u00e0ng<\/span><\/h3>\n<p style=\"text-align: justify;\"><span style=\"font-size: 14pt;\">\u0110\u00e8n s\u00e2n v\u01b0\u1eddn VL-VG06 \u0111\u01b0\u1ee3c ph\u00e2n ph\u1ed1i v\u00e0 b\u1ea3o h\u00e0nh ch\u00ednh h\u00e3ng b\u1edfi Vilight &#8211; m\u1ed9t th\u01b0\u01a1ng hi\u1ec7u uy t\u00edn trong l\u0129nh v\u1ef1c chi\u1ebfu s\u00e1ng. Ch\u00ednh s\u00e1ch b\u1ea3o h\u00e0nh linh ho\u1ea1t v\u00e0 \u0111\u00e1ng tin c\u1eady gi\u00fap b\u1ea1n y\u00ean t\u00e2m v\u1ec1 ch\u1ea5t l\u01b0\u1ee3ng s\u1ea3n ph\u1ea9m. N\u1ebfu g\u1eb7p b\u1ea5t k\u1ef3 v\u1ea5n \u0111\u1ec1 n\u00e0o v\u1ec1 s\u1ea3n ph\u1ea9m trong th\u1eddi gian b\u1ea3o h\u00e0nh, \u0111\u1ed9i ng\u0169 h\u1ed7 tr\u1ee3 kh\u00e1ch h\u00e0ng c\u1ee7a Vilight s\u1ebd s\u1eb5n s\u00e0ng gi\u00fap b\u1ea1n gi\u1ea3i quy\u1ebft.<\/span><\/p>\n<p style=\"text-align: justify;\"><span style=\"font-size: 14pt;\">Ngo\u00e0i ra, Vilight cung c\u1ea5p d\u1ecbch v\u1ee5 t\u01b0 v\u1ea5n v\u00e0 h\u1ed7 tr\u1ee3 k\u1ef9 thu\u1eadt chuy\u00ean nghi\u1ec7p \u0111\u1ec3 \u0111\u1ea3m b\u1ea3o b\u1ea1n c\u00f3 th\u00f4ng tin v\u00e0 gi\u1ea3i ph\u00e1p t\u1ed1t nh\u1ea5t cho nhu c\u1ea7u chi\u1ebfu s\u00e1ng c\u1ee7a m\u00ecnh. \u0110\u1ed9i ng\u0169 chuy\u00ean gia c\u1ee7a Vilight s\u1ebd t\u01b0 v\u1ea5n cho b\u1ea1n v\u1ec1 l\u1ef1a ch\u1ecdn \u0111\u00e8n ph\u00f9 h\u1ee3p, h\u01b0\u1edbng d\u1eabn l\u1eafp \u0111\u1eb7t v\u00e0 s\u1eed d\u1ee5ng, v\u00e0 gi\u1ea3i \u0111\u00e1p m\u1ecdi c\u00e2u h\u1ecfi li\u00ean quan \u0111\u1ebfn s\u1ea3n ph\u1ea9m.<\/span><\/p>\n<h3 style=\"text-align: justify;\"><span style=\"font-size: 14pt;\">V. K\u1ebft lu\u1eadn \u0110\u00e8n s\u00e2n v\u01b0\u1eddn VL-VG06<\/span><\/h3>\n<p style=\"text-align: justify;\"><span style=\"font-size: 14pt;\">\u0110\u00e8n s\u00e2n v\u01b0\u1eddn VL-VG06 c\u1ee7a Vilight l\u00e0 m\u1ed9t gi\u1ea3i ph\u00e1p chi\u1ebfu s\u00e1ng tuy\u1ec7t v\u1eddi cho kh\u00f4ng gian ngo\u1ea1i th\u1ea5t. V\u1edbi thi\u1ebft k\u1ebf ch\u1eafc ch\u1eafn, hi\u1ec7u su\u1ea5t chi\u1ebfu s\u00e1ng cao, v\u00e0 kh\u1ea3 n\u0103ng ch\u1ecbu \u0111\u01b0\u1ee3c th\u1eddi ti\u1ebft kh\u1eafc nhi\u1ec7t, \u0111\u00e8n n\u00e0y mang l\u1ea1i s\u1ef1 an to\u00e0n, ti\u1ec7n \u00edch v\u00e0 t\u00ednh th\u1ea9m m\u1ef9 cho m\u00f4i tr\u01b0\u1eddng ngo\u1ea1i th\u1ea5t c\u1ee7a b\u1ea1n. V\u1edbi s\u1ef1 h\u1ed7 tr\u1ee3 c\u1ee7a Vilight, b\u1ea1n c\u00f3 th\u1ec3 tin t\u01b0\u1edfng v\u00e0o ch\u1ea5t l\u01b0\u1ee3ng s\u1ea3n ph\u1ea9m v\u00e0 d\u1ecbch v\u1ee5 kh\u00e1ch h\u00e0ng chuy\u00ean nghi\u1ec7p. H\u00e3y trang tr\u00ed kh\u00f4ng gian ngo\u1ea1i th\u1ea5t c\u1ee7a b\u1ea1n v\u1edbi \u0111\u00e8n s\u00e2n v\u01b0\u1eddn VL-VG06 \u0111\u1ec3 t\u1ea1o n\u00ean m\u1ed9t kh\u00f4ng gian s\u1ed1ng \u0111\u1ed9ng v\u00e0 tinh t\u1ebf.<\/span><\/p>\n<p style=\"text-align: justify;\"><span style=\"font-size: 14pt;\"><a href=\"https:\/\/vilight.vn\/website\/wp-content\/uploads\/2021\/06\/VG06.jpg\"><img decoding=\"async\" class=\"aligncenter wp-image-1653 lazyload\" data-src=\"https:\/\/vilight.vn\/website\/wp-content\/uploads\/2021\/06\/VG06.jpg\" alt=\"\u0110\u00e8n s\u00e2n v\u01b0\u1eddn VL-VG06\" width=\"1500\" height=\"938\" data-srcset=\"https:\/\/vilight.vn\/website\/wp-content\/uploads\/2021\/06\/VG06.jpg 1200w, https:\/\/vilight.vn\/website\/wp-content\/uploads\/2021\/06\/VG06-800x500.jpg 800w, https:\/\/vilight.vn\/website\/wp-content\/uploads\/2021\/06\/VG06-300x188.jpg 300w, https:\/\/vilight.vn\/website\/wp-content\/uploads\/2021\/06\/VG06-1024x640.jpg 1024w, https:\/\/vilight.vn\/website\/wp-content\/uploads\/2021\/06\/VG06-768x480.jpg 768w, https:\/\/vilight.vn\/website\/wp-content\/uploads\/2021\/06\/VG06-16x10.jpg 16w, https:\/\/vilight.vn\/website\/wp-content\/uploads\/2021\/06\/VG06-234x146.jpg 234w, https:\/\/vilight.vn\/website\/wp-content\/uploads\/2021\/06\/VG06-50x31.jpg 50w, https:\/\/vilight.vn\/website\/wp-content\/uploads\/2021\/06\/VG06-120x75.jpg 120w, https:\/\/vilight.vn\/website\/wp-content\/uploads\/2021\/06\/VG06-600x375.jpg 600w\" data-sizes=\"(max-width:767px) 480px, (max-width:1500px) 100vw, 1500px\" src=\"data:image\/svg+xml;base64,PHN2ZyB3aWR0aD0iMSIgaGVpZ2h0PSIxIiB4bWxucz0iaHR0cDovL3d3dy53My5vcmcvMjAwMC9zdmciPjwvc3ZnPg==\" style=\"--smush-placeholder-width: 1500px; --smush-placeholder-aspect-ratio: 1500\/938;\" \/><\/a><\/span><\/p>\n<p style=\"text-align: justify;\"><span style=\"color: #ffffff; font-size: 14pt;\">VG06 , \u0110\u00e8n s\u00e2n v\u01b0\u1eddn VG06 , \u0110\u00e8n VG06 , \u0110\u00e8n s\u00e2n v\u01b0\u1eddn VG06 , \u0110\u00e8n\u00a0<\/span><\/p>\n","protected":false},"excerpt":{"rendered":"<p>D\u00f2ng \u0111\u00e8n s\u00e2n v\u01b0\u1eddn VG6 v\u1edbi ba model: VG6-30, VG6-60, v\u00e0 VG6-85, l\u00e0 gi\u1ea3i ph\u00e1p chi\u1ebfu s\u00e1ng ngo\u00e0i tr\u1eddi hi\u1ec7u qu\u1ea3, b\u1ec1n b\u1ec9 v\u1edbi c\u00e1c t\u00f9y ch\u1ecdn c\u00f4ng su\u1ea5t t\u1eeb 30W \u0111\u1ebfn 85W. \u0110\u00e8n ho\u1ea1t \u0111\u1ed9ng \u1ed5n \u0111\u1ecbnh trong d\u1ea3i \u0111i\u1ec7n \u00e1p r\u1ed9ng AC 100-277V, 50\/60 Hz, \u0111\u1ea3m b\u1ea3o ti\u1ebft ki\u1ec7m n\u0103ng l\u01b0\u1ee3ng v\u00e0 \u0111\u1ed9 s\u00e1ng m\u1ea1nh m\u1ebd.<\/p>\n<p>&nbsp;<\/p>\n","protected":false},"featured_media":1654,"template":"","meta":[],"product_brand":[],"product_cat":[73,70],"product_tag":[450],"class_list":{"0":"post-1652","1":"product","2":"type-product","3":"status-publish","4":"has-post-thumbnail","6":"product_cat-den-chieu-sang-facade","7":"product_cat-den-san-vuon","8":"product_tag-den-san-vuon-vl-vg06","9":"pa_chuan-dieu-khien-on-off","10":"pa_dien-ap-hoat-dong-ac-100-277v","11":"pa_do-kin-ip-66","12":"pa_nhiet-do-mau-3000k","13":"pa_nhiet-do-mau-4000k","14":"pa_nhiet-do-mau-5700k","16":"first","17":"instock","18":"taxable","19":"shipping-taxable","20":"product-type-simple"},"yoast_head":"<!-- This site is optimized with the Yoast SEO Premium plugin v27.6 (Yoast SEO v27.6) - https:\/\/yoast.com\/product\/yoast-seo-premium-wordpress\/ -->\n<title>\u0110\u00e8n s\u00e2n v\u01b0\u1eddn VL-VG06 Nh\u1eadp kh\u1ea9u v\u00e0 ph\u00e2n ph\u1ed1i ch\u00ednh h\u00e3ng t\u1ea1i - Vilight Co.ltd<\/title>\n<meta name=\"description\" content=\"\u0110\u00e8n s\u00e2n v\u01b0\u1eddn VL-VG06 ph\u00f9 h\u1ee3p cho nhi\u1ec1u m\u1ee5c \u0111\u00ednh s\u1eed d\u1ee5ng kh\u00e1c nhau. \u0110\u00e8n c\u00f3 \u0111\u1ed9 b\u1ec1n cao , s\u1eed d\u1ee5ng Chip t\u1eeb c\u00e1c th\u01b0\u01a1ng hi\u1ec7u l\u1edbn\" \/>\n<meta name=\"robots\" content=\"index, follow, max-snippet:-1, max-image-preview:large, max-video-preview:-1\" \/>\n<link rel=\"canonical\" href=\"https:\/\/vilight.vn\/website\/san-pham\/den-chieu-sang-facade\/den-san-vuon-vl-vg06\/\" \/>\n<meta property=\"og:locale\" content=\"vi_VN\" \/>\n<meta property=\"og:type\" content=\"article\" \/>\n<meta property=\"og:title\" content=\"\u0110\u00e8n s\u00e2n v\u01b0\u1eddn VL-VG06\" \/>\n<meta property=\"og:description\" content=\"D\u00f2ng \u0111\u00e8n s\u00e2n v\u01b0\u1eddn VG6 v\u1edbi ba model: VG6-30, VG6-60, v\u00e0 VG6-85, l\u00e0 gi\u1ea3i ph\u00e1p chi\u1ebfu s\u00e1ng ngo\u00e0i tr\u1eddi hi\u1ec7u qu\u1ea3, b\u1ec1n b\u1ec9 v\u1edbi c\u00e1c t\u00f9y ch\u1ecdn c\u00f4ng su\u1ea5t t\u1eeb 30W \u0111\u1ebfn 85W. \u0110\u00e8n ho\u1ea1t \u0111\u1ed9ng \u1ed5n \u0111\u1ecbnh trong d\u1ea3i \u0111i\u1ec7n \u00e1p r\u1ed9ng AC 100-277V, 50\/60 Hz, \u0111\u1ea3m b\u1ea3o ti\u1ebft ki\u1ec7m n\u0103ng l\u01b0\u1ee3ng v\u00e0 \u0111\u1ed9 s\u00e1ng m\u1ea1nh m\u1ebd.  &nbsp;\" \/>\n<meta property=\"og:url\" content=\"https:\/\/vilight.vn\/website\/san-pham\/den-chieu-sang-facade\/den-san-vuon-vl-vg06\/\" \/>\n<meta property=\"og:site_name\" content=\"Vilight Co.ltd\" \/>\n<meta property=\"article:publisher\" content=\"http:\/\/facebook.com\/vilight.vn\" \/>\n<meta property=\"article:modified_time\" content=\"2024-10-04T09:36:37+00:00\" \/>\n<meta property=\"og:image\" content=\"https:\/\/vilight.vn\/website\/wp-content\/uploads\/2021\/06\/VG06-Logo.jpg\" \/>\n\t<meta property=\"og:image:width\" content=\"600\" \/>\n\t<meta property=\"og:image:height\" content=\"600\" \/>\n\t<meta property=\"og:image:type\" content=\"image\/jpeg\" \/>\n<meta name=\"twitter:card\" content=\"summary_large_image\" \/>\n<meta name=\"twitter:label1\" content=\"Gi\u00e1\" \/>\n\t<meta name=\"twitter:data1\" content=\"\" \/>\n\t<meta name=\"twitter:label2\" content=\"Kh\u1ea3 d\u1ee5ng\" \/>\n\t<meta name=\"twitter:data2\" content=\"Trong kho\" \/>\n<script type=\"application\/ld+json\" class=\"yoast-schema-graph\">{\"@context\":\"https:\\\/\\\/schema.org\",\"@graph\":[{\"@type\":\"WebPage\",\"@id\":\"https:\\\/\\\/vilight.vn\\\/website\\\/san-pham\\\/den-chieu-sang-facade\\\/den-san-vuon-vl-vg06\\\/\",\"url\":\"https:\\\/\\\/vilight.vn\\\/website\\\/san-pham\\\/den-chieu-sang-facade\\\/den-san-vuon-vl-vg06\\\/\",\"name\":\"\u0110\u00e8n s\u00e2n v\u01b0\u1eddn VL-VG06 Nh\u1eadp kh\u1ea9u v\u00e0 ph\u00e2n ph\u1ed1i ch\u00ednh h\u00e3ng t\u1ea1i - Vilight Co.ltd\",\"isPartOf\":{\"@id\":\"https:\\\/\\\/vilight.vn\\\/website\\\/#website\"},\"primaryImageOfPage\":{\"@id\":\"https:\\\/\\\/vilight.vn\\\/website\\\/san-pham\\\/den-chieu-sang-facade\\\/den-san-vuon-vl-vg06\\\/#primaryimage\"},\"image\":{\"@id\":\"https:\\\/\\\/vilight.vn\\\/website\\\/san-pham\\\/den-chieu-sang-facade\\\/den-san-vuon-vl-vg06\\\/#primaryimage\"},\"thumbnailUrl\":\"https:\\\/\\\/vilight.vn\\\/website\\\/wp-content\\\/uploads\\\/2021\\\/06\\\/VG06-Logo.jpg\",\"datePublished\":\"2021-06-30T07:04:33+00:00\",\"dateModified\":\"2024-10-04T09:36:37+00:00\",\"description\":\"\u0110\u00e8n s\u00e2n v\u01b0\u1eddn VL-VG06 ph\u00f9 h\u1ee3p cho nhi\u1ec1u m\u1ee5c \u0111\u00ednh s\u1eed d\u1ee5ng kh\u00e1c nhau. \u0110\u00e8n c\u00f3 \u0111\u1ed9 b\u1ec1n cao , s\u1eed d\u1ee5ng Chip t\u1eeb c\u00e1c th\u01b0\u01a1ng hi\u1ec7u l\u1edbn\",\"breadcrumb\":{\"@id\":\"https:\\\/\\\/vilight.vn\\\/website\\\/san-pham\\\/den-chieu-sang-facade\\\/den-san-vuon-vl-vg06\\\/#breadcrumb\"},\"inLanguage\":\"vi\",\"potentialAction\":[{\"@type\":\"ReadAction\",\"target\":[\"https:\\\/\\\/vilight.vn\\\/website\\\/san-pham\\\/den-chieu-sang-facade\\\/den-san-vuon-vl-vg06\\\/\"]}]},{\"@type\":\"ImageObject\",\"inLanguage\":\"vi\",\"@id\":\"https:\\\/\\\/vilight.vn\\\/website\\\/san-pham\\\/den-chieu-sang-facade\\\/den-san-vuon-vl-vg06\\\/#primaryimage\",\"url\":\"https:\\\/\\\/vilight.vn\\\/website\\\/wp-content\\\/uploads\\\/2021\\\/06\\\/VG06-Logo.jpg\",\"contentUrl\":\"https:\\\/\\\/vilight.vn\\\/website\\\/wp-content\\\/uploads\\\/2021\\\/06\\\/VG06-Logo.jpg\",\"width\":600,\"height\":600,\"caption\":\"\u0110\u00e8n s\u00e2n v\u01b0\u1eddn VL-VG06\"},{\"@type\":\"BreadcrumbList\",\"@id\":\"https:\\\/\\\/vilight.vn\\\/website\\\/san-pham\\\/den-chieu-sang-facade\\\/den-san-vuon-vl-vg06\\\/#breadcrumb\",\"itemListElement\":[{\"@type\":\"ListItem\",\"position\":1,\"name\":\"Home\",\"item\":\"https:\\\/\\\/vilight.vn\\\/website\\\/\"},{\"@type\":\"ListItem\",\"position\":2,\"name\":\"store\",\"item\":\"https:\\\/\\\/vilight.vn\\\/website\\\/store\\\/\"},{\"@type\":\"ListItem\",\"position\":3,\"name\":\"\u0110\u00e8n s\u00e2n v\u01b0\u1eddn VL-VG06\"}]},{\"@type\":\"WebSite\",\"@id\":\"https:\\\/\\\/vilight.vn\\\/website\\\/#website\",\"url\":\"https:\\\/\\\/vilight.vn\\\/website\\\/\",\"name\":\"Vilight Co.ltd\",\"description\":\"Chi\u1ebfu s\u00e1ng m\u1ef9 thu\u1eadt, chi\u1ebfu s\u00e1ng th\u00f4ng minh, LED Pixel 3D, chi\u1ebfu s\u00e1ng trang tr\u00ed \u0111\u00f4 th\u1ecb, chi\u1ebfu s\u00e1ng v\u00f2ng xoay, chi\u1ebfu s\u00e1ng \u0111\u1ea3o giao th\u00f4ng, c\u1ed5ng ch\u00e0o \u0111\u00f4 th\u1ecb\",\"publisher\":{\"@id\":\"https:\\\/\\\/vilight.vn\\\/website\\\/#organization\"},\"potentialAction\":[{\"@type\":\"SearchAction\",\"target\":{\"@type\":\"EntryPoint\",\"urlTemplate\":\"https:\\\/\\\/vilight.vn\\\/website\\\/?s={search_term_string}\"},\"query-input\":{\"@type\":\"PropertyValueSpecification\",\"valueRequired\":true,\"valueName\":\"search_term_string\"}}],\"inLanguage\":\"vi\"},{\"@type\":\"Organization\",\"@id\":\"https:\\\/\\\/vilight.vn\\\/website\\\/#organization\",\"name\":\"Vilight\",\"url\":\"https:\\\/\\\/vilight.vn\\\/website\\\/\",\"logo\":{\"@type\":\"ImageObject\",\"inLanguage\":\"vi\",\"@id\":\"https:\\\/\\\/vilight.vn\\\/website\\\/#\\\/schema\\\/logo\\\/image\\\/\",\"url\":\"https:\\\/\\\/vilight.vn\\\/website\\\/wp-content\\\/uploads\\\/2022\\\/05\\\/chieu_sang_trang_tri_do_thi_bang_den_led_pixel.png\",\"contentUrl\":\"https:\\\/\\\/vilight.vn\\\/website\\\/wp-content\\\/uploads\\\/2022\\\/05\\\/chieu_sang_trang_tri_do_thi_bang_den_led_pixel.png\",\"width\":800,\"height\":427,\"caption\":\"Vilight\"},\"image\":{\"@id\":\"https:\\\/\\\/vilight.vn\\\/website\\\/#\\\/schema\\\/logo\\\/image\\\/\"},\"sameAs\":[\"http:\\\/\\\/facebook.com\\\/vilight.vn\",\"https:\\\/\\\/www.linkedin.com\\\/company\\\/vilight-vn\",\"https:\\\/\\\/www.youtube.com\\\/channel\\\/UCEwR2naeDcuarMX1kSv_rLQ\\\/videos\"]}]}<\/script>\n<meta property=\"product:brand\" content=\"\u0110\u00e8n chi\u1ebfu s\u00e1ng Facade\" \/>\n<meta property=\"product:price:currency\" content=\"VND\" \/>\n<meta property=\"og:availability\" content=\"instock\" \/>\n<meta property=\"product:availability\" content=\"instock\" \/>\n<meta property=\"product:condition\" content=\"new\" \/>\n<!-- \/ Yoast SEO Premium plugin. -->","yoast_head_json":{"title":"\u0110\u00e8n s\u00e2n v\u01b0\u1eddn VL-VG06 Nh\u1eadp kh\u1ea9u v\u00e0 ph\u00e2n ph\u1ed1i ch\u00ednh h\u00e3ng t\u1ea1i - Vilight Co.ltd","description":"\u0110\u00e8n s\u00e2n v\u01b0\u1eddn VL-VG06 ph\u00f9 h\u1ee3p cho nhi\u1ec1u m\u1ee5c \u0111\u00ednh s\u1eed d\u1ee5ng kh\u00e1c nhau. \u0110\u00e8n c\u00f3 \u0111\u1ed9 b\u1ec1n cao , s\u1eed d\u1ee5ng Chip t\u1eeb c\u00e1c th\u01b0\u01a1ng hi\u1ec7u l\u1edbn","robots":{"index":"index","follow":"follow","max-snippet":"max-snippet:-1","max-image-preview":"max-image-preview:large","max-video-preview":"max-video-preview:-1"},"canonical":"https:\/\/vilight.vn\/website\/san-pham\/den-chieu-sang-facade\/den-san-vuon-vl-vg06\/","og_locale":"vi_VN","og_type":"article","og_title":"\u0110\u00e8n s\u00e2n v\u01b0\u1eddn VL-VG06","og_description":"D\u00f2ng \u0111\u00e8n s\u00e2n v\u01b0\u1eddn VG6 v\u1edbi ba model: VG6-30, VG6-60, v\u00e0 VG6-85, l\u00e0 gi\u1ea3i ph\u00e1p chi\u1ebfu s\u00e1ng ngo\u00e0i tr\u1eddi hi\u1ec7u qu\u1ea3, b\u1ec1n b\u1ec9 v\u1edbi c\u00e1c t\u00f9y ch\u1ecdn c\u00f4ng su\u1ea5t t\u1eeb 30W \u0111\u1ebfn 85W. \u0110\u00e8n ho\u1ea1t \u0111\u1ed9ng \u1ed5n \u0111\u1ecbnh trong d\u1ea3i \u0111i\u1ec7n \u00e1p r\u1ed9ng AC 100-277V, 50\/60 Hz, \u0111\u1ea3m b\u1ea3o ti\u1ebft ki\u1ec7m n\u0103ng l\u01b0\u1ee3ng v\u00e0 \u0111\u1ed9 s\u00e1ng m\u1ea1nh m\u1ebd.  &nbsp;","og_url":"https:\/\/vilight.vn\/website\/san-pham\/den-chieu-sang-facade\/den-san-vuon-vl-vg06\/","og_site_name":"Vilight Co.ltd","article_publisher":"http:\/\/facebook.com\/vilight.vn","article_modified_time":"2024-10-04T09:36:37+00:00","og_image":[{"width":600,"height":600,"url":"https:\/\/vilight.vn\/website\/wp-content\/uploads\/2021\/06\/VG06-Logo.jpg","type":"image\/jpeg"}],"twitter_card":"summary_large_image","twitter_misc":{"Gi\u00e1":"","Kh\u1ea3 d\u1ee5ng":"Trong kho"},"schema":{"@context":"https:\/\/schema.org","@graph":[{"@type":"WebPage","@id":"https:\/\/vilight.vn\/website\/san-pham\/den-chieu-sang-facade\/den-san-vuon-vl-vg06\/","url":"https:\/\/vilight.vn\/website\/san-pham\/den-chieu-sang-facade\/den-san-vuon-vl-vg06\/","name":"\u0110\u00e8n s\u00e2n v\u01b0\u1eddn VL-VG06 Nh\u1eadp kh\u1ea9u v\u00e0 ph\u00e2n ph\u1ed1i ch\u00ednh h\u00e3ng t\u1ea1i - Vilight Co.ltd","isPartOf":{"@id":"https:\/\/vilight.vn\/website\/#website"},"primaryImageOfPage":{"@id":"https:\/\/vilight.vn\/website\/san-pham\/den-chieu-sang-facade\/den-san-vuon-vl-vg06\/#primaryimage"},"image":{"@id":"https:\/\/vilight.vn\/website\/san-pham\/den-chieu-sang-facade\/den-san-vuon-vl-vg06\/#primaryimage"},"thumbnailUrl":"https:\/\/vilight.vn\/website\/wp-content\/uploads\/2021\/06\/VG06-Logo.jpg","datePublished":"2021-06-30T07:04:33+00:00","dateModified":"2024-10-04T09:36:37+00:00","description":"\u0110\u00e8n s\u00e2n v\u01b0\u1eddn VL-VG06 ph\u00f9 h\u1ee3p cho nhi\u1ec1u m\u1ee5c \u0111\u00ednh s\u1eed d\u1ee5ng kh\u00e1c nhau. \u0110\u00e8n c\u00f3 \u0111\u1ed9 b\u1ec1n cao , s\u1eed d\u1ee5ng Chip t\u1eeb c\u00e1c th\u01b0\u01a1ng hi\u1ec7u l\u1edbn","breadcrumb":{"@id":"https:\/\/vilight.vn\/website\/san-pham\/den-chieu-sang-facade\/den-san-vuon-vl-vg06\/#breadcrumb"},"inLanguage":"vi","potentialAction":[{"@type":"ReadAction","target":["https:\/\/vilight.vn\/website\/san-pham\/den-chieu-sang-facade\/den-san-vuon-vl-vg06\/"]}]},{"@type":"ImageObject","inLanguage":"vi","@id":"https:\/\/vilight.vn\/website\/san-pham\/den-chieu-sang-facade\/den-san-vuon-vl-vg06\/#primaryimage","url":"https:\/\/vilight.vn\/website\/wp-content\/uploads\/2021\/06\/VG06-Logo.jpg","contentUrl":"https:\/\/vilight.vn\/website\/wp-content\/uploads\/2021\/06\/VG06-Logo.jpg","width":600,"height":600,"caption":"\u0110\u00e8n s\u00e2n v\u01b0\u1eddn VL-VG06"},{"@type":"BreadcrumbList","@id":"https:\/\/vilight.vn\/website\/san-pham\/den-chieu-sang-facade\/den-san-vuon-vl-vg06\/#breadcrumb","itemListElement":[{"@type":"ListItem","position":1,"name":"Home","item":"https:\/\/vilight.vn\/website\/"},{"@type":"ListItem","position":2,"name":"store","item":"https:\/\/vilight.vn\/website\/store\/"},{"@type":"ListItem","position":3,"name":"\u0110\u00e8n s\u00e2n v\u01b0\u1eddn VL-VG06"}]},{"@type":"WebSite","@id":"https:\/\/vilight.vn\/website\/#website","url":"https:\/\/vilight.vn\/website\/","name":"Vilight Co.ltd","description":"Chi\u1ebfu s\u00e1ng m\u1ef9 thu\u1eadt, chi\u1ebfu s\u00e1ng th\u00f4ng minh, LED Pixel 3D, chi\u1ebfu s\u00e1ng trang tr\u00ed \u0111\u00f4 th\u1ecb, chi\u1ebfu s\u00e1ng v\u00f2ng xoay, chi\u1ebfu s\u00e1ng \u0111\u1ea3o giao th\u00f4ng, c\u1ed5ng ch\u00e0o \u0111\u00f4 th\u1ecb","publisher":{"@id":"https:\/\/vilight.vn\/website\/#organization"},"potentialAction":[{"@type":"SearchAction","target":{"@type":"EntryPoint","urlTemplate":"https:\/\/vilight.vn\/website\/?s={search_term_string}"},"query-input":{"@type":"PropertyValueSpecification","valueRequired":true,"valueName":"search_term_string"}}],"inLanguage":"vi"},{"@type":"Organization","@id":"https:\/\/vilight.vn\/website\/#organization","name":"Vilight","url":"https:\/\/vilight.vn\/website\/","logo":{"@type":"ImageObject","inLanguage":"vi","@id":"https:\/\/vilight.vn\/website\/#\/schema\/logo\/image\/","url":"https:\/\/vilight.vn\/website\/wp-content\/uploads\/2022\/05\/chieu_sang_trang_tri_do_thi_bang_den_led_pixel.png","contentUrl":"https:\/\/vilight.vn\/website\/wp-content\/uploads\/2022\/05\/chieu_sang_trang_tri_do_thi_bang_den_led_pixel.png","width":800,"height":427,"caption":"Vilight"},"image":{"@id":"https:\/\/vilight.vn\/website\/#\/schema\/logo\/image\/"},"sameAs":["http:\/\/facebook.com\/vilight.vn","https:\/\/www.linkedin.com\/company\/vilight-vn","https:\/\/www.youtube.com\/channel\/UCEwR2naeDcuarMX1kSv_rLQ\/videos"]}]},"product_brand":"\u0110\u00e8n chi\u1ebfu s\u00e1ng Facade","product_price_currency":"VND","og_availability":"instock","product_availability":"instock","product_condition":"new"},"_links":{"self":[{"href":"https:\/\/vilight.vn\/website\/wp-json\/wp\/v2\/product\/1652","targetHints":{"allow":["GET"]}}],"collection":[{"href":"https:\/\/vilight.vn\/website\/wp-json\/wp\/v2\/product"}],"about":[{"href":"https:\/\/vilight.vn\/website\/wp-json\/wp\/v2\/types\/product"}],"wp:featuredmedia":[{"embeddable":true,"href":"https:\/\/vilight.vn\/website\/wp-json\/wp\/v2\/media\/1654"}],"wp:attachment":[{"href":"https:\/\/vilight.vn\/website\/wp-json\/wp\/v2\/media?parent=1652"}],"wp:term":[{"taxonomy":"product_brand","embeddable":true,"href":"https:\/\/vilight.vn\/website\/wp-json\/wp\/v2\/product_brand?post=1652"},{"taxonomy":"product_cat","embeddable":true,"href":"https:\/\/vilight.vn\/website\/wp-json\/wp\/v2\/product_cat?post=1652"},{"taxonomy":"product_tag","embeddable":true,"href":"https:\/\/vilight.vn\/website\/wp-json\/wp\/v2\/product_tag?post=1652"}],"curies":[{"name":"wp","href":"https:\/\/api.w.org\/{rel}","templated":true}]}}