{"id":1804,"date":"2021-07-02T11:32:03","date_gmt":"2021-07-02T04:32:03","guid":{"rendered":"https:\/\/vilight.vn\/website\/?post_type=product&#038;p=1804"},"modified":"2023-08-22T10:32:53","modified_gmt":"2023-08-22T03:32:53","slug":"den-led-vl-p12a","status":"publish","type":"product","link":"https:\/\/vilight.vn\/website\/san-pham\/den-led-pixel\/den-led-vl-p12a\/","title":{"rendered":"\u0110\u00e8n Led VL-P12A"},"content":{"rendered":"<h2 style=\"text-align: justify;\"><span style=\"font-size: 18pt;\">Gi\u1edbi thi\u1ec7u m\u1eabu \u0110\u00e8n Led VL-P12A<\/span><\/h2>\n<p style=\"text-align: justify;\"><span style=\"font-size: 14pt;\">\u0110\u00e8n LED -P12A l\u00e0 s\u1ea3n ph\u1ea9m \u0111\u01b0\u1ee3c l\u00e0m b\u1eb1ng \u0111\u00e8n LED \u0111\u1ed9 s\u00e1ng cao RGB 8mm v\u00e0 s\u1eed d\u1ee5ng chip c\u1ee7a h\u00e3ng TaiWan Epistar. \u0110i\u1ec1u n\u00e0y \u0111\u1ea3m b\u1ea3o \u0111\u1ed9 s\u00e1ng cao v\u00e0 \u0111\u1ed3ng nh\u1ea5t c\u1ee7a m\u00e0u s\u00e1ng, c\u0169ng nh\u01b0 \u0111\u1ed9 b\u00e3o h\u00f2a m\u00e0u t\u1ed1t v\u00e0 \u0111\u1ed9 \u1ed5n \u0111\u1ecbnh cao.<\/span><\/p>\n<p style=\"text-align: justify;\"><span style=\"font-size: 14pt;\">V\u1edbi k\u1ebft c\u1ea5u kh\u1edbp n\u1ed1i \u0111\u1eb7c bi\u1ec7t, \u0111\u00e8n LED n\u00e0y ph\u00f9 h\u1ee3p v\u1edbi t\u1ea5t c\u1ea3 c\u00e1c lo\u1ea1i b\u1ea3ng. N\u00f3 c\u00f3 th\u1ec3 \u0111\u01b0\u1ee3c c\u00e0i \u0111\u1eb7t tr\u1ef1c ti\u1ebfp sau khi \u0111\u00e0o l\u1ed7 m\u00e0 kh\u00f4ng c\u1ea7n c\u00e1c b\u01b0\u1edbc ph\u1ee9c t\u1ea1p, d\u1ec5 d\u00e0ng v\u00e0 nhanh ch\u00f3ng. \u0110i\u1ec1u n\u00e0y mang l\u1ea1i s\u1ef1 thu\u1eadn ti\u1ec7n trong vi\u1ec7c l\u1eafp \u0111\u1eb7t.<\/span><\/p>\n<p style=\"text-align: justify;\"><span style=\"font-size: 14pt;\">Ngo\u00e0i ra, \u0111\u00e8n LED -P12A c\u0169ng s\u1eed d\u1ee5ng keo epoxy Ucs AB, lo\u1ea1i keo c\u00f3 kh\u1ea3 n\u0103ng ch\u1ecbu l\u1ef1c n\u00e9n t\u1ed1t v\u00e0 ch\u1ed1ng th\u1ea5m cao c\u1ea5p. \u0110i\u1ec1u n\u00e0y \u0111\u1ea3m b\u1ea3o r\u1eb1ng \u0111\u00e8n LED s\u1ebd c\u00f3 tu\u1ed5i th\u1ecd l\u00e2u d\u00e0i v\u00e0 kh\u1ea3 n\u0103ng ch\u1ed1ng th\u1ea5m n\u01b0\u1edbc t\u1ed1t.<\/span><\/p>\n<p style=\"text-align: justify;\"><span style=\"font-size: 14pt;\"><a href=\"https:\/\/vilight.vn\/website\/wp-content\/uploads\/2021\/07\/P12-TT.jpg\"><img decoding=\"async\" class=\"wp-image-1841 size-full aligncenter lazyload\" data-src=\"https:\/\/vilight.vn\/website\/wp-content\/uploads\/2021\/07\/P12-TT.jpg\" alt=\"\u0110\u00e8n Led VL-P12A\" width=\"1200\" height=\"1493\" data-srcset=\"https:\/\/vilight.vn\/website\/wp-content\/uploads\/2021\/07\/P12-TT.jpg 1200w, https:\/\/vilight.vn\/website\/wp-content\/uploads\/2021\/07\/P12-TT-800x995.jpg 800w, https:\/\/vilight.vn\/website\/wp-content\/uploads\/2021\/07\/P12-TT-241x300.jpg 241w, https:\/\/vilight.vn\/website\/wp-content\/uploads\/2021\/07\/P12-TT-823x1024.jpg 823w, https:\/\/vilight.vn\/website\/wp-content\/uploads\/2021\/07\/P12-TT-768x956.jpg 768w, https:\/\/vilight.vn\/website\/wp-content\/uploads\/2021\/07\/P12-TT-10x12.jpg 10w, https:\/\/vilight.vn\/website\/wp-content\/uploads\/2021\/07\/P12-TT-117x146.jpg 117w, https:\/\/vilight.vn\/website\/wp-content\/uploads\/2021\/07\/P12-TT-40x50.jpg 40w, https:\/\/vilight.vn\/website\/wp-content\/uploads\/2021\/07\/P12-TT-60x75.jpg 60w, https:\/\/vilight.vn\/website\/wp-content\/uploads\/2021\/07\/P12-TT-600x747.jpg 600w\" data-sizes=\"(max-width:767px) 480px, (max-width:1200px) 100vw, 1200px\" src=\"data:image\/svg+xml;base64,PHN2ZyB3aWR0aD0iMSIgaGVpZ2h0PSIxIiB4bWxucz0iaHR0cDovL3d3dy53My5vcmcvMjAwMC9zdmciPjwvc3ZnPg==\" style=\"--smush-placeholder-width: 1200px; --smush-placeholder-aspect-ratio: 1200\/1493;\" \/><\/a><\/span><\/p>\n<h3 style=\"text-align: justify;\"><span style=\"font-size: 14pt;\">T\u00f3m l\u1ea1i, \u0111\u00e8n LED VL-P12A c\u00f3 \u0111\u1eb7c \u0111i\u1ec3m nh\u01b0 sau:<\/span><\/h3>\n<pre><span style=\"font-family: arial, helvetica, sans-serif; font-size: 14pt;\">- S\u1eed d\u1ee5ng \u0111\u00e8n LED \u0111\u1ed9 s\u00e1ng cao RGB 8mm v\u00e0 chip c\u1ee7a h\u00e3ng TaiWan Epistar.<\/span>\r\n<span style=\"font-family: arial, helvetica, sans-serif; font-size: 14pt;\">- \u0110\u1ed9 s\u00e1ng cao v\u00e0 \u0111\u1ed3ng nh\u1ea5t c\u1ee7a m\u00e0u s\u00e1ng.<\/span>\r\n<span style=\"font-family: arial, helvetica, sans-serif; font-size: 14pt;\">- \u0110\u1ed9 b\u00e3o h\u00f2a m\u00e0u t\u1ed1t v\u00e0 \u0111\u1ed9 \u1ed5n \u0111\u1ecbnh cao.<\/span>\r\n<span style=\"font-family: arial, helvetica, sans-serif; font-size: 14pt;\">- K\u1ebft c\u1ea5u kh\u1edbp n\u1ed1i \u0111\u1eb7c bi\u1ec7t, ph\u00f9 h\u1ee3p v\u1edbi t\u1ea5t c\u1ea3 c\u00e1c lo\u1ea1i b\u1ea3ng.<\/span>\r\n<span style=\"font-family: arial, helvetica, sans-serif; font-size: 14pt;\">- D\u1ec5 d\u00e0ng v\u00e0 nhanh ch\u00f3ng \u0111\u1ec3 c\u00e0i \u0111\u1eb7t sau khi \u0111\u00e0o l\u1ed7.<\/span>\r\n<span style=\"font-family: arial, helvetica, sans-serif; font-size: 14pt;\">- S\u1eed d\u1ee5ng keo epoxy Ucs AB ch\u1ecbu l\u1ef1c n\u00e9n t\u1ed1t v\u00e0 ch\u1ed1ng th\u1ea5m cao c\u1ea5p.<\/span><\/pre>\n","protected":false},"excerpt":{"rendered":"<p style=\"text-align: justify;\"><span style=\"font-size: 14pt;\">\u0110\u00e8n LED VL-P12A: \u0110\u1ed9 s\u00e1ng cao, m\u00e0u s\u1eafc \u0111a d\u1ea1ng, d\u1ec5 l\u1eafp \u0111\u1eb7t. S\u1eed d\u1ee5ng chip Epistar, \u0111\u1ed3ng nh\u1ea5t m\u00e0u s\u00e1ng, b\u00e3o h\u00f2a m\u00e0u t\u1ed1t. K\u1ebft c\u1ea5u kh\u1edbp n\u1ed1i \u0111\u1eb7c bi\u1ec7t, ph\u00f9 h\u1ee3p v\u1edbi m\u1ecdi b\u1ea3ng. L\u1eafp \u0111\u1eb7t nhanh ch\u00f3ng, keo epoxy ch\u1ed1ng th\u1ea5m. \u0110\u00e8n LED \u1ed5n \u0111\u1ecbnh, b\u1ec1n b\u1ec9, t\u1ea1o kh\u00f4ng gian s\u00e1ng r\u1ef1c r\u1ee1.<\/span><\/p>\n","protected":false},"featured_media":1803,"template":"","meta":[],"product_brand":[],"product_cat":[77,299],"product_tag":[],"class_list":{"0":"post-1804","1":"product","2":"type-product","3":"status-publish","4":"has-post-thumbnail","6":"product_cat-den-led-pixel","7":"product_cat-p-series","8":"pa_chip-led-cree","9":"pa_chip-led-epistar","10":"pa_chuan-dieu-khien-constant","11":"pa_chuan-dieu-khien-dmx","12":"pa_chuan-dieu-khien-ttl","13":"pa_dien-ap-hoat-dong-12v","14":"pa_dien-ap-hoat-dong-dc-5v","15":"pa_do-kin-ip65","16":"pa_goc-chieu-213","18":"first","19":"instock","20":"taxable","21":"shipping-taxable","22":"product-type-simple"},"yoast_head":"<!-- This site is optimized with the Yoast SEO Premium plugin v27.5 (Yoast SEO v27.5) - https:\/\/yoast.com\/product\/yoast-seo-premium-wordpress\/ -->\n<title>\u0110\u00e8n Led VL-P12A - Vilight Co.ltd<\/title>\n<meta name=\"description\" content=\"\u0110\u00e8n Led VL-P12A l\u00e0m b\u1eb1ng \u0111\u00e8n LED \u0111\u1ed9 s\u00e1ng cao RGB 8mm. S\u1eed d\u1ee5ng chip TaiWan Epistar, v\u1edbi \u0111\u1ed9 s\u00e1ng cao, \u0111\u1ed9 \u0111\u1ed3ng nh\u1ea5t c\u1ee7a m\u00e0u s\u00e1ng.\" \/>\n<meta name=\"robots\" content=\"index, follow, max-snippet:-1, max-image-preview:large, max-video-preview:-1\" \/>\n<link rel=\"canonical\" href=\"https:\/\/vilight.vn\/website\/san-pham\/den-led-pixel\/den-led-vl-p12a\/\" \/>\n<meta property=\"og:locale\" content=\"vi_VN\" \/>\n<meta property=\"og:type\" content=\"article\" \/>\n<meta property=\"og:title\" content=\"\u0110\u00e8n Led VL-P12A\" \/>\n<meta property=\"og:description\" content=\"\u0110\u00e8n LED VL-P12A: \u0110\u1ed9 s\u00e1ng cao, m\u00e0u s\u1eafc \u0111a d\u1ea1ng, d\u1ec5 l\u1eafp \u0111\u1eb7t. S\u1eed d\u1ee5ng chip Epistar, \u0111\u1ed3ng nh\u1ea5t m\u00e0u s\u00e1ng, b\u00e3o h\u00f2a m\u00e0u t\u1ed1t. K\u1ebft c\u1ea5u kh\u1edbp n\u1ed1i \u0111\u1eb7c bi\u1ec7t, ph\u00f9 h\u1ee3p v\u1edbi m\u1ecdi b\u1ea3ng. L\u1eafp \u0111\u1eb7t nhanh ch\u00f3ng, keo epoxy ch\u1ed1ng th\u1ea5m. \u0110\u00e8n LED \u1ed5n \u0111\u1ecbnh, b\u1ec1n b\u1ec9, t\u1ea1o kh\u00f4ng gian s\u00e1ng r\u1ef1c r\u1ee1.\" \/>\n<meta property=\"og:url\" content=\"https:\/\/vilight.vn\/website\/san-pham\/den-led-pixel\/den-led-vl-p12a\/\" \/>\n<meta property=\"og:site_name\" content=\"Vilight Co.ltd\" \/>\n<meta property=\"article:publisher\" content=\"http:\/\/facebook.com\/vilight.vn\" \/>\n<meta property=\"article:modified_time\" content=\"2023-08-22T03:32:53+00:00\" \/>\n<meta property=\"og:image\" content=\"https:\/\/vilight.vn\/website\/wp-content\/uploads\/2021\/07\/P12A.jpg\" \/>\n\t<meta property=\"og:image:width\" content=\"600\" \/>\n\t<meta property=\"og:image:height\" content=\"600\" \/>\n\t<meta property=\"og:image:type\" content=\"image\/jpeg\" \/>\n<meta name=\"twitter:card\" content=\"summary_large_image\" \/>\n<meta name=\"twitter:label1\" content=\"Gi\u00e1\" \/>\n\t<meta name=\"twitter:data1\" content=\"\" \/>\n\t<meta name=\"twitter:label2\" content=\"Kh\u1ea3 d\u1ee5ng\" \/>\n\t<meta name=\"twitter:data2\" content=\"Trong kho\" \/>\n<script type=\"application\/ld+json\" class=\"yoast-schema-graph\">{\"@context\":\"https:\\\/\\\/schema.org\",\"@graph\":[{\"@type\":\"WebPage\",\"@id\":\"https:\\\/\\\/vilight.vn\\\/website\\\/san-pham\\\/den-led-pixel\\\/den-led-vl-p12a\\\/\",\"url\":\"https:\\\/\\\/vilight.vn\\\/website\\\/san-pham\\\/den-led-pixel\\\/den-led-vl-p12a\\\/\",\"name\":\"\u0110\u00e8n Led VL-P12A - Vilight Co.ltd\",\"isPartOf\":{\"@id\":\"https:\\\/\\\/vilight.vn\\\/website\\\/#website\"},\"primaryImageOfPage\":{\"@id\":\"https:\\\/\\\/vilight.vn\\\/website\\\/san-pham\\\/den-led-pixel\\\/den-led-vl-p12a\\\/#primaryimage\"},\"image\":{\"@id\":\"https:\\\/\\\/vilight.vn\\\/website\\\/san-pham\\\/den-led-pixel\\\/den-led-vl-p12a\\\/#primaryimage\"},\"thumbnailUrl\":\"https:\\\/\\\/vilight.vn\\\/website\\\/wp-content\\\/uploads\\\/2021\\\/07\\\/P12A.jpg\",\"datePublished\":\"2021-07-02T04:32:03+00:00\",\"dateModified\":\"2023-08-22T03:32:53+00:00\",\"description\":\"\u0110\u00e8n Led VL-P12A l\u00e0m b\u1eb1ng \u0111\u00e8n LED \u0111\u1ed9 s\u00e1ng cao RGB 8mm. S\u1eed d\u1ee5ng chip TaiWan Epistar, v\u1edbi \u0111\u1ed9 s\u00e1ng cao, \u0111\u1ed9 \u0111\u1ed3ng nh\u1ea5t c\u1ee7a m\u00e0u s\u00e1ng.\",\"breadcrumb\":{\"@id\":\"https:\\\/\\\/vilight.vn\\\/website\\\/san-pham\\\/den-led-pixel\\\/den-led-vl-p12a\\\/#breadcrumb\"},\"inLanguage\":\"vi\",\"potentialAction\":[{\"@type\":\"ReadAction\",\"target\":[\"https:\\\/\\\/vilight.vn\\\/website\\\/san-pham\\\/den-led-pixel\\\/den-led-vl-p12a\\\/\"]}]},{\"@type\":\"ImageObject\",\"inLanguage\":\"vi\",\"@id\":\"https:\\\/\\\/vilight.vn\\\/website\\\/san-pham\\\/den-led-pixel\\\/den-led-vl-p12a\\\/#primaryimage\",\"url\":\"https:\\\/\\\/vilight.vn\\\/website\\\/wp-content\\\/uploads\\\/2021\\\/07\\\/P12A.jpg\",\"contentUrl\":\"https:\\\/\\\/vilight.vn\\\/website\\\/wp-content\\\/uploads\\\/2021\\\/07\\\/P12A.jpg\",\"width\":600,\"height\":600,\"caption\":\"\u0110\u00e8n Led VL-P12A\"},{\"@type\":\"BreadcrumbList\",\"@id\":\"https:\\\/\\\/vilight.vn\\\/website\\\/san-pham\\\/den-led-pixel\\\/den-led-vl-p12a\\\/#breadcrumb\",\"itemListElement\":[{\"@type\":\"ListItem\",\"position\":1,\"name\":\"Home\",\"item\":\"https:\\\/\\\/vilight.vn\\\/website\\\/\"},{\"@type\":\"ListItem\",\"position\":2,\"name\":\"store\",\"item\":\"https:\\\/\\\/vilight.vn\\\/website\\\/store\\\/\"},{\"@type\":\"ListItem\",\"position\":3,\"name\":\"\u0110\u00e8n Led VL-P12A\"}]},{\"@type\":\"WebSite\",\"@id\":\"https:\\\/\\\/vilight.vn\\\/website\\\/#website\",\"url\":\"https:\\\/\\\/vilight.vn\\\/website\\\/\",\"name\":\"Vilight Co.ltd\",\"description\":\"Chi\u1ebfu s\u00e1ng m\u1ef9 thu\u1eadt, chi\u1ebfu s\u00e1ng th\u00f4ng minh, LED Pixel 3D, chi\u1ebfu s\u00e1ng trang tr\u00ed \u0111\u00f4 th\u1ecb, chi\u1ebfu s\u00e1ng v\u00f2ng xoay, chi\u1ebfu s\u00e1ng \u0111\u1ea3o giao th\u00f4ng, c\u1ed5ng ch\u00e0o \u0111\u00f4 th\u1ecb\",\"publisher\":{\"@id\":\"https:\\\/\\\/vilight.vn\\\/website\\\/#organization\"},\"potentialAction\":[{\"@type\":\"SearchAction\",\"target\":{\"@type\":\"EntryPoint\",\"urlTemplate\":\"https:\\\/\\\/vilight.vn\\\/website\\\/?s={search_term_string}\"},\"query-input\":{\"@type\":\"PropertyValueSpecification\",\"valueRequired\":true,\"valueName\":\"search_term_string\"}}],\"inLanguage\":\"vi\"},{\"@type\":\"Organization\",\"@id\":\"https:\\\/\\\/vilight.vn\\\/website\\\/#organization\",\"name\":\"Vilight\",\"url\":\"https:\\\/\\\/vilight.vn\\\/website\\\/\",\"logo\":{\"@type\":\"ImageObject\",\"inLanguage\":\"vi\",\"@id\":\"https:\\\/\\\/vilight.vn\\\/website\\\/#\\\/schema\\\/logo\\\/image\\\/\",\"url\":\"https:\\\/\\\/vilight.vn\\\/website\\\/wp-content\\\/uploads\\\/2022\\\/05\\\/chieu_sang_trang_tri_do_thi_bang_den_led_pixel.png\",\"contentUrl\":\"https:\\\/\\\/vilight.vn\\\/website\\\/wp-content\\\/uploads\\\/2022\\\/05\\\/chieu_sang_trang_tri_do_thi_bang_den_led_pixel.png\",\"width\":800,\"height\":427,\"caption\":\"Vilight\"},\"image\":{\"@id\":\"https:\\\/\\\/vilight.vn\\\/website\\\/#\\\/schema\\\/logo\\\/image\\\/\"},\"sameAs\":[\"http:\\\/\\\/facebook.com\\\/vilight.vn\",\"https:\\\/\\\/www.linkedin.com\\\/company\\\/vilight-vn\",\"https:\\\/\\\/www.youtube.com\\\/channel\\\/UCEwR2naeDcuarMX1kSv_rLQ\\\/videos\"]}]}<\/script>\n<meta property=\"product:brand\" content=\"\u0110\u00e8n LED Pixel\" \/>\n<meta property=\"product:price:currency\" content=\"VND\" \/>\n<meta property=\"og:availability\" content=\"instock\" \/>\n<meta property=\"product:availability\" content=\"instock\" \/>\n<meta property=\"product:condition\" content=\"new\" \/>\n<!-- \/ Yoast SEO Premium plugin. -->","yoast_head_json":{"title":"\u0110\u00e8n Led VL-P12A - Vilight Co.ltd","description":"\u0110\u00e8n Led VL-P12A l\u00e0m b\u1eb1ng \u0111\u00e8n LED \u0111\u1ed9 s\u00e1ng cao RGB 8mm. S\u1eed d\u1ee5ng chip TaiWan Epistar, v\u1edbi \u0111\u1ed9 s\u00e1ng cao, \u0111\u1ed9 \u0111\u1ed3ng nh\u1ea5t c\u1ee7a m\u00e0u s\u00e1ng.","robots":{"index":"index","follow":"follow","max-snippet":"max-snippet:-1","max-image-preview":"max-image-preview:large","max-video-preview":"max-video-preview:-1"},"canonical":"https:\/\/vilight.vn\/website\/san-pham\/den-led-pixel\/den-led-vl-p12a\/","og_locale":"vi_VN","og_type":"article","og_title":"\u0110\u00e8n Led VL-P12A","og_description":"\u0110\u00e8n LED VL-P12A: \u0110\u1ed9 s\u00e1ng cao, m\u00e0u s\u1eafc \u0111a d\u1ea1ng, d\u1ec5 l\u1eafp \u0111\u1eb7t. S\u1eed d\u1ee5ng chip Epistar, \u0111\u1ed3ng nh\u1ea5t m\u00e0u s\u00e1ng, b\u00e3o h\u00f2a m\u00e0u t\u1ed1t. K\u1ebft c\u1ea5u kh\u1edbp n\u1ed1i \u0111\u1eb7c bi\u1ec7t, ph\u00f9 h\u1ee3p v\u1edbi m\u1ecdi b\u1ea3ng. L\u1eafp \u0111\u1eb7t nhanh ch\u00f3ng, keo epoxy ch\u1ed1ng th\u1ea5m. \u0110\u00e8n LED \u1ed5n \u0111\u1ecbnh, b\u1ec1n b\u1ec9, t\u1ea1o kh\u00f4ng gian s\u00e1ng r\u1ef1c r\u1ee1.","og_url":"https:\/\/vilight.vn\/website\/san-pham\/den-led-pixel\/den-led-vl-p12a\/","og_site_name":"Vilight Co.ltd","article_publisher":"http:\/\/facebook.com\/vilight.vn","article_modified_time":"2023-08-22T03:32:53+00:00","og_image":[{"width":600,"height":600,"url":"https:\/\/vilight.vn\/website\/wp-content\/uploads\/2021\/07\/P12A.jpg","type":"image\/jpeg"}],"twitter_card":"summary_large_image","twitter_misc":{"Gi\u00e1":"","Kh\u1ea3 d\u1ee5ng":"Trong kho"},"schema":{"@context":"https:\/\/schema.org","@graph":[{"@type":"WebPage","@id":"https:\/\/vilight.vn\/website\/san-pham\/den-led-pixel\/den-led-vl-p12a\/","url":"https:\/\/vilight.vn\/website\/san-pham\/den-led-pixel\/den-led-vl-p12a\/","name":"\u0110\u00e8n Led VL-P12A - Vilight Co.ltd","isPartOf":{"@id":"https:\/\/vilight.vn\/website\/#website"},"primaryImageOfPage":{"@id":"https:\/\/vilight.vn\/website\/san-pham\/den-led-pixel\/den-led-vl-p12a\/#primaryimage"},"image":{"@id":"https:\/\/vilight.vn\/website\/san-pham\/den-led-pixel\/den-led-vl-p12a\/#primaryimage"},"thumbnailUrl":"https:\/\/vilight.vn\/website\/wp-content\/uploads\/2021\/07\/P12A.jpg","datePublished":"2021-07-02T04:32:03+00:00","dateModified":"2023-08-22T03:32:53+00:00","description":"\u0110\u00e8n Led VL-P12A l\u00e0m b\u1eb1ng \u0111\u00e8n LED \u0111\u1ed9 s\u00e1ng cao RGB 8mm. S\u1eed d\u1ee5ng chip TaiWan Epistar, v\u1edbi \u0111\u1ed9 s\u00e1ng cao, \u0111\u1ed9 \u0111\u1ed3ng nh\u1ea5t c\u1ee7a m\u00e0u s\u00e1ng.","breadcrumb":{"@id":"https:\/\/vilight.vn\/website\/san-pham\/den-led-pixel\/den-led-vl-p12a\/#breadcrumb"},"inLanguage":"vi","potentialAction":[{"@type":"ReadAction","target":["https:\/\/vilight.vn\/website\/san-pham\/den-led-pixel\/den-led-vl-p12a\/"]}]},{"@type":"ImageObject","inLanguage":"vi","@id":"https:\/\/vilight.vn\/website\/san-pham\/den-led-pixel\/den-led-vl-p12a\/#primaryimage","url":"https:\/\/vilight.vn\/website\/wp-content\/uploads\/2021\/07\/P12A.jpg","contentUrl":"https:\/\/vilight.vn\/website\/wp-content\/uploads\/2021\/07\/P12A.jpg","width":600,"height":600,"caption":"\u0110\u00e8n Led VL-P12A"},{"@type":"BreadcrumbList","@id":"https:\/\/vilight.vn\/website\/san-pham\/den-led-pixel\/den-led-vl-p12a\/#breadcrumb","itemListElement":[{"@type":"ListItem","position":1,"name":"Home","item":"https:\/\/vilight.vn\/website\/"},{"@type":"ListItem","position":2,"name":"store","item":"https:\/\/vilight.vn\/website\/store\/"},{"@type":"ListItem","position":3,"name":"\u0110\u00e8n Led VL-P12A"}]},{"@type":"WebSite","@id":"https:\/\/vilight.vn\/website\/#website","url":"https:\/\/vilight.vn\/website\/","name":"Vilight Co.ltd","description":"Chi\u1ebfu s\u00e1ng m\u1ef9 thu\u1eadt, chi\u1ebfu s\u00e1ng th\u00f4ng minh, LED Pixel 3D, chi\u1ebfu s\u00e1ng trang tr\u00ed \u0111\u00f4 th\u1ecb, chi\u1ebfu s\u00e1ng v\u00f2ng xoay, chi\u1ebfu s\u00e1ng \u0111\u1ea3o giao th\u00f4ng, c\u1ed5ng ch\u00e0o \u0111\u00f4 th\u1ecb","publisher":{"@id":"https:\/\/vilight.vn\/website\/#organization"},"potentialAction":[{"@type":"SearchAction","target":{"@type":"EntryPoint","urlTemplate":"https:\/\/vilight.vn\/website\/?s={search_term_string}"},"query-input":{"@type":"PropertyValueSpecification","valueRequired":true,"valueName":"search_term_string"}}],"inLanguage":"vi"},{"@type":"Organization","@id":"https:\/\/vilight.vn\/website\/#organization","name":"Vilight","url":"https:\/\/vilight.vn\/website\/","logo":{"@type":"ImageObject","inLanguage":"vi","@id":"https:\/\/vilight.vn\/website\/#\/schema\/logo\/image\/","url":"https:\/\/vilight.vn\/website\/wp-content\/uploads\/2022\/05\/chieu_sang_trang_tri_do_thi_bang_den_led_pixel.png","contentUrl":"https:\/\/vilight.vn\/website\/wp-content\/uploads\/2022\/05\/chieu_sang_trang_tri_do_thi_bang_den_led_pixel.png","width":800,"height":427,"caption":"Vilight"},"image":{"@id":"https:\/\/vilight.vn\/website\/#\/schema\/logo\/image\/"},"sameAs":["http:\/\/facebook.com\/vilight.vn","https:\/\/www.linkedin.com\/company\/vilight-vn","https:\/\/www.youtube.com\/channel\/UCEwR2naeDcuarMX1kSv_rLQ\/videos"]}]},"product_brand":"\u0110\u00e8n LED Pixel","product_price_currency":"VND","og_availability":"instock","product_availability":"instock","product_condition":"new"},"_links":{"self":[{"href":"https:\/\/vilight.vn\/website\/wp-json\/wp\/v2\/product\/1804","targetHints":{"allow":["GET"]}}],"collection":[{"href":"https:\/\/vilight.vn\/website\/wp-json\/wp\/v2\/product"}],"about":[{"href":"https:\/\/vilight.vn\/website\/wp-json\/wp\/v2\/types\/product"}],"wp:featuredmedia":[{"embeddable":true,"href":"https:\/\/vilight.vn\/website\/wp-json\/wp\/v2\/media\/1803"}],"wp:attachment":[{"href":"https:\/\/vilight.vn\/website\/wp-json\/wp\/v2\/media?parent=1804"}],"wp:term":[{"taxonomy":"product_brand","embeddable":true,"href":"https:\/\/vilight.vn\/website\/wp-json\/wp\/v2\/product_brand?post=1804"},{"taxonomy":"product_cat","embeddable":true,"href":"https:\/\/vilight.vn\/website\/wp-json\/wp\/v2\/product_cat?post=1804"},{"taxonomy":"product_tag","embeddable":true,"href":"https:\/\/vilight.vn\/website\/wp-json\/wp\/v2\/product_tag?post=1804"}],"curies":[{"name":"wp","href":"https:\/\/api.w.org\/{rel}","templated":true}]}}