{"id":1805,"date":"2021-07-02T11:32:53","date_gmt":"2021-07-02T04:32:53","guid":{"rendered":"https:\/\/vilight.vn\/website\/?post_type=product&#038;p=1805"},"modified":"2023-08-22T10:32:54","modified_gmt":"2023-08-22T03:32:54","slug":"den-led-vl-p12b","status":"publish","type":"product","link":"https:\/\/vilight.vn\/website\/san-pham\/den-led-pixel\/trang-tri\/p-series\/den-led-vl-p12b\/","title":{"rendered":"\u0110\u00e8n Led VL-P12B"},"content":{"rendered":"<h2 style=\"text-align: justify;\"><span style=\"font-size: 18pt;\">\u0110\u00e8n Led VL-P12B: S\u1ef1 l\u1ef1a ch\u1ecdn ho\u00e0n h\u1ea3o cho chi\u1ebfu s\u00e1ng<\/span><\/h2>\n<p style=\"text-align: justify;\"><span style=\"font-size: 14pt;\">\u0110\u00e8n Led VL-P12B l\u00e0 m\u1ed9t s\u1ea3n ph\u1ea9m \u0111\u00e8n LED ch\u1ea5t l\u01b0\u1ee3ng cao, \u0111\u01b0\u1ee3c thi\u1ebft k\u1ebf \u0111\u1ec3 mang l\u1ea1i hi\u1ec7u su\u1ea5t \u00e1nh s\u00e1ng tuy\u1ec7t v\u1eddi v\u00e0 t\u00ednh \u1ee9ng d\u1ee5ng linh ho\u1ea1t. V\u1edbi \u0111\u00e8n LED \u0111\u1ed9 s\u00e1ng cao RGB 8mm v\u00e0 chip c\u1ee7a h\u00e3ng Taiwan Epistar, \u0111\u00e8n Led -P12B t\u1ef1 h\u00e0o v\u1ec1 \u0111\u1ed9 s\u00e1ng, m\u00e0u s\u1eafc \u0111\u1ed3ng nh\u1ea5t v\u00e0 \u0111\u1ed9 \u1ed5n \u0111\u1ecbnh cao.<\/span><\/p>\n<p style=\"text-align: justify;\"><span style=\"font-size: 14pt;\">\u0110\u1ea7u ti\u00ean, \u0111\u00e8n Led -P12B s\u1eed d\u1ee5ng \u0111\u00e8n LED \u0111\u1ed9 s\u00e1ng cao RGB 8mm, cho ph\u00e9p n\u00f3 mang l\u1ea1i hi\u1ec7u qu\u1ea3 chi\u1ebfu s\u00e1ng t\u1ed1i \u01b0u. V\u1edbi chip ch\u1ea5t l\u01b0\u1ee3ng cao c\u1ee7a h\u00e3ng Taiwan Epistar, \u0111\u00e8n Led VL-P12B \u0111\u1ea3m b\u1ea3o \u0111\u1ed9 s\u00e1ng cao v\u00e0 \u0111\u1ed9 nh\u1ea5t qu\u00e1n m\u00e0u s\u1eafc trong qu\u00e1 tr\u00ecnh chi\u1ebfu s\u00e1ng. B\u1ea5t k\u1ec3 m\u00e0u s\u1eafc n\u00e0o b\u1ea1n ch\u1ecdn, \u0111\u00e8n Led VL-P12B s\u1ebd mang \u0111\u1ebfn \u00e1nh s\u00e1ng \u0111\u1eb9p v\u00e0 trung th\u1ef1c.<\/span><\/p>\n<p style=\"text-align: justify;\"><span style=\"font-size: 14pt;\">\u0110\u00e8n Led -P12B c\u00f3 \u0111\u1ed9 \u1ed5n \u0111\u1ecbnh cao v\u00e0 \u0111\u1ed9 b\u00e3o h\u00f2a m\u00e0u t\u1ed1t, gi\u00fap duy tr\u00ec \u00e1nh s\u00e1ng \u1ed5n \u0111\u1ecbnh v\u00e0 m\u00e0u s\u1eafc ch\u00e2n th\u1ef1c. Kh\u00f4ng c\u00f3 hi\u1ec7n t\u01b0\u1ee3ng nh\u1ea5p nh\u00e1y hay thay \u0111\u1ed5i m\u00e0u kh\u00f4ng mong mu\u1ed1n, \u0111\u00e8n Led -P12B \u0111\u00e1ng tin c\u1eady \u0111\u1ec3 t\u1ea1o ra kh\u00f4ng gian chi\u1ebfu s\u00e1ng tuy\u1ec7t v\u1eddi.<\/span><\/p>\n<p style=\"text-align: justify;\"><span style=\"font-size: 14pt;\"><a href=\"https:\/\/vilight.vn\/website\/wp-content\/uploads\/2021\/07\/P12B-1.jpg\"><img decoding=\"async\" class=\"wp-image-1845 size-full aligncenter lazyload\" data-src=\"https:\/\/vilight.vn\/website\/wp-content\/uploads\/2021\/07\/P12B-1.jpg\" alt=\"\u0110\u00e8n Led VL-P12B\" width=\"1200\" height=\"1514\" data-srcset=\"https:\/\/vilight.vn\/website\/wp-content\/uploads\/2021\/07\/P12B-1.jpg 1200w, https:\/\/vilight.vn\/website\/wp-content\/uploads\/2021\/07\/P12B-1-800x1009.jpg 800w, https:\/\/vilight.vn\/website\/wp-content\/uploads\/2021\/07\/P12B-1-238x300.jpg 238w, https:\/\/vilight.vn\/website\/wp-content\/uploads\/2021\/07\/P12B-1-812x1024.jpg 812w, https:\/\/vilight.vn\/website\/wp-content\/uploads\/2021\/07\/P12B-1-768x969.jpg 768w, https:\/\/vilight.vn\/website\/wp-content\/uploads\/2021\/07\/P12B-1-10x12.jpg 10w, https:\/\/vilight.vn\/website\/wp-content\/uploads\/2021\/07\/P12B-1-116x146.jpg 116w, https:\/\/vilight.vn\/website\/wp-content\/uploads\/2021\/07\/P12B-1-40x50.jpg 40w, https:\/\/vilight.vn\/website\/wp-content\/uploads\/2021\/07\/P12B-1-59x75.jpg 59w, https:\/\/vilight.vn\/website\/wp-content\/uploads\/2021\/07\/P12B-1-600x757.jpg 600w\" data-sizes=\"(max-width:767px) 480px, (max-width:1200px) 100vw, 1200px\" src=\"data:image\/svg+xml;base64,PHN2ZyB3aWR0aD0iMSIgaGVpZ2h0PSIxIiB4bWxucz0iaHR0cDovL3d3dy53My5vcmcvMjAwMC9zdmciPjwvc3ZnPg==\" style=\"--smush-placeholder-width: 1200px; --smush-placeholder-aspect-ratio: 1200\/1514;\" \/><\/a><\/span><\/p>\n<p style=\"text-align: justify;\"><span style=\"font-size: 14pt;\">M\u1ed9t \u0111i\u1ec3m \u0111\u1eb7c bi\u1ec7t c\u1ee7a \u0111\u00e8n Led -P12B l\u00e0 k\u1ebft c\u1ea5u kh\u1edbp n\u1ed1i \u0111\u1eb7c bi\u1ec7t, gi\u00fap n\u00f3 ph\u00f9 h\u1ee3p v\u1edbi m\u1ecdi lo\u1ea1i b\u1ea3ng. \u0110i\u1ec1u n\u00e0y mang l\u1ea1i s\u1ef1 linh ho\u1ea1t trong vi\u1ec7c l\u1eafp \u0111\u1eb7t v\u00e0 s\u1eed d\u1ee5ng. B\u1ea1n c\u00f3 th\u1ec3 tr\u1ef1c ti\u1ebfp c\u00e0i \u0111\u1eb7t \u0111\u00e8n sau khi \u0111\u00e0o l\u1ed7, ti\u1ebft ki\u1ec7m th\u1eddi gian v\u00e0 c\u00f4ng s\u1ee9c. \u0110\u00e8n Led VL-P12B \u0111\u1ea3m b\u1ea3o qu\u00e1 tr\u00ecnh l\u1eafp \u0111\u1eb7t d\u1ec5 d\u00e0ng v\u00e0 thu\u1eadn ti\u1ec7n.<\/span><\/p>\n<p style=\"text-align: justify;\"><span style=\"font-size: 14pt;\">Ngo\u00e0i ra, \u0111\u00e8n Led VL-P12B ho\u1ea1t \u0111\u1ed9ng \u1edf \u0111i\u1ec7n \u00e1p an to\u00e0n DC12V, \u0111\u1ea3m b\u1ea3o t\u00ednh an to\u00e0n trong s\u1eed d\u1ee5ng. V\u1edbi tu\u1ed5i th\u1ecd cao v\u00e0 \u00edt ph\u00e2n r\u00e3 ph\u00e1t s\u00e1ng, \u0111\u00e8n Led n\u00e0y kh\u00f4ng ch\u1ec9 ti\u1ebft ki\u1ec7m n\u0103ng l\u01b0\u1ee3ng m\u00e0 c\u00f2n c\u00f3 kh\u1ea3 n\u0103ng t\u1ed3n t\u1ea1i l\u00e2u d\u00e0i. C\u00e1p v\u00e0 v\u1ecf c\u1ee7a \u0111\u00e8n Led -P12B \u0111\u01b0\u1ee3c l\u00e0m t\u1eeb v\u1eadt li\u1ec7u ch\u1ed1ng l\u1ea1nh v\u00e0 ch\u1ed1ng ch\u00e1y, cho ph<\/span><\/p>\n<p style=\"text-align: justify;\"><span style=\"font-size: 14pt;\">\u00e9p n\u00f3 s\u1eed d\u1ee5ng ngo\u00e0i tr\u1eddi trong th\u1eddi gian d\u00e0i m\u00e0 kh\u00f4ng b\u1ecb \u1ea3nh h\u01b0\u1edfng b\u1edfi \u0111i\u1ec1u ki\u1ec7n th\u1eddi ti\u1ebft kh\u1eafc nghi\u1ec7t.<\/span><\/p>\n<p style=\"text-align: justify;\"><span style=\"font-size: 14pt;\">T\u00f3m l\u1ea1i, \u0111\u00e8n Led VL-P12B l\u00e0 m\u1ed9t l\u1ef1a ch\u1ecdn xu\u1ea5t s\u1eafc cho chi\u1ebfu s\u00e1ng \u0111a d\u1ea1ng. V\u1edbi \u0111\u1ed9 s\u00e1ng, m\u00e0u s\u1eafc v\u00e0 \u1ed5n \u0111\u1ecbnh cao, \u0111\u00e8n Led n\u00e0y \u0111\u00e1ng tin c\u1eady v\u00e0 d\u1ec5 d\u00e0ng l\u1eafp \u0111\u1eb7t. B\u1ea1n c\u00f3 th\u1ec3 y\u00ean t\u00e2m v\u1ec1 hi\u1ec7u su\u1ea5t v\u00e0 \u0111\u1ed9 b\u1ec1n c\u1ee7a \u0111\u00e8n Led -P12B trong m\u1ecdi \u1ee9ng d\u1ee5ng chi\u1ebfu s\u00e1ng.<\/span><\/p>\n","protected":false},"excerpt":{"rendered":"<p style=\"text-align: justify;\"><span style=\"font-size: 14pt;\">\u0110\u00e8n Led VL-P12B: \u0110\u00e8n LED \u0111\u1ed9 s\u00e1ng cao RGB 8mm v\u1edbi chip Taiwan Epistar, k\u1ebft c\u1ea5u kh\u1edbp n\u1ed1i \u0111\u1eb7c bi\u1ec7t, c\u00e0i \u0111\u1eb7t d\u1ec5 d\u00e0ng. Ho\u1ea1t \u0111\u1ed9ng an to\u00e0n \u1edf \u0111i\u1ec7n \u00e1p DC12V, tu\u1ed5i th\u1ecd cao. Ch\u1ed1ng l\u1ea1nh v\u00e0 ch\u1ed1ng ch\u00e1y, ph\u00f9 h\u1ee3p s\u1eed d\u1ee5ng ngo\u00e0i tr\u1eddi. Hi\u1ec7u su\u1ea5t \u00e1nh s\u00e1ng tuy\u1ec7t v\u1eddi v\u00e0 ti\u1ebft ki\u1ec7m n\u0103ng l\u01b0\u1ee3ng.<\/span><\/p>\n","protected":false},"featured_media":1806,"template":"","meta":[],"product_brand":[],"product_cat":[77,299],"product_tag":[],"class_list":{"0":"post-1805","1":"product","2":"type-product","3":"status-publish","4":"has-post-thumbnail","6":"product_cat-den-led-pixel","7":"product_cat-p-series","8":"pa_chip-led-cree","9":"pa_chip-led-epistar","10":"pa_chuan-dieu-khien-constant","11":"pa_chuan-dieu-khien-dmx","12":"pa_chuan-dieu-khien-ttl","13":"pa_dien-ap-hoat-dong-12v","14":"pa_dien-ap-hoat-dong-dc-5v","15":"pa_do-kin-ip65","16":"pa_goc-chieu-213","18":"first","19":"instock","20":"taxable","21":"shipping-taxable","22":"product-type-simple"},"yoast_head":"<!-- This site is optimized with the Yoast SEO Premium plugin v27.6 (Yoast SEO v27.6) - https:\/\/yoast.com\/product\/yoast-seo-premium-wordpress\/ -->\n<title>\u0110\u00e8n Led VL-P12B - Vilight Co.ltd<\/title>\n<meta name=\"description\" content=\"\u0110\u00e8n Led VL-P12B n\u00e0y \u0111\u01b0\u1ee3c l\u00e0m b\u1eb1ng \u0111\u00e8n LED \u0111\u1ed9 s\u00e1ng cao RGB 8mm. S\u1eed d\u1ee5ng chip TaiWan Epistar \uff0c v\u1edbi \u0111\u1ed9 s\u00e1ng cao \u0111\u1ed3ng \u0111\u1ec1u m\u00e0u s\u1eafc\" \/>\n<meta name=\"robots\" content=\"index, follow, max-snippet:-1, max-image-preview:large, max-video-preview:-1\" \/>\n<link rel=\"canonical\" href=\"https:\/\/vilight.vn\/website\/san-pham\/den-led-pixel\/trang-tri\/p-series\/den-led-vl-p12b\/\" \/>\n<meta property=\"og:locale\" content=\"vi_VN\" \/>\n<meta property=\"og:type\" content=\"article\" \/>\n<meta property=\"og:title\" content=\"\u0110\u00e8n Led VL-P12B\" \/>\n<meta property=\"og:description\" content=\"\u0110\u00e8n Led VL-P12B: \u0110\u00e8n LED \u0111\u1ed9 s\u00e1ng cao RGB 8mm v\u1edbi chip Taiwan Epistar, k\u1ebft c\u1ea5u kh\u1edbp n\u1ed1i \u0111\u1eb7c bi\u1ec7t, c\u00e0i \u0111\u1eb7t d\u1ec5 d\u00e0ng. Ho\u1ea1t \u0111\u1ed9ng an to\u00e0n \u1edf \u0111i\u1ec7n \u00e1p DC12V, tu\u1ed5i th\u1ecd cao. Ch\u1ed1ng l\u1ea1nh v\u00e0 ch\u1ed1ng ch\u00e1y, ph\u00f9 h\u1ee3p s\u1eed d\u1ee5ng ngo\u00e0i tr\u1eddi. Hi\u1ec7u su\u1ea5t \u00e1nh s\u00e1ng tuy\u1ec7t v\u1eddi v\u00e0 ti\u1ebft ki\u1ec7m n\u0103ng l\u01b0\u1ee3ng.\" \/>\n<meta property=\"og:url\" content=\"https:\/\/vilight.vn\/website\/san-pham\/den-led-pixel\/trang-tri\/p-series\/den-led-vl-p12b\/\" \/>\n<meta property=\"og:site_name\" content=\"Vilight Co.ltd\" \/>\n<meta property=\"article:publisher\" content=\"http:\/\/facebook.com\/vilight.vn\" \/>\n<meta property=\"article:modified_time\" content=\"2023-08-22T03:32:54+00:00\" \/>\n<meta property=\"og:image\" content=\"https:\/\/vilight.vn\/website\/wp-content\/uploads\/2021\/07\/P12B.jpg\" \/>\n\t<meta property=\"og:image:width\" content=\"600\" \/>\n\t<meta property=\"og:image:height\" content=\"600\" \/>\n\t<meta property=\"og:image:type\" content=\"image\/jpeg\" \/>\n<meta name=\"twitter:card\" content=\"summary_large_image\" \/>\n<meta name=\"twitter:label1\" content=\"Gi\u00e1\" \/>\n\t<meta name=\"twitter:data1\" content=\"\" \/>\n\t<meta name=\"twitter:label2\" content=\"Kh\u1ea3 d\u1ee5ng\" \/>\n\t<meta name=\"twitter:data2\" content=\"Trong kho\" \/>\n<script type=\"application\/ld+json\" class=\"yoast-schema-graph\">{\"@context\":\"https:\\\/\\\/schema.org\",\"@graph\":[{\"@type\":\"WebPage\",\"@id\":\"https:\\\/\\\/vilight.vn\\\/website\\\/san-pham\\\/den-led-pixel\\\/trang-tri\\\/p-series\\\/den-led-vl-p12b\\\/\",\"url\":\"https:\\\/\\\/vilight.vn\\\/website\\\/san-pham\\\/den-led-pixel\\\/trang-tri\\\/p-series\\\/den-led-vl-p12b\\\/\",\"name\":\"\u0110\u00e8n Led VL-P12B - Vilight Co.ltd\",\"isPartOf\":{\"@id\":\"https:\\\/\\\/vilight.vn\\\/website\\\/#website\"},\"primaryImageOfPage\":{\"@id\":\"https:\\\/\\\/vilight.vn\\\/website\\\/san-pham\\\/den-led-pixel\\\/trang-tri\\\/p-series\\\/den-led-vl-p12b\\\/#primaryimage\"},\"image\":{\"@id\":\"https:\\\/\\\/vilight.vn\\\/website\\\/san-pham\\\/den-led-pixel\\\/trang-tri\\\/p-series\\\/den-led-vl-p12b\\\/#primaryimage\"},\"thumbnailUrl\":\"https:\\\/\\\/vilight.vn\\\/website\\\/wp-content\\\/uploads\\\/2021\\\/07\\\/P12B.jpg\",\"datePublished\":\"2021-07-02T04:32:53+00:00\",\"dateModified\":\"2023-08-22T03:32:54+00:00\",\"description\":\"\u0110\u00e8n Led VL-P12B n\u00e0y \u0111\u01b0\u1ee3c l\u00e0m b\u1eb1ng \u0111\u00e8n LED \u0111\u1ed9 s\u00e1ng cao RGB 8mm. S\u1eed d\u1ee5ng chip TaiWan Epistar \uff0c v\u1edbi \u0111\u1ed9 s\u00e1ng cao \u0111\u1ed3ng \u0111\u1ec1u m\u00e0u s\u1eafc\",\"breadcrumb\":{\"@id\":\"https:\\\/\\\/vilight.vn\\\/website\\\/san-pham\\\/den-led-pixel\\\/trang-tri\\\/p-series\\\/den-led-vl-p12b\\\/#breadcrumb\"},\"inLanguage\":\"vi\",\"potentialAction\":[{\"@type\":\"ReadAction\",\"target\":[\"https:\\\/\\\/vilight.vn\\\/website\\\/san-pham\\\/den-led-pixel\\\/trang-tri\\\/p-series\\\/den-led-vl-p12b\\\/\"]}]},{\"@type\":\"ImageObject\",\"inLanguage\":\"vi\",\"@id\":\"https:\\\/\\\/vilight.vn\\\/website\\\/san-pham\\\/den-led-pixel\\\/trang-tri\\\/p-series\\\/den-led-vl-p12b\\\/#primaryimage\",\"url\":\"https:\\\/\\\/vilight.vn\\\/website\\\/wp-content\\\/uploads\\\/2021\\\/07\\\/P12B.jpg\",\"contentUrl\":\"https:\\\/\\\/vilight.vn\\\/website\\\/wp-content\\\/uploads\\\/2021\\\/07\\\/P12B.jpg\",\"width\":600,\"height\":600,\"caption\":\"\u0110\u00e8n Led VL-P12B\"},{\"@type\":\"BreadcrumbList\",\"@id\":\"https:\\\/\\\/vilight.vn\\\/website\\\/san-pham\\\/den-led-pixel\\\/trang-tri\\\/p-series\\\/den-led-vl-p12b\\\/#breadcrumb\",\"itemListElement\":[{\"@type\":\"ListItem\",\"position\":1,\"name\":\"Home\",\"item\":\"https:\\\/\\\/vilight.vn\\\/website\\\/\"},{\"@type\":\"ListItem\",\"position\":2,\"name\":\"store\",\"item\":\"https:\\\/\\\/vilight.vn\\\/website\\\/store\\\/\"},{\"@type\":\"ListItem\",\"position\":3,\"name\":\"\u0110\u00e8n Led VL-P12B\"}]},{\"@type\":\"WebSite\",\"@id\":\"https:\\\/\\\/vilight.vn\\\/website\\\/#website\",\"url\":\"https:\\\/\\\/vilight.vn\\\/website\\\/\",\"name\":\"Vilight Co.ltd\",\"description\":\"Chi\u1ebfu s\u00e1ng m\u1ef9 thu\u1eadt, chi\u1ebfu s\u00e1ng th\u00f4ng minh, LED Pixel 3D, chi\u1ebfu s\u00e1ng trang tr\u00ed \u0111\u00f4 th\u1ecb, chi\u1ebfu s\u00e1ng v\u00f2ng xoay, chi\u1ebfu s\u00e1ng \u0111\u1ea3o giao th\u00f4ng, c\u1ed5ng ch\u00e0o \u0111\u00f4 th\u1ecb\",\"publisher\":{\"@id\":\"https:\\\/\\\/vilight.vn\\\/website\\\/#organization\"},\"potentialAction\":[{\"@type\":\"SearchAction\",\"target\":{\"@type\":\"EntryPoint\",\"urlTemplate\":\"https:\\\/\\\/vilight.vn\\\/website\\\/?s={search_term_string}\"},\"query-input\":{\"@type\":\"PropertyValueSpecification\",\"valueRequired\":true,\"valueName\":\"search_term_string\"}}],\"inLanguage\":\"vi\"},{\"@type\":\"Organization\",\"@id\":\"https:\\\/\\\/vilight.vn\\\/website\\\/#organization\",\"name\":\"Vilight\",\"url\":\"https:\\\/\\\/vilight.vn\\\/website\\\/\",\"logo\":{\"@type\":\"ImageObject\",\"inLanguage\":\"vi\",\"@id\":\"https:\\\/\\\/vilight.vn\\\/website\\\/#\\\/schema\\\/logo\\\/image\\\/\",\"url\":\"https:\\\/\\\/vilight.vn\\\/website\\\/wp-content\\\/uploads\\\/2022\\\/05\\\/chieu_sang_trang_tri_do_thi_bang_den_led_pixel.png\",\"contentUrl\":\"https:\\\/\\\/vilight.vn\\\/website\\\/wp-content\\\/uploads\\\/2022\\\/05\\\/chieu_sang_trang_tri_do_thi_bang_den_led_pixel.png\",\"width\":800,\"height\":427,\"caption\":\"Vilight\"},\"image\":{\"@id\":\"https:\\\/\\\/vilight.vn\\\/website\\\/#\\\/schema\\\/logo\\\/image\\\/\"},\"sameAs\":[\"http:\\\/\\\/facebook.com\\\/vilight.vn\",\"https:\\\/\\\/www.linkedin.com\\\/company\\\/vilight-vn\",\"https:\\\/\\\/www.youtube.com\\\/channel\\\/UCEwR2naeDcuarMX1kSv_rLQ\\\/videos\"]}]}<\/script>\n<meta property=\"product:brand\" content=\"P Series\" \/>\n<meta property=\"product:price:currency\" content=\"VND\" \/>\n<meta property=\"og:availability\" content=\"instock\" \/>\n<meta property=\"product:availability\" content=\"instock\" \/>\n<meta property=\"product:condition\" content=\"new\" \/>\n<!-- \/ Yoast SEO Premium plugin. -->","yoast_head_json":{"title":"\u0110\u00e8n Led VL-P12B - Vilight Co.ltd","description":"\u0110\u00e8n Led VL-P12B n\u00e0y \u0111\u01b0\u1ee3c l\u00e0m b\u1eb1ng \u0111\u00e8n LED \u0111\u1ed9 s\u00e1ng cao RGB 8mm. S\u1eed d\u1ee5ng chip TaiWan Epistar \uff0c v\u1edbi \u0111\u1ed9 s\u00e1ng cao \u0111\u1ed3ng \u0111\u1ec1u m\u00e0u s\u1eafc","robots":{"index":"index","follow":"follow","max-snippet":"max-snippet:-1","max-image-preview":"max-image-preview:large","max-video-preview":"max-video-preview:-1"},"canonical":"https:\/\/vilight.vn\/website\/san-pham\/den-led-pixel\/trang-tri\/p-series\/den-led-vl-p12b\/","og_locale":"vi_VN","og_type":"article","og_title":"\u0110\u00e8n Led VL-P12B","og_description":"\u0110\u00e8n Led VL-P12B: \u0110\u00e8n LED \u0111\u1ed9 s\u00e1ng cao RGB 8mm v\u1edbi chip Taiwan Epistar, k\u1ebft c\u1ea5u kh\u1edbp n\u1ed1i \u0111\u1eb7c bi\u1ec7t, c\u00e0i \u0111\u1eb7t d\u1ec5 d\u00e0ng. Ho\u1ea1t \u0111\u1ed9ng an to\u00e0n \u1edf \u0111i\u1ec7n \u00e1p DC12V, tu\u1ed5i th\u1ecd cao. Ch\u1ed1ng l\u1ea1nh v\u00e0 ch\u1ed1ng ch\u00e1y, ph\u00f9 h\u1ee3p s\u1eed d\u1ee5ng ngo\u00e0i tr\u1eddi. Hi\u1ec7u su\u1ea5t \u00e1nh s\u00e1ng tuy\u1ec7t v\u1eddi v\u00e0 ti\u1ebft ki\u1ec7m n\u0103ng l\u01b0\u1ee3ng.","og_url":"https:\/\/vilight.vn\/website\/san-pham\/den-led-pixel\/trang-tri\/p-series\/den-led-vl-p12b\/","og_site_name":"Vilight Co.ltd","article_publisher":"http:\/\/facebook.com\/vilight.vn","article_modified_time":"2023-08-22T03:32:54+00:00","og_image":[{"width":600,"height":600,"url":"https:\/\/vilight.vn\/website\/wp-content\/uploads\/2021\/07\/P12B.jpg","type":"image\/jpeg"}],"twitter_card":"summary_large_image","twitter_misc":{"Gi\u00e1":"","Kh\u1ea3 d\u1ee5ng":"Trong kho"},"schema":{"@context":"https:\/\/schema.org","@graph":[{"@type":"WebPage","@id":"https:\/\/vilight.vn\/website\/san-pham\/den-led-pixel\/trang-tri\/p-series\/den-led-vl-p12b\/","url":"https:\/\/vilight.vn\/website\/san-pham\/den-led-pixel\/trang-tri\/p-series\/den-led-vl-p12b\/","name":"\u0110\u00e8n Led VL-P12B - Vilight Co.ltd","isPartOf":{"@id":"https:\/\/vilight.vn\/website\/#website"},"primaryImageOfPage":{"@id":"https:\/\/vilight.vn\/website\/san-pham\/den-led-pixel\/trang-tri\/p-series\/den-led-vl-p12b\/#primaryimage"},"image":{"@id":"https:\/\/vilight.vn\/website\/san-pham\/den-led-pixel\/trang-tri\/p-series\/den-led-vl-p12b\/#primaryimage"},"thumbnailUrl":"https:\/\/vilight.vn\/website\/wp-content\/uploads\/2021\/07\/P12B.jpg","datePublished":"2021-07-02T04:32:53+00:00","dateModified":"2023-08-22T03:32:54+00:00","description":"\u0110\u00e8n Led VL-P12B n\u00e0y \u0111\u01b0\u1ee3c l\u00e0m b\u1eb1ng \u0111\u00e8n LED \u0111\u1ed9 s\u00e1ng cao RGB 8mm. S\u1eed d\u1ee5ng chip TaiWan Epistar \uff0c v\u1edbi \u0111\u1ed9 s\u00e1ng cao \u0111\u1ed3ng \u0111\u1ec1u m\u00e0u s\u1eafc","breadcrumb":{"@id":"https:\/\/vilight.vn\/website\/san-pham\/den-led-pixel\/trang-tri\/p-series\/den-led-vl-p12b\/#breadcrumb"},"inLanguage":"vi","potentialAction":[{"@type":"ReadAction","target":["https:\/\/vilight.vn\/website\/san-pham\/den-led-pixel\/trang-tri\/p-series\/den-led-vl-p12b\/"]}]},{"@type":"ImageObject","inLanguage":"vi","@id":"https:\/\/vilight.vn\/website\/san-pham\/den-led-pixel\/trang-tri\/p-series\/den-led-vl-p12b\/#primaryimage","url":"https:\/\/vilight.vn\/website\/wp-content\/uploads\/2021\/07\/P12B.jpg","contentUrl":"https:\/\/vilight.vn\/website\/wp-content\/uploads\/2021\/07\/P12B.jpg","width":600,"height":600,"caption":"\u0110\u00e8n Led VL-P12B"},{"@type":"BreadcrumbList","@id":"https:\/\/vilight.vn\/website\/san-pham\/den-led-pixel\/trang-tri\/p-series\/den-led-vl-p12b\/#breadcrumb","itemListElement":[{"@type":"ListItem","position":1,"name":"Home","item":"https:\/\/vilight.vn\/website\/"},{"@type":"ListItem","position":2,"name":"store","item":"https:\/\/vilight.vn\/website\/store\/"},{"@type":"ListItem","position":3,"name":"\u0110\u00e8n Led VL-P12B"}]},{"@type":"WebSite","@id":"https:\/\/vilight.vn\/website\/#website","url":"https:\/\/vilight.vn\/website\/","name":"Vilight Co.ltd","description":"Chi\u1ebfu s\u00e1ng m\u1ef9 thu\u1eadt, chi\u1ebfu s\u00e1ng th\u00f4ng minh, LED Pixel 3D, chi\u1ebfu s\u00e1ng trang tr\u00ed \u0111\u00f4 th\u1ecb, chi\u1ebfu s\u00e1ng v\u00f2ng xoay, chi\u1ebfu s\u00e1ng \u0111\u1ea3o giao th\u00f4ng, c\u1ed5ng ch\u00e0o \u0111\u00f4 th\u1ecb","publisher":{"@id":"https:\/\/vilight.vn\/website\/#organization"},"potentialAction":[{"@type":"SearchAction","target":{"@type":"EntryPoint","urlTemplate":"https:\/\/vilight.vn\/website\/?s={search_term_string}"},"query-input":{"@type":"PropertyValueSpecification","valueRequired":true,"valueName":"search_term_string"}}],"inLanguage":"vi"},{"@type":"Organization","@id":"https:\/\/vilight.vn\/website\/#organization","name":"Vilight","url":"https:\/\/vilight.vn\/website\/","logo":{"@type":"ImageObject","inLanguage":"vi","@id":"https:\/\/vilight.vn\/website\/#\/schema\/logo\/image\/","url":"https:\/\/vilight.vn\/website\/wp-content\/uploads\/2022\/05\/chieu_sang_trang_tri_do_thi_bang_den_led_pixel.png","contentUrl":"https:\/\/vilight.vn\/website\/wp-content\/uploads\/2022\/05\/chieu_sang_trang_tri_do_thi_bang_den_led_pixel.png","width":800,"height":427,"caption":"Vilight"},"image":{"@id":"https:\/\/vilight.vn\/website\/#\/schema\/logo\/image\/"},"sameAs":["http:\/\/facebook.com\/vilight.vn","https:\/\/www.linkedin.com\/company\/vilight-vn","https:\/\/www.youtube.com\/channel\/UCEwR2naeDcuarMX1kSv_rLQ\/videos"]}]},"product_brand":"P Series","product_price_currency":"VND","og_availability":"instock","product_availability":"instock","product_condition":"new"},"_links":{"self":[{"href":"https:\/\/vilight.vn\/website\/wp-json\/wp\/v2\/product\/1805","targetHints":{"allow":["GET"]}}],"collection":[{"href":"https:\/\/vilight.vn\/website\/wp-json\/wp\/v2\/product"}],"about":[{"href":"https:\/\/vilight.vn\/website\/wp-json\/wp\/v2\/types\/product"}],"wp:featuredmedia":[{"embeddable":true,"href":"https:\/\/vilight.vn\/website\/wp-json\/wp\/v2\/media\/1806"}],"wp:attachment":[{"href":"https:\/\/vilight.vn\/website\/wp-json\/wp\/v2\/media?parent=1805"}],"wp:term":[{"taxonomy":"product_brand","embeddable":true,"href":"https:\/\/vilight.vn\/website\/wp-json\/wp\/v2\/product_brand?post=1805"},{"taxonomy":"product_cat","embeddable":true,"href":"https:\/\/vilight.vn\/website\/wp-json\/wp\/v2\/product_cat?post=1805"},{"taxonomy":"product_tag","embeddable":true,"href":"https:\/\/vilight.vn\/website\/wp-json\/wp\/v2\/product_tag?post=1805"}],"curies":[{"name":"wp","href":"https:\/\/api.w.org\/{rel}","templated":true}]}}