{"id":3806,"date":"2023-06-20T14:06:22","date_gmt":"2023-06-20T07:06:22","guid":{"rendered":"https:\/\/vilight.vn\/website\/?post_type=product&#038;p=3806"},"modified":"2024-10-02T10:25:57","modified_gmt":"2024-10-02T03:25:57","slug":"den-pha-vl-f5-m4","status":"publish","type":"product","link":"https:\/\/vilight.vn\/website\/san-pham\/den-chieu-sang-facade\/den-pha-vl-f5-m4\/","title":{"rendered":"\u0110\u00e8n pha VL F5 M4"},"content":{"rendered":"<h2 style=\"text-align: justify;\"><span style=\"font-size: 18pt;\"><strong>Gi\u1edbi thi\u1ec7u \u0111\u00e8n pha VL F5 M4.<\/strong><\/span><\/h2>\n<p style=\"text-align: justify;\"><span style=\"font-size: 14pt;\">\u0110\u00e8n pha VL F5 M4 l\u00e0 m\u1ed9t m\u1eabu \u0111\u00e8n pha c\u00f4ng su\u1ea5t l\u1edbn, \u0111\u00e1ng ch\u00fa \u00fd v\u1edbi kh\u1ea3 n\u0103ng chi\u1ebfu s\u00e1ng m\u1ea1nh m\u1ebd v\u00e0 \u0111a s\u1eafc m\u00e0u. V\u1edbi c\u00f4ng su\u1ea5t 300W v\u00e0 48 b\u00f3ng LED, \u0111\u00e8n pha n\u00e0y \u0111\u1ea3m b\u1ea3o cung c\u1ea5p \u00e1nh s\u00e1ng \u0111\u1ea7y s\u1ee9c m\u1ea1nh v\u00e0 \u0111a d\u1ea1ng \u0111\u1ec3 t\u1ea1o ra hi\u1ec7u \u1ee9ng \u00e1nh s\u00e1ng \u1ea5n t\u01b0\u1ee3ng.<\/span><\/p>\n<p style=\"text-align: justify;\"><span style=\"font-size: 14pt;\">V\u1edbi m\u00e0u s\u1eafc RGBW (\u0111\u1ecf, xanh l\u00e1 c\u00e2y, xanh d\u01b0\u01a1ng v\u00e0 tr\u1eafng), \u0111\u00e8n pha VL F5 M4 cho ph\u00e9p b\u1ea1n t\u1ea1o ra c\u00e1c bi\u1ec3u \u0111\u1ed3 m\u00e0u s\u1eafc phong ph\u00fa v\u00e0 s\u00e1ng t\u1ea1o. B\u1ea1n c\u00f3 th\u1ec3 d\u1ec5 d\u00e0ng \u0111i\u1ec1u ch\u1ec9nh m\u00e0u s\u1eafc v\u00e0 t\u1ea1o ra c\u00e1c hi\u1ec7u \u1ee9ng \u00e1nh s\u00e1ng \u0111\u1ed9c \u0111\u00e1o th\u00f4ng qua h\u1ec7 th\u1ed1ng \u0111i\u1ec1u khi\u1ec3n DMX 512.<\/span><\/p>\n<p style=\"text-align: justify;\"><span style=\"font-size: 14pt;\">Nhi\u1ec7t \u0111\u1ed9 m\u00e0u RGBW gi\u00fap \u0111\u00e8n pha VL F5 M4 t\u1ea1o ra \u00e1nh s\u00e1ng c\u00f3 s\u1eafc th\u00e1i \u0111a d\u1ea1ng, t\u1eeb m\u00e0u s\u00e1ng r\u1ef1c r\u1ee1 cho \u0111\u1ebfn m\u00e0u trung t\u00ednh v\u00e0 m\u00e0u tr\u1eafng t\u1ef1 nhi\u00ean. \u0110\u1ed9 ho\u00e0n m\u00e0u CRI tr\u00ean 80 \u0111\u1ea3m b\u1ea3o hi\u1ec3n th\u1ecb ch\u00e2n th\u1ef1c v\u00e0 ch\u00ednh x\u00e1c c\u1ee7a c\u00e1c m\u00e0u s\u1eafc.<\/span><\/p>\n<p style=\"text-align: justify;\"><span style=\"font-size: 14pt;\"><a href=\"https:\/\/vilight.vn\/website\/wp-content\/uploads\/2023\/06\/VL-F5-M4.jpg\"><img decoding=\"async\" class=\"aligncenter wp-image-3807 size-full lazyload\" data-src=\"https:\/\/vilight.vn\/website\/wp-content\/uploads\/2023\/06\/VL-F5-M4.jpg\" alt=\"\u0110\u00e8n pha VL F5 M4\" width=\"1200\" height=\"600\" data-srcset=\"https:\/\/vilight.vn\/website\/wp-content\/uploads\/2023\/06\/VL-F5-M4.jpg 1200w, https:\/\/vilight.vn\/website\/wp-content\/uploads\/2023\/06\/VL-F5-M4-800x400.jpg 800w, https:\/\/vilight.vn\/website\/wp-content\/uploads\/2023\/06\/VL-F5-M4-300x150.jpg 300w, https:\/\/vilight.vn\/website\/wp-content\/uploads\/2023\/06\/VL-F5-M4-1024x512.jpg 1024w, https:\/\/vilight.vn\/website\/wp-content\/uploads\/2023\/06\/VL-F5-M4-768x384.jpg 768w, https:\/\/vilight.vn\/website\/wp-content\/uploads\/2023\/06\/VL-F5-M4-150x75.jpg 150w, https:\/\/vilight.vn\/website\/wp-content\/uploads\/2023\/06\/VL-F5-M4-480x240.jpg 480w\" data-sizes=\"(max-width:767px) 480px, (max-width:1200px) 100vw, 1200px\" src=\"data:image\/svg+xml;base64,PHN2ZyB3aWR0aD0iMSIgaGVpZ2h0PSIxIiB4bWxucz0iaHR0cDovL3d3dy53My5vcmcvMjAwMC9zdmciPjwvc3ZnPg==\" style=\"--smush-placeholder-width: 1200px; --smush-placeholder-aspect-ratio: 1200\/600;\" \/><\/a><\/span><\/p>\n<p style=\"text-align: justify;\"><span style=\"font-size: 14pt;\">\u0110\u00e8n pha n\u00e0y c\u0169ng c\u00f3 g\u00f3c chi\u1ebfu 17&#215;30 \u0111\u1ed9, cho ph\u00e9p ph\u00e2n ph\u1ed1i \u00e1nh s\u00e1ng r\u1ed9ng v\u00e0 ch\u00ednh x\u00e1c \u0111\u1ebfn c\u00e1c v\u00f9ng c\u1ea7n chi\u1ebfu s\u00e1ng. V\u1edbi quang th\u00f4ng l\u00ean \u0111\u1ebfn 21.000 lm, \u0111\u00e8n pha VL F5 M4 t\u1ea1o ra \u00e1nh s\u00e1ng m\u1ea1nh m\u1ebd v\u00e0 \u0111\u1ee7 s\u00e1ng \u0111\u1ec3 s\u1eed d\u1ee5ng trong c\u00e1c s\u00e2n kh\u1ea5u, s\u1ef1 ki\u1ec7n, c\u1ea3nh quay tr\u1ef1c ti\u1ebfp v\u00e0 c\u00e1c kh\u00f4ng gian r\u1ed9ng l\u1edbn kh\u00e1c.<\/span><\/p>\n<p style=\"text-align: justify;\"><span style=\"font-size: 14pt;\">\u0110\u00e8n pha n\u00e0y c\u0169ng r\u1ea5t \u0111\u00e1ng tin c\u1eady v\u1edbi tu\u1ed5i th\u1ecd chip LED l\u00ean \u0111\u1ebfn 70.000 gi\u1edd, cho ph\u00e9p b\u1ea1n s\u1eed d\u1ee5ng l\u00e2u d\u00e0i m\u00e0 kh\u00f4ng c\u1ea7n thay th\u1ebf th\u01b0\u1eddng xuy\u00ean. V\u1edbi c\u1ea5p b\u1ea3o v\u1ec7 IP66, \u0111\u00e8n pha\u00a0 c\u0169ng ch\u1ed1ng n\u01b0\u1edbc v\u00e0 b\u1ee5i b\u1ea9n, n\u00ean b\u1ea1n c\u00f3 th\u1ec3 s\u1eed d\u1ee5ng n\u00f3 trong c\u00e1c \u0111i\u1ec1u ki\u1ec7n th\u1eddi ti\u1ebft kh\u1eafc nghi\u1ec7t m\u00e0 kh\u00f4ng c\u1ea7n lo l\u1eafng v\u1ec1 s\u1ef1 h\u01b0 h\u1ecfng.<\/span><\/p>\n<p style=\"text-align: justify;\"><span style=\"font-size: 14pt;\">\u0110\u00e8n pha c\u00f2n c\u00f3 kh\u1ea3 n\u0103ng ho\u1ea1t \u0111\u1ed9ng \u1ed5n \u0111\u1ecbnh \u1edf nhi\u1ec7t \u0111\u1ed9 t\u1eeb -35 \u0111\u1ed9 C \u0111\u1ebfn 50 \u0111\u1ed9 C v\u00e0 \u0111\u1ed9 \u1ea9m t\u1eeb 10% \u0111\u1ebfn<\/span><\/p>\n<p style=\"text-align: justify;\"><span style=\"font-size: 14pt;\">90%, gi\u00fap n\u00f3 ph\u00f9 h\u1ee3p v\u1edbi nhi\u1ec1u m\u00f4i tr\u01b0\u1eddng v\u00e0 \u1ee9ng d\u1ee5ng kh\u00e1c nhau.<\/span><\/p>\n<p style=\"text-align: justify;\"><span style=\"font-size: 14pt;\">V\u1edbi thi\u1ebft k\u1ebf nh\u1eb9 v\u00e0 c\u00e2n n\u1eb7ng 15.5 kg, \u0111\u00e8n pha n\u00e0y d\u1ec5 d\u00e0ng di chuy\u1ec3n v\u00e0 l\u1eafp \u0111\u1eb7t trong nhi\u1ec1u v\u1ecb tr\u00ed kh\u00e1c nhau.<\/span><\/p>\n<p style=\"text-align: justify;\"><span style=\"font-size: 14pt;\">\u0110\u00e8n pha VL F5 M4 l\u00e0 m\u1ed9t l\u1ef1a ch\u1ecdn tuy\u1ec7t v\u1eddi cho nh\u1eefng ai \u0111ang t\u00ecm ki\u1ebfm m\u1ed9t \u0111\u00e8n pha c\u00f4ng su\u1ea5t l\u1edbn, c\u00f3 kh\u1ea3 n\u0103ng chi\u1ebfu s\u00e1ng m\u1ea1nh m\u1ebd v\u00e0 s\u00e1ng t\u1ea1o. V\u1edbi t\u00ednh n\u0103ng \u0111a d\u1ea1ng v\u00e0 kh\u1ea3 n\u0103ng ho\u1ea1t \u0111\u1ed9ng \u1ed5n \u0111\u1ecbnh, \u0111\u00e8n pha n\u00e0y s\u1ebd mang \u0111\u1ebfn cho b\u1ea1n nh\u1eefng tr\u1ea3i nghi\u1ec7m \u00e1nh s\u00e1ng tuy\u1ec7t v\u1eddi trong c\u00e1c s\u1ef1 ki\u1ec7n v\u00e0 kh\u00f4ng gian tr\u00ecnh di\u1ec5n.<\/span><\/p>\n<h3 style=\"text-align: justify;\"><span style=\"font-size: 14pt;\"><strong>Th\u00f4ng s\u1ed1 k\u1ef9 thu\u1eadt s\u1ea3n ph\u1ea9m.<\/strong><\/span><\/h3>\n<table width=\"102%\">\n<tbody>\n<tr>\n<td width=\"41%\"><span style=\"font-size: 14pt;\">T\u00ean s\u1ea3n ph\u1ea9m<\/span><\/td>\n<td width=\"330%\"><span style=\"font-size: 14pt;\"><span style=\"vertical-align: inherit;\"><span style=\"vertical-align: inherit;\">VL F5 M 300 C<\/span><\/span><\/span><\/td>\n<\/tr>\n<tr>\n<td width=\"41%\"><span style=\"font-size: 14pt;\">S\u1ed1 l\u01b0\u1ee3ng Led<\/span><\/td>\n<td width=\"330%\"><span style=\"font-size: 14pt;\"><span style=\"vertical-align: inherit;\"><span style=\"vertical-align: inherit;\">48<\/span><\/span><\/span><\/td>\n<\/tr>\n<tr>\n<td width=\"41%\"><span style=\"font-size: 14pt;\">C\u00f4ng su\u1ea5t \u0111\u00e8n (W)<\/span><\/td>\n<td width=\"330%\"><span style=\"font-size: 14pt;\"><span style=\"vertical-align: inherit;\"><span style=\"vertical-align: inherit;\">300<\/span><\/span><\/span><\/td>\n<\/tr>\n<tr>\n<td width=\"41%\"><span style=\"font-size: 14pt;\">\u0110i\u1ec7n \u00e1p ho\u1ea1t \u0111\u1ed9ng<\/span><\/td>\n<td width=\"330%\"><span style=\"font-size: 14pt;\"><span style=\"vertical-align: inherit;\"><span style=\"vertical-align: inherit;\">\u0110i\u1ec7n xoay chi\u1ec1u &#8211; 100-270V &#8211; 60Hz<\/span><\/span><\/span><\/td>\n<\/tr>\n<tr>\n<td width=\"41%\"><span style=\"font-size: 14pt;\">\u0110i\u1ec1u khi\u1ec3n<\/span><\/td>\n<td width=\"330%\"><span style=\"font-size: 14pt;\"><span style=\"vertical-align: inherit;\"><span style=\"vertical-align: inherit;\">\u0110MX 512<\/span><\/span><\/span><\/td>\n<\/tr>\n<tr>\n<td width=\"41%\"><span style=\"font-size: 14pt;\">Nhi\u1ec7t \u0111\u1ed9 m\u00e0u<\/span><\/td>\n<td width=\"330%\"><span style=\"font-size: 14pt;\"><span style=\"vertical-align: inherit;\"><span style=\"vertical-align: inherit;\">RGBW<\/span><\/span><\/span><\/td>\n<\/tr>\n<tr>\n<td width=\"41%\"><span style=\"font-size: 14pt;\">H\u1ec7 s\u1ed1 c\u00f4ng su\u1ea5t<\/span><\/td>\n<td width=\"330%\"><span style=\"font-size: 14pt;\"><span style=\"vertical-align: inherit;\"><span style=\"vertical-align: inherit;\">&gt;0,9<\/span><\/span><\/span><\/td>\n<\/tr>\n<tr>\n<td width=\"41%\"><span style=\"font-size: 14pt;\">Quang th\u00f4ng<\/span><\/td>\n<td width=\"330%\"><span style=\"font-size: 14pt;\"><span style=\"vertical-align: inherit;\"><span style=\"vertical-align: inherit;\">&gt; 21.000lm<\/span><\/span><\/span><\/td>\n<\/tr>\n<tr>\n<td width=\"41%\"><span style=\"font-size: 14pt;\">\u0110\u1ed9 ho\u00e0n m\u00e0u CRI<\/span><\/td>\n<td width=\"330%\"><span style=\"font-size: 14pt;\"><span style=\"vertical-align: inherit;\"><span style=\"vertical-align: inherit;\">&gt;80<\/span><\/span><\/span><\/td>\n<\/tr>\n<tr>\n<td width=\"41%\"><span style=\"font-size: 14pt;\">G\u00f3c chi\u1ebfu<\/span><\/td>\n<td width=\"330%\"><span style=\"font-size: 14pt;\"><span style=\"vertical-align: inherit;\"><span style=\"vertical-align: inherit;\">17x30o <\/span><\/span><sup><span style=\"vertical-align: inherit;\"><span style=\"vertical-align: inherit;\">_<\/span><\/span><\/sup><\/span><\/td>\n<\/tr>\n<tr>\n<td width=\"41%\"><span style=\"font-size: 14pt;\">Nhi\u1ec7t \u0111\u1ed9 ho\u1ea1t \u0111\u1ed9ng<\/span><\/td>\n<td width=\"330%\"><span style=\"font-size: 14pt;\">-35 t\u1edbi 50 \u0111\u1ed9 C<\/span><\/td>\n<\/tr>\n<tr>\n<td width=\"41%\"><span style=\"font-size: 14pt;\">\u0110\u1ed9 \u1ea9m ho\u1ea1t \u0111\u1ed9ng<\/span><\/td>\n<td width=\"330%\"><span style=\"font-size: 14pt;\"><span style=\"vertical-align: inherit;\"><span style=\"vertical-align: inherit;\">10- 90%<\/span><\/span><\/span><\/td>\n<\/tr>\n<tr>\n<td width=\"41%\"><span style=\"font-size: 14pt;\">Tu\u1ed5i th\u1ecd Chip Led<\/span><\/td>\n<td width=\"330%\"><span style=\"font-size: 14pt;\"><span style=\"vertical-align: inherit;\"><span style=\"vertical-align: inherit;\">&gt;70.000h<\/span><\/span><\/span><\/td>\n<\/tr>\n<tr>\n<td width=\"41%\"><span style=\"font-size: 14pt;\">C\u1ea5p b\u1ea3o v\u1ec7<\/span><\/td>\n<td width=\"330%\"><span style=\"font-size: 14pt;\"><span style=\"vertical-align: inherit;\"><span style=\"vertical-align: inherit;\">IP66<\/span><\/span><\/span><\/td>\n<\/tr>\n<tr>\n<td width=\"41%\"><span style=\"font-size: 14pt;\">C\u00e2n n\u1eb7ng ( KG)<\/span><\/td>\n<td width=\"330%\"><span style=\"font-size: 14pt;\"><span style=\"vertical-align: inherit;\"><span style=\"vertical-align: inherit;\">15,5<\/span><\/span><\/span><\/td>\n<\/tr>\n<\/tbody>\n<\/table>\n<p style=\"text-align: justify;\">\n","protected":false},"excerpt":{"rendered":"<p style=\"text-align: justify;\"><span style=\"font-size: 14pt;\">\u0110\u00e8n pha VL F5 M4 l\u00e0 m\u1eabu \u0111\u00e8n c\u00f4ng su\u1ea5t 300W, RGBW, \u0111i\u1ec1u khi\u1ec3n DMX 512. \u0110\u00e8n c\u00f3 quang th\u00f4ng 21.000 lm, g\u00f3c chi\u1ebfu 17&#215;30 \u0111\u1ed9. C\u00f3 tu\u1ed5i th\u1ecd LED l\u00ean \u0111\u1ebfn 70.000 gi\u1edd, c\u1ea5p b\u1ea3o v\u1ec7 IP66 ch\u1ed1ng n\u01b0\u1edbc v\u00e0 b\u1ee5i b\u1ea9n. Th\u00edch h\u1ee3p cho s\u00e2n kh\u1ea5u, s\u1ef1 ki\u1ec7n, c\u00f3 th\u1ec3 ho\u1ea1t \u0111\u1ed9ng trong nhi\u1ec7t \u0111\u1ed9 -35 \u0111\u1ed9 C \u0111\u1ebfn 50 \u0111\u1ed9 C, v\u00e0 \u0111\u1ed9 \u1ea9m t\u1eeb 10% \u0111\u1ebfn 90%. Nh\u1eb9, c\u00e2n n\u1eb7ng 15.5 kg.<\/span><\/p>\n","protected":false},"featured_media":3808,"template":"","meta":[],"product_brand":[],"product_cat":[73,59,357],"product_tag":[352,351],"class_list":{"0":"post-3806","1":"product","2":"type-product","3":"status-publish","4":"has-post-thumbnail","6":"product_cat-den-chieu-sang-facade","7":"product_cat-den-roi-pha","8":"product_cat-f5-series","9":"product_tag-den-pha-vl-f5-m4","10":"product_tag-vl-f5-m-300-c","11":"pa_chuan-dieu-khien-dmx512","12":"pa_cong-suat-300w","13":"pa_dien-ap-hoat-dong-ac-100-277v","14":"pa_do-kin-ip-66","15":"pa_goc-chieu-17x30","16":"pa_nhiet-do-mau-rgbw","18":"first","19":"instock","20":"taxable","21":"shipping-taxable","22":"product-type-simple"},"yoast_head":"<!-- This site is optimized with the Yoast SEO Premium plugin v27.5 (Yoast SEO v27.5) - https:\/\/yoast.com\/product\/yoast-seo-premium-wordpress\/ -->\n<title>\u0110\u00e8n pha VL F5 M4 - Vilight Co.ltd<\/title>\n<meta name=\"description\" content=\"\u0110\u00e8n pha VL F5 M4 l\u00e0 m\u1eabu \u0111\u00e8n c\u00f4ng su\u1ea5t 300W, RGBW, \u0111i\u1ec1u khi\u1ec3n DMX512. \u0110\u00e8n c\u00f3 quang th\u00f4ng &gt; 10.500 lm, g\u00f3c chi\u1ebfu 17x30 \u0111\u1ed9. C\u00f3 tu\u1ed5i th\u1ecd LED l\u00ean \u0111\u1ebfn 70.000 gi\u1edd.\" \/>\n<meta name=\"robots\" content=\"index, follow, max-snippet:-1, max-image-preview:large, max-video-preview:-1\" \/>\n<link rel=\"canonical\" href=\"https:\/\/vilight.vn\/website\/san-pham\/den-chieu-sang-facade\/den-pha-vl-f5-m4\/\" \/>\n<meta property=\"og:locale\" content=\"vi_VN\" \/>\n<meta property=\"og:type\" content=\"article\" \/>\n<meta property=\"og:title\" content=\"\u0110\u00e8n pha VL F5 M4\" \/>\n<meta property=\"og:description\" content=\"\u0110\u00e8n pha VL F5 M4 l\u00e0 m\u1eabu \u0111\u00e8n c\u00f4ng su\u1ea5t 300W, RGBW, \u0111i\u1ec1u khi\u1ec3n DMX 512. \u0110\u00e8n c\u00f3 quang th\u00f4ng 21.000 lm, g\u00f3c chi\u1ebfu 17x30 \u0111\u1ed9. C\u00f3 tu\u1ed5i th\u1ecd LED l\u00ean \u0111\u1ebfn 70.000 gi\u1edd, c\u1ea5p b\u1ea3o v\u1ec7 IP66 ch\u1ed1ng n\u01b0\u1edbc v\u00e0 b\u1ee5i b\u1ea9n. Th\u00edch h\u1ee3p cho s\u00e2n kh\u1ea5u, s\u1ef1 ki\u1ec7n, c\u00f3 th\u1ec3 ho\u1ea1t \u0111\u1ed9ng trong nhi\u1ec7t \u0111\u1ed9 -35 \u0111\u1ed9 C \u0111\u1ebfn 50 \u0111\u1ed9 C, v\u00e0 \u0111\u1ed9 \u1ea9m t\u1eeb 10% \u0111\u1ebfn 90%. Nh\u1eb9, c\u00e2n n\u1eb7ng 15.5 kg.\" \/>\n<meta property=\"og:url\" content=\"https:\/\/vilight.vn\/website\/san-pham\/den-chieu-sang-facade\/den-pha-vl-f5-m4\/\" \/>\n<meta property=\"og:site_name\" content=\"Vilight Co.ltd\" \/>\n<meta property=\"article:publisher\" content=\"http:\/\/facebook.com\/vilight.vn\" \/>\n<meta property=\"article:modified_time\" content=\"2024-10-02T03:25:57+00:00\" \/>\n<meta property=\"og:image\" content=\"https:\/\/vilight.vn\/website\/wp-content\/uploads\/2023\/06\/VL-F5-M4-Logo.jpg\" \/>\n\t<meta property=\"og:image:width\" content=\"600\" \/>\n\t<meta property=\"og:image:height\" content=\"600\" \/>\n\t<meta property=\"og:image:type\" content=\"image\/jpeg\" \/>\n<meta name=\"twitter:card\" content=\"summary_large_image\" \/>\n<meta name=\"twitter:label1\" content=\"Gi\u00e1\" \/>\n\t<meta name=\"twitter:data1\" content=\"\" \/>\n\t<meta name=\"twitter:label2\" content=\"Kh\u1ea3 d\u1ee5ng\" \/>\n\t<meta name=\"twitter:data2\" content=\"Trong kho\" \/>\n<script type=\"application\/ld+json\" class=\"yoast-schema-graph\">{\"@context\":\"https:\\\/\\\/schema.org\",\"@graph\":[{\"@type\":\"WebPage\",\"@id\":\"https:\\\/\\\/vilight.vn\\\/website\\\/san-pham\\\/den-chieu-sang-facade\\\/den-pha-vl-f5-m4\\\/\",\"url\":\"https:\\\/\\\/vilight.vn\\\/website\\\/san-pham\\\/den-chieu-sang-facade\\\/den-pha-vl-f5-m4\\\/\",\"name\":\"\u0110\u00e8n pha VL F5 M4 - Vilight Co.ltd\",\"isPartOf\":{\"@id\":\"https:\\\/\\\/vilight.vn\\\/website\\\/#website\"},\"primaryImageOfPage\":{\"@id\":\"https:\\\/\\\/vilight.vn\\\/website\\\/san-pham\\\/den-chieu-sang-facade\\\/den-pha-vl-f5-m4\\\/#primaryimage\"},\"image\":{\"@id\":\"https:\\\/\\\/vilight.vn\\\/website\\\/san-pham\\\/den-chieu-sang-facade\\\/den-pha-vl-f5-m4\\\/#primaryimage\"},\"thumbnailUrl\":\"https:\\\/\\\/vilight.vn\\\/website\\\/wp-content\\\/uploads\\\/2023\\\/06\\\/VL-F5-M4-Logo.jpg\",\"datePublished\":\"2023-06-20T07:06:22+00:00\",\"dateModified\":\"2024-10-02T03:25:57+00:00\",\"description\":\"\u0110\u00e8n pha VL F5 M4 l\u00e0 m\u1eabu \u0111\u00e8n c\u00f4ng su\u1ea5t 300W, RGBW, \u0111i\u1ec1u khi\u1ec3n DMX512. \u0110\u00e8n c\u00f3 quang th\u00f4ng > 10.500 lm, g\u00f3c chi\u1ebfu 17x30 \u0111\u1ed9. C\u00f3 tu\u1ed5i th\u1ecd LED l\u00ean \u0111\u1ebfn 70.000 gi\u1edd.\",\"breadcrumb\":{\"@id\":\"https:\\\/\\\/vilight.vn\\\/website\\\/san-pham\\\/den-chieu-sang-facade\\\/den-pha-vl-f5-m4\\\/#breadcrumb\"},\"inLanguage\":\"vi\",\"potentialAction\":[{\"@type\":\"ReadAction\",\"target\":[\"https:\\\/\\\/vilight.vn\\\/website\\\/san-pham\\\/den-chieu-sang-facade\\\/den-pha-vl-f5-m4\\\/\"]}]},{\"@type\":\"ImageObject\",\"inLanguage\":\"vi\",\"@id\":\"https:\\\/\\\/vilight.vn\\\/website\\\/san-pham\\\/den-chieu-sang-facade\\\/den-pha-vl-f5-m4\\\/#primaryimage\",\"url\":\"https:\\\/\\\/vilight.vn\\\/website\\\/wp-content\\\/uploads\\\/2023\\\/06\\\/VL-F5-M4-Logo.jpg\",\"contentUrl\":\"https:\\\/\\\/vilight.vn\\\/website\\\/wp-content\\\/uploads\\\/2023\\\/06\\\/VL-F5-M4-Logo.jpg\",\"width\":600,\"height\":600,\"caption\":\"\u0110\u00e8n pha VL F5 M4\"},{\"@type\":\"BreadcrumbList\",\"@id\":\"https:\\\/\\\/vilight.vn\\\/website\\\/san-pham\\\/den-chieu-sang-facade\\\/den-pha-vl-f5-m4\\\/#breadcrumb\",\"itemListElement\":[{\"@type\":\"ListItem\",\"position\":1,\"name\":\"Home\",\"item\":\"https:\\\/\\\/vilight.vn\\\/website\\\/\"},{\"@type\":\"ListItem\",\"position\":2,\"name\":\"store\",\"item\":\"https:\\\/\\\/vilight.vn\\\/website\\\/store\\\/\"},{\"@type\":\"ListItem\",\"position\":3,\"name\":\"\u0110\u00e8n pha VL F5 M4\"}]},{\"@type\":\"WebSite\",\"@id\":\"https:\\\/\\\/vilight.vn\\\/website\\\/#website\",\"url\":\"https:\\\/\\\/vilight.vn\\\/website\\\/\",\"name\":\"Vilight Co.ltd\",\"description\":\"Chi\u1ebfu s\u00e1ng m\u1ef9 thu\u1eadt, chi\u1ebfu s\u00e1ng th\u00f4ng minh, LED Pixel 3D, chi\u1ebfu s\u00e1ng trang tr\u00ed \u0111\u00f4 th\u1ecb, chi\u1ebfu s\u00e1ng v\u00f2ng xoay, chi\u1ebfu s\u00e1ng \u0111\u1ea3o giao th\u00f4ng, c\u1ed5ng ch\u00e0o \u0111\u00f4 th\u1ecb\",\"publisher\":{\"@id\":\"https:\\\/\\\/vilight.vn\\\/website\\\/#organization\"},\"potentialAction\":[{\"@type\":\"SearchAction\",\"target\":{\"@type\":\"EntryPoint\",\"urlTemplate\":\"https:\\\/\\\/vilight.vn\\\/website\\\/?s={search_term_string}\"},\"query-input\":{\"@type\":\"PropertyValueSpecification\",\"valueRequired\":true,\"valueName\":\"search_term_string\"}}],\"inLanguage\":\"vi\"},{\"@type\":\"Organization\",\"@id\":\"https:\\\/\\\/vilight.vn\\\/website\\\/#organization\",\"name\":\"Vilight\",\"url\":\"https:\\\/\\\/vilight.vn\\\/website\\\/\",\"logo\":{\"@type\":\"ImageObject\",\"inLanguage\":\"vi\",\"@id\":\"https:\\\/\\\/vilight.vn\\\/website\\\/#\\\/schema\\\/logo\\\/image\\\/\",\"url\":\"https:\\\/\\\/vilight.vn\\\/website\\\/wp-content\\\/uploads\\\/2022\\\/05\\\/chieu_sang_trang_tri_do_thi_bang_den_led_pixel.png\",\"contentUrl\":\"https:\\\/\\\/vilight.vn\\\/website\\\/wp-content\\\/uploads\\\/2022\\\/05\\\/chieu_sang_trang_tri_do_thi_bang_den_led_pixel.png\",\"width\":800,\"height\":427,\"caption\":\"Vilight\"},\"image\":{\"@id\":\"https:\\\/\\\/vilight.vn\\\/website\\\/#\\\/schema\\\/logo\\\/image\\\/\"},\"sameAs\":[\"http:\\\/\\\/facebook.com\\\/vilight.vn\",\"https:\\\/\\\/www.linkedin.com\\\/company\\\/vilight-vn\",\"https:\\\/\\\/www.youtube.com\\\/channel\\\/UCEwR2naeDcuarMX1kSv_rLQ\\\/videos\"]}]}<\/script>\n<meta property=\"product:brand\" content=\"\u0110\u00e8n chi\u1ebfu s\u00e1ng Facade\" \/>\n<meta property=\"product:price:currency\" content=\"VND\" \/>\n<meta property=\"og:availability\" content=\"instock\" \/>\n<meta property=\"product:availability\" content=\"instock\" \/>\n<meta property=\"product:condition\" content=\"new\" \/>\n<!-- \/ Yoast SEO Premium plugin. -->","yoast_head_json":{"title":"\u0110\u00e8n pha VL F5 M4 - Vilight Co.ltd","description":"\u0110\u00e8n pha VL F5 M4 l\u00e0 m\u1eabu \u0111\u00e8n c\u00f4ng su\u1ea5t 300W, RGBW, \u0111i\u1ec1u khi\u1ec3n DMX512. \u0110\u00e8n c\u00f3 quang th\u00f4ng > 10.500 lm, g\u00f3c chi\u1ebfu 17x30 \u0111\u1ed9. C\u00f3 tu\u1ed5i th\u1ecd LED l\u00ean \u0111\u1ebfn 70.000 gi\u1edd.","robots":{"index":"index","follow":"follow","max-snippet":"max-snippet:-1","max-image-preview":"max-image-preview:large","max-video-preview":"max-video-preview:-1"},"canonical":"https:\/\/vilight.vn\/website\/san-pham\/den-chieu-sang-facade\/den-pha-vl-f5-m4\/","og_locale":"vi_VN","og_type":"article","og_title":"\u0110\u00e8n pha VL F5 M4","og_description":"\u0110\u00e8n pha VL F5 M4 l\u00e0 m\u1eabu \u0111\u00e8n c\u00f4ng su\u1ea5t 300W, RGBW, \u0111i\u1ec1u khi\u1ec3n DMX 512. \u0110\u00e8n c\u00f3 quang th\u00f4ng 21.000 lm, g\u00f3c chi\u1ebfu 17x30 \u0111\u1ed9. C\u00f3 tu\u1ed5i th\u1ecd LED l\u00ean \u0111\u1ebfn 70.000 gi\u1edd, c\u1ea5p b\u1ea3o v\u1ec7 IP66 ch\u1ed1ng n\u01b0\u1edbc v\u00e0 b\u1ee5i b\u1ea9n. Th\u00edch h\u1ee3p cho s\u00e2n kh\u1ea5u, s\u1ef1 ki\u1ec7n, c\u00f3 th\u1ec3 ho\u1ea1t \u0111\u1ed9ng trong nhi\u1ec7t \u0111\u1ed9 -35 \u0111\u1ed9 C \u0111\u1ebfn 50 \u0111\u1ed9 C, v\u00e0 \u0111\u1ed9 \u1ea9m t\u1eeb 10% \u0111\u1ebfn 90%. Nh\u1eb9, c\u00e2n n\u1eb7ng 15.5 kg.","og_url":"https:\/\/vilight.vn\/website\/san-pham\/den-chieu-sang-facade\/den-pha-vl-f5-m4\/","og_site_name":"Vilight Co.ltd","article_publisher":"http:\/\/facebook.com\/vilight.vn","article_modified_time":"2024-10-02T03:25:57+00:00","og_image":[{"width":600,"height":600,"url":"https:\/\/vilight.vn\/website\/wp-content\/uploads\/2023\/06\/VL-F5-M4-Logo.jpg","type":"image\/jpeg"}],"twitter_card":"summary_large_image","twitter_misc":{"Gi\u00e1":"","Kh\u1ea3 d\u1ee5ng":"Trong kho"},"schema":{"@context":"https:\/\/schema.org","@graph":[{"@type":"WebPage","@id":"https:\/\/vilight.vn\/website\/san-pham\/den-chieu-sang-facade\/den-pha-vl-f5-m4\/","url":"https:\/\/vilight.vn\/website\/san-pham\/den-chieu-sang-facade\/den-pha-vl-f5-m4\/","name":"\u0110\u00e8n pha VL F5 M4 - Vilight Co.ltd","isPartOf":{"@id":"https:\/\/vilight.vn\/website\/#website"},"primaryImageOfPage":{"@id":"https:\/\/vilight.vn\/website\/san-pham\/den-chieu-sang-facade\/den-pha-vl-f5-m4\/#primaryimage"},"image":{"@id":"https:\/\/vilight.vn\/website\/san-pham\/den-chieu-sang-facade\/den-pha-vl-f5-m4\/#primaryimage"},"thumbnailUrl":"https:\/\/vilight.vn\/website\/wp-content\/uploads\/2023\/06\/VL-F5-M4-Logo.jpg","datePublished":"2023-06-20T07:06:22+00:00","dateModified":"2024-10-02T03:25:57+00:00","description":"\u0110\u00e8n pha VL F5 M4 l\u00e0 m\u1eabu \u0111\u00e8n c\u00f4ng su\u1ea5t 300W, RGBW, \u0111i\u1ec1u khi\u1ec3n DMX512. \u0110\u00e8n c\u00f3 quang th\u00f4ng > 10.500 lm, g\u00f3c chi\u1ebfu 17x30 \u0111\u1ed9. C\u00f3 tu\u1ed5i th\u1ecd LED l\u00ean \u0111\u1ebfn 70.000 gi\u1edd.","breadcrumb":{"@id":"https:\/\/vilight.vn\/website\/san-pham\/den-chieu-sang-facade\/den-pha-vl-f5-m4\/#breadcrumb"},"inLanguage":"vi","potentialAction":[{"@type":"ReadAction","target":["https:\/\/vilight.vn\/website\/san-pham\/den-chieu-sang-facade\/den-pha-vl-f5-m4\/"]}]},{"@type":"ImageObject","inLanguage":"vi","@id":"https:\/\/vilight.vn\/website\/san-pham\/den-chieu-sang-facade\/den-pha-vl-f5-m4\/#primaryimage","url":"https:\/\/vilight.vn\/website\/wp-content\/uploads\/2023\/06\/VL-F5-M4-Logo.jpg","contentUrl":"https:\/\/vilight.vn\/website\/wp-content\/uploads\/2023\/06\/VL-F5-M4-Logo.jpg","width":600,"height":600,"caption":"\u0110\u00e8n pha VL F5 M4"},{"@type":"BreadcrumbList","@id":"https:\/\/vilight.vn\/website\/san-pham\/den-chieu-sang-facade\/den-pha-vl-f5-m4\/#breadcrumb","itemListElement":[{"@type":"ListItem","position":1,"name":"Home","item":"https:\/\/vilight.vn\/website\/"},{"@type":"ListItem","position":2,"name":"store","item":"https:\/\/vilight.vn\/website\/store\/"},{"@type":"ListItem","position":3,"name":"\u0110\u00e8n pha VL F5 M4"}]},{"@type":"WebSite","@id":"https:\/\/vilight.vn\/website\/#website","url":"https:\/\/vilight.vn\/website\/","name":"Vilight Co.ltd","description":"Chi\u1ebfu s\u00e1ng m\u1ef9 thu\u1eadt, chi\u1ebfu s\u00e1ng th\u00f4ng minh, LED Pixel 3D, chi\u1ebfu s\u00e1ng trang tr\u00ed \u0111\u00f4 th\u1ecb, chi\u1ebfu s\u00e1ng v\u00f2ng xoay, chi\u1ebfu s\u00e1ng \u0111\u1ea3o giao th\u00f4ng, c\u1ed5ng ch\u00e0o \u0111\u00f4 th\u1ecb","publisher":{"@id":"https:\/\/vilight.vn\/website\/#organization"},"potentialAction":[{"@type":"SearchAction","target":{"@type":"EntryPoint","urlTemplate":"https:\/\/vilight.vn\/website\/?s={search_term_string}"},"query-input":{"@type":"PropertyValueSpecification","valueRequired":true,"valueName":"search_term_string"}}],"inLanguage":"vi"},{"@type":"Organization","@id":"https:\/\/vilight.vn\/website\/#organization","name":"Vilight","url":"https:\/\/vilight.vn\/website\/","logo":{"@type":"ImageObject","inLanguage":"vi","@id":"https:\/\/vilight.vn\/website\/#\/schema\/logo\/image\/","url":"https:\/\/vilight.vn\/website\/wp-content\/uploads\/2022\/05\/chieu_sang_trang_tri_do_thi_bang_den_led_pixel.png","contentUrl":"https:\/\/vilight.vn\/website\/wp-content\/uploads\/2022\/05\/chieu_sang_trang_tri_do_thi_bang_den_led_pixel.png","width":800,"height":427,"caption":"Vilight"},"image":{"@id":"https:\/\/vilight.vn\/website\/#\/schema\/logo\/image\/"},"sameAs":["http:\/\/facebook.com\/vilight.vn","https:\/\/www.linkedin.com\/company\/vilight-vn","https:\/\/www.youtube.com\/channel\/UCEwR2naeDcuarMX1kSv_rLQ\/videos"]}]},"product_brand":"\u0110\u00e8n chi\u1ebfu s\u00e1ng Facade","product_price_currency":"VND","og_availability":"instock","product_availability":"instock","product_condition":"new"},"_links":{"self":[{"href":"https:\/\/vilight.vn\/website\/wp-json\/wp\/v2\/product\/3806","targetHints":{"allow":["GET"]}}],"collection":[{"href":"https:\/\/vilight.vn\/website\/wp-json\/wp\/v2\/product"}],"about":[{"href":"https:\/\/vilight.vn\/website\/wp-json\/wp\/v2\/types\/product"}],"wp:featuredmedia":[{"embeddable":true,"href":"https:\/\/vilight.vn\/website\/wp-json\/wp\/v2\/media\/3808"}],"wp:attachment":[{"href":"https:\/\/vilight.vn\/website\/wp-json\/wp\/v2\/media?parent=3806"}],"wp:term":[{"taxonomy":"product_brand","embeddable":true,"href":"https:\/\/vilight.vn\/website\/wp-json\/wp\/v2\/product_brand?post=3806"},{"taxonomy":"product_cat","embeddable":true,"href":"https:\/\/vilight.vn\/website\/wp-json\/wp\/v2\/product_cat?post=3806"},{"taxonomy":"product_tag","embeddable":true,"href":"https:\/\/vilight.vn\/website\/wp-json\/wp\/v2\/product_tag?post=3806"}],"curies":[{"name":"wp","href":"https:\/\/api.w.org\/{rel}","templated":true}]}}