{"id":4206,"date":"2023-07-14T10:11:23","date_gmt":"2023-07-14T03:11:23","guid":{"rendered":"https:\/\/vilight.vn\/website\/?post_type=product&#038;p=4206"},"modified":"2024-10-02T10:32:22","modified_gmt":"2024-10-02T03:32:22","slug":"den-pha-vlf-k01","status":"publish","type":"product","link":"https:\/\/vilight.vn\/website\/san-pham\/den-chieu-sang-facade\/den-pha-vlf-k01\/","title":{"rendered":"\u0110\u00e8n pha VLF K01"},"content":{"rendered":"<h2 style=\"text-align: justify;\"><span style=\"font-size: 18pt;\">\u0110\u00e8n pha VLF K01 &#8211; S\u1ee9c m\u1ea1nh \u00e1nh s\u00e1ng \u0111\u1ed9c \u0111\u00e1o cho kh\u00f4ng gian c\u1ee7a b\u1ea1n.<\/span><\/h2>\n<p style=\"text-align: justify;\"><span style=\"font-size: 14pt;\">\u0110\u00e8n pha VLF K01 l\u00e0 m\u1ed9t gi\u1ea3i ph\u00e1p chi\u1ebfu s\u00e1ng hi\u1ec7u qu\u1ea3 v\u00e0 \u0111\u00e1ng tin c\u1eady cho c\u00e1c kh\u00f4ng gian kh\u00e1c nhau. V\u1edbi thi\u1ebft k\u1ebf th\u00f4ng minh v\u00e0 c\u00e1c t\u00ednh n\u0103ng ti\u00ean ti\u1ebfn, \u0111\u00e8n pha n\u00e0y \u0111em l\u1ea1i \u00e1nh s\u00e1ng m\u1ea1nh m\u1ebd v\u00e0 tinh t\u1ebf, gi\u00fap t\u1ea1o \u0111i\u1ec3m nh\u1ea5n cho m\u1ecdi kh\u00f4ng gian.<\/span><\/p>\n<p style=\"text-align: justify;\"><span style=\"font-size: 14pt;\">\u0110i\u1ec3m n\u1ed5i b\u1eadt c\u1ee7a \u0111\u00e8n pha VLF K01 n\u1eb1m trong ngu\u1ed3n s\u00e1ng ch\u1ea5t l\u01b0\u1ee3ng cao. \u0110\u00e8n \u0111\u01b0\u1ee3c trang b\u1ecb 10 b\u00f3ng LED c\u00f4ng su\u1ea5t 4.5W m\u1ed7i b\u00f3ng, t\u1ea1o ra t\u1ed5ng c\u00f4ng su\u1ea5t 45W. S\u1eed d\u1ee5ng c\u00f4ng ngh\u1ec7 LED ti\u00ean ti\u1ebfn, \u0111\u00e8n pha n\u00e0y mang \u0111\u1ebfn \u00e1nh s\u00e1ng s\u00e1ng b\u00f3ng v\u00e0 r\u1ef1c r\u1ee1 v\u1edbi \u0111\u1ed9 s\u00e1ng l\u00ean t\u1edbi 4210 lumen, t\u1ea1o \u0111i\u1ec1u ki\u1ec7n chi\u1ebfu s\u00e1ng t\u1ed1i \u01b0u cho kh\u00f4ng gian c\u1ee7a b\u1ea1n.<\/span><\/p>\n<p style=\"text-align: justify;\"><span style=\"font-size: 14pt;\">\u0110\u00e8n pha VLF K01 \u0111i k\u00e8m v\u1edbi m\u1ed9t \u1ed1ng k\u00ednh B92. \u1ed0ng k\u00ednh n\u00e0y gi\u00fap t\u1eadp trung \u00e1nh s\u00e1ng v\u00e0o m\u1ed9t v\u00f9ng nh\u1ea5t \u0111\u1ecbnh, t\u1ea1o ra hi\u1ec7u \u1ee9ng chi\u1ebfu s\u00e1ng t\u1eadp trung v\u00e0 th\u1ea9m m\u1ef9. Ngo\u00e0i ra, c\u00f3 th\u1ec3 l\u1ef1a ch\u1ecdn g\u00f3c chi\u1ebfu s\u00e1ng t\u00f9y ch\u1ecdn v\u1edbi \u0111\u1ed9 m\u1edf r\u1ed9ng 20\u00b0, mang \u0111\u1ebfn s\u1ef1 linh ho\u1ea1t cho vi\u1ec7c ph\u00e2n b\u1ed1 \u00e1nh s\u00e1ng trong kh\u00f4ng gian.<\/span><\/p>\n<p style=\"text-align: justify;\"><span style=\"font-size: 14pt;\">\u0110\u00e8n pha VLF K01 ho\u1ea1t \u0111\u1ed9ng v\u1edbi \u0111i\u1ec7n \u00e1p \u0111\u1ea7u v\u00e0o 240V v\u00e0 d\u00f2ng ho\u1ea1t \u0111\u1ed9ng 214mA, \u0111\u1ea3m b\u1ea3o hi\u1ec7u su\u1ea5t cao v\u00e0 ti\u1ebft ki\u1ec7m n\u0103ng l\u01b0\u1ee3ng. V\u1edbi ti\u00eau th\u1ee5 ch\u1ec9 50W, \u0111\u00e8n pha n\u00e0y kh\u00f4ng ch\u1ec9 cung c\u1ea5p \u00e1nh s\u00e1ng m\u1ea1nh m\u1ebd m\u00e0 c\u00f2n gi\u00fap gi\u1ea3m thi\u1ec3u l\u01b0\u1ee3ng \u0111i\u1ec7n ti\u00eau th\u1ee5, \u0111\u1ed3ng th\u1eddi gi\u1ea3m kh\u00ed th\u1ea3i carbon.<\/span><\/p>\n<p style=\"text-align: justify;\"><span style=\"font-size: 14pt;\">V\u1edbi thi\u1ebft k\u1ebf ch\u1eafc ch\u1eafn v\u00e0 ch\u1ea5t li\u1ec7u ch\u1ea5t l\u01b0\u1ee3ng, \u0111\u00e8n pha VLF K01 c\u00f3 \u0111\u1ed9 b\u1ec1n cao v\u00e0 tu\u1ed5i th\u1ecd l\u00e2u d\u00e0i. \u0110\u00e8n \u0111\u01b0\u1ee3c thi\u1ebft k\u1ebf \u0111\u1ec3 d\u1ec5 d\u00e0ng l\u1eafp \u0111\u1eb7t v\u00e0 \u0111i\u1ec1u ch\u1ec9nh, ph\u00f9 h\u1ee3p cho vi\u1ec7c \u00e1nh s\u00e1ng ngo\u1ea1i th\u1ea5t, chi\u1ebfu s\u00e1ng c\u1ea3nh quan, chi\u1ebfu s\u00e1ng ki\u1ebfn tr\u00fac, v\u00e0 nhi\u1ec1u \u1ee9ng d\u1ee5ng kh\u00e1c.<\/span><\/p>\n<p style=\"text-align: justify;\"><span style=\"font-size: 14pt;\">T\u00f3m l\u1ea1i, \u0111\u00e8n pha VLF K01 l\u00e0 m\u1ed9t l\u1ef1a ch\u1ecdn tuy\u1ec7t v\u1eddi cho vi\u1ec7c chi\u1ebfu s\u00e1ng ch\u1ea5t l\u01b0\u1ee3ng cao v\u00e0 hi\u1ec7u qu\u1ea3 n\u0103ng l\u01b0\u1ee3ng trong c\u00e1c kh\u00f4ng gian kh\u00e1c nhau. V\u1edbi \u00e1nh s\u00e1ng m\u1ea1nh m\u1ebd, thi\u1ebft k\u1ebf th\u00f4ng minh v\u00e0 t\u00ednh n\u0103ng ti\u00ean ti\u1ebfn, \u0111\u00e8n pha n\u00e0y mang \u0111\u1ebfn s\u1ef1 tinh t\u1ebf v\u00e0 s\u1ef1 ph\u00e1t s\u00e1ng \u0111\u1ed9c \u0111\u00e1o cho kh\u00f4ng gian c\u1ee7a b\u1ea1n.<\/span><\/p>\n<p style=\"text-align: justify;\"><span style=\"font-size: 14pt;\"><a href=\"https:\/\/vilight.vn\/website\/wp-content\/uploads\/2023\/07\/Den-pha-VLF-K01-thong-so-ky-thuat.jpg\"><img decoding=\"async\" class=\"aligncenter wp-image-4207 size-full lazyload\" data-src=\"https:\/\/vilight.vn\/website\/wp-content\/uploads\/2023\/07\/Den-pha-VLF-K01-thong-so-ky-thuat.jpg\" alt=\"\u0110\u00e8n pha VLF K01\" width=\"1200\" height=\"370\" data-srcset=\"https:\/\/vilight.vn\/website\/wp-content\/uploads\/2023\/07\/Den-pha-VLF-K01-thong-so-ky-thuat.jpg 1200w, https:\/\/vilight.vn\/website\/wp-content\/uploads\/2023\/07\/Den-pha-VLF-K01-thong-so-ky-thuat-800x247.jpg 800w, https:\/\/vilight.vn\/website\/wp-content\/uploads\/2023\/07\/Den-pha-VLF-K01-thong-so-ky-thuat-300x93.jpg 300w, https:\/\/vilight.vn\/website\/wp-content\/uploads\/2023\/07\/Den-pha-VLF-K01-thong-so-ky-thuat-1024x316.jpg 1024w, https:\/\/vilight.vn\/website\/wp-content\/uploads\/2023\/07\/Den-pha-VLF-K01-thong-so-ky-thuat-768x237.jpg 768w, https:\/\/vilight.vn\/website\/wp-content\/uploads\/2023\/07\/Den-pha-VLF-K01-thong-so-ky-thuat-150x46.jpg 150w, https:\/\/vilight.vn\/website\/wp-content\/uploads\/2023\/07\/Den-pha-VLF-K01-thong-so-ky-thuat-480x148.jpg 480w\" data-sizes=\"(max-width:767px) 480px, (max-width:1200px) 100vw, 1200px\" src=\"data:image\/svg+xml;base64,PHN2ZyB3aWR0aD0iMSIgaGVpZ2h0PSIxIiB4bWxucz0iaHR0cDovL3d3dy53My5vcmcvMjAwMC9zdmciPjwvc3ZnPg==\" style=\"--smush-placeholder-width: 1200px; --smush-placeholder-aspect-ratio: 1200\/370;\" \/><\/a><\/span><\/p>\n<p style=\"text-align: justify;\"><span style=\"font-size: 14pt;\"><a href=\"https:\/\/vilight.vn\/website\/wp-content\/uploads\/2023\/07\/Thong-so-ky-thuat-den-pha-VLF-K01.jpg\"><img decoding=\"async\" class=\"aligncenter wp-image-4208 size-full lazyload\" data-src=\"https:\/\/vilight.vn\/website\/wp-content\/uploads\/2023\/07\/Thong-so-ky-thuat-den-pha-VLF-K01.jpg\" alt=\"\u0110\u00e8n VLF K01\" width=\"1200\" height=\"344\" data-srcset=\"https:\/\/vilight.vn\/website\/wp-content\/uploads\/2023\/07\/Thong-so-ky-thuat-den-pha-VLF-K01.jpg 1200w, https:\/\/vilight.vn\/website\/wp-content\/uploads\/2023\/07\/Thong-so-ky-thuat-den-pha-VLF-K01-800x229.jpg 800w, https:\/\/vilight.vn\/website\/wp-content\/uploads\/2023\/07\/Thong-so-ky-thuat-den-pha-VLF-K01-300x86.jpg 300w, https:\/\/vilight.vn\/website\/wp-content\/uploads\/2023\/07\/Thong-so-ky-thuat-den-pha-VLF-K01-1024x294.jpg 1024w, https:\/\/vilight.vn\/website\/wp-content\/uploads\/2023\/07\/Thong-so-ky-thuat-den-pha-VLF-K01-768x220.jpg 768w, https:\/\/vilight.vn\/website\/wp-content\/uploads\/2023\/07\/Thong-so-ky-thuat-den-pha-VLF-K01-150x43.jpg 150w, https:\/\/vilight.vn\/website\/wp-content\/uploads\/2023\/07\/Thong-so-ky-thuat-den-pha-VLF-K01-480x138.jpg 480w\" data-sizes=\"(max-width:767px) 480px, (max-width:1200px) 100vw, 1200px\" src=\"data:image\/svg+xml;base64,PHN2ZyB3aWR0aD0iMSIgaGVpZ2h0PSIxIiB4bWxucz0iaHR0cDovL3d3dy53My5vcmcvMjAwMC9zdmciPjwvc3ZnPg==\" style=\"--smush-placeholder-width: 1200px; --smush-placeholder-aspect-ratio: 1200\/344;\" \/><\/a><\/span><\/p>\n<p style=\"text-align: justify;\"><span style=\"font-size: 14pt;\"><a href=\"https:\/\/vilight.vn\/website\/wp-content\/uploads\/2023\/07\/VLF-K01.jpg\"><img decoding=\"async\" class=\"wp-image-4209 size-full aligncenter lazyload\" data-src=\"https:\/\/vilight.vn\/website\/wp-content\/uploads\/2023\/07\/VLF-K01.jpg\" alt=\"\u0110\u00e8n pha VLF K01\" width=\"1200\" height=\"1711\" data-srcset=\"https:\/\/vilight.vn\/website\/wp-content\/uploads\/2023\/07\/VLF-K01.jpg 1200w, https:\/\/vilight.vn\/website\/wp-content\/uploads\/2023\/07\/VLF-K01-800x1141.jpg 800w, https:\/\/vilight.vn\/website\/wp-content\/uploads\/2023\/07\/VLF-K01-210x300.jpg 210w, https:\/\/vilight.vn\/website\/wp-content\/uploads\/2023\/07\/VLF-K01-718x1024.jpg 718w, https:\/\/vilight.vn\/website\/wp-content\/uploads\/2023\/07\/VLF-K01-768x1095.jpg 768w, https:\/\/vilight.vn\/website\/wp-content\/uploads\/2023\/07\/VLF-K01-1077x1536.jpg 1077w, https:\/\/vilight.vn\/website\/wp-content\/uploads\/2023\/07\/VLF-K01-53x75.jpg 53w, https:\/\/vilight.vn\/website\/wp-content\/uploads\/2023\/07\/VLF-K01-480x684.jpg 480w\" data-sizes=\"(max-width:767px) 480px, (max-width:1200px) 100vw, 1200px\" src=\"data:image\/svg+xml;base64,PHN2ZyB3aWR0aD0iMSIgaGVpZ2h0PSIxIiB4bWxucz0iaHR0cDovL3d3dy53My5vcmcvMjAwMC9zdmciPjwvc3ZnPg==\" style=\"--smush-placeholder-width: 1200px; --smush-placeholder-aspect-ratio: 1200\/1711;\" \/><\/a><\/span><\/p>\n","protected":false},"excerpt":{"rendered":"<p style=\"text-align: justify;\"><span style=\"font-size: 14pt;\">\u0110\u00e8n pha VLF K01 &#8211; S\u1ee9c m\u1ea1nh \u00e1nh s\u00e1ng 4200 lumens, c\u00f4ng su\u1ea5t 50W, thi\u1ebft k\u1ebf th\u00f4ng minh v\u1edbi \u1ed1ng k\u00ednh B92 v\u00e0 g\u00f3c chi\u1ebfu s\u00e1ng t\u00f9y ch\u1ecdn 20\u00b0. Ti\u1ebft ki\u1ec7m n\u0103ng l\u01b0\u1ee3ng, l\u1eafp \u0111\u1eb7t d\u1ec5 d\u00e0ng, ph\u00f9 h\u1ee3p cho chi\u1ebfu s\u00e1ng ngo\u1ea1i th\u1ea5t v\u00e0 ki\u1ebfn tr\u00fac.<\/span><\/p>\n","protected":false},"featured_media":4210,"template":"","meta":[],"product_brand":[],"product_cat":[73,59,549],"product_tag":[550],"class_list":{"0":"post-4206","1":"product","2":"type-product","3":"status-publish","4":"has-post-thumbnail","6":"product_cat-den-chieu-sang-facade","7":"product_cat-den-roi-pha","8":"product_cat-k-p-g-series","9":"product_tag-den-pha-vlf-k01","10":"pa_chuan-dieu-khien-on-off","11":"pa_cong-suat-45w","12":"pa_dien-ap-hoat-dong-ac-240v","13":"pa_do-kin-ip-66","14":"pa_goc-chieu-308","15":"pa_nhiet-do-mau-3000k","16":"pa_nhiet-do-mau-4000k","17":"pa_nhiet-do-mau-5700k","19":"first","20":"instock","21":"taxable","22":"shipping-taxable","23":"product-type-simple"},"yoast_head":"<!-- This site is optimized with the Yoast SEO Premium plugin v27.4 (Yoast SEO v27.4) - https:\/\/yoast.com\/product\/yoast-seo-premium-wordpress\/ -->\n<title>\u0110\u00e8n pha VLF K01 - Vilight Co.ltd<\/title>\n<meta name=\"description\" content=\"\u0110\u00e8n pha VLF K01 - S\u1ee9c m\u1ea1nh \u00e1nh s\u00e1ng 4200 lumens, c\u00f4ng su\u1ea5t 50W, thi\u1ebft k\u1ebf th\u00f4ng minh v\u1edbi \u1ed1ng k\u00ednh B92 v\u00e0 g\u00f3c chi\u1ebfu s\u00e1ng t\u00f9y ch\u1ecdn 20\u00b0.\" \/>\n<meta name=\"robots\" content=\"index, follow, max-snippet:-1, max-image-preview:large, max-video-preview:-1\" \/>\n<link rel=\"canonical\" href=\"https:\/\/vilight.vn\/website\/san-pham\/den-chieu-sang-facade\/den-pha-vlf-k01\/\" \/>\n<meta property=\"og:locale\" content=\"vi_VN\" \/>\n<meta property=\"og:type\" content=\"article\" \/>\n<meta property=\"og:title\" content=\"\u0110\u00e8n pha VLF K01\" \/>\n<meta property=\"og:description\" content=\"\u0110\u00e8n pha VLF K01 - S\u1ee9c m\u1ea1nh \u00e1nh s\u00e1ng 4200 lumens, c\u00f4ng su\u1ea5t 50W, thi\u1ebft k\u1ebf th\u00f4ng minh v\u1edbi \u1ed1ng k\u00ednh B92 v\u00e0 g\u00f3c chi\u1ebfu s\u00e1ng t\u00f9y ch\u1ecdn 20\u00b0. Ti\u1ebft ki\u1ec7m n\u0103ng l\u01b0\u1ee3ng, l\u1eafp \u0111\u1eb7t d\u1ec5 d\u00e0ng, ph\u00f9 h\u1ee3p cho chi\u1ebfu s\u00e1ng ngo\u1ea1i th\u1ea5t v\u00e0 ki\u1ebfn tr\u00fac.\" \/>\n<meta property=\"og:url\" content=\"https:\/\/vilight.vn\/website\/san-pham\/den-chieu-sang-facade\/den-pha-vlf-k01\/\" \/>\n<meta property=\"og:site_name\" content=\"Vilight Co.ltd\" \/>\n<meta property=\"article:publisher\" content=\"http:\/\/facebook.com\/vilight.vn\" \/>\n<meta property=\"article:modified_time\" content=\"2024-10-02T03:32:22+00:00\" \/>\n<meta property=\"og:image\" content=\"https:\/\/vilight.vn\/website\/wp-content\/uploads\/2023\/07\/Den-pha-VLF-K01.jpg\" \/>\n\t<meta property=\"og:image:width\" content=\"413\" \/>\n\t<meta property=\"og:image:height\" content=\"413\" \/>\n\t<meta property=\"og:image:type\" content=\"image\/jpeg\" \/>\n<meta name=\"twitter:card\" content=\"summary_large_image\" \/>\n<meta name=\"twitter:label1\" content=\"Gi\u00e1\" \/>\n\t<meta name=\"twitter:data1\" content=\"\" \/>\n\t<meta name=\"twitter:label2\" content=\"Kh\u1ea3 d\u1ee5ng\" \/>\n\t<meta name=\"twitter:data2\" content=\"Trong kho\" \/>\n<script type=\"application\/ld+json\" class=\"yoast-schema-graph\">{\"@context\":\"https:\\\/\\\/schema.org\",\"@graph\":[{\"@type\":\"WebPage\",\"@id\":\"https:\\\/\\\/vilight.vn\\\/website\\\/san-pham\\\/den-chieu-sang-facade\\\/den-pha-vlf-k01\\\/\",\"url\":\"https:\\\/\\\/vilight.vn\\\/website\\\/san-pham\\\/den-chieu-sang-facade\\\/den-pha-vlf-k01\\\/\",\"name\":\"\u0110\u00e8n pha VLF K01 - Vilight Co.ltd\",\"isPartOf\":{\"@id\":\"https:\\\/\\\/vilight.vn\\\/website\\\/#website\"},\"primaryImageOfPage\":{\"@id\":\"https:\\\/\\\/vilight.vn\\\/website\\\/san-pham\\\/den-chieu-sang-facade\\\/den-pha-vlf-k01\\\/#primaryimage\"},\"image\":{\"@id\":\"https:\\\/\\\/vilight.vn\\\/website\\\/san-pham\\\/den-chieu-sang-facade\\\/den-pha-vlf-k01\\\/#primaryimage\"},\"thumbnailUrl\":\"https:\\\/\\\/vilight.vn\\\/website\\\/wp-content\\\/uploads\\\/2023\\\/07\\\/Den-pha-VLF-K01.jpg\",\"datePublished\":\"2023-07-14T03:11:23+00:00\",\"dateModified\":\"2024-10-02T03:32:22+00:00\",\"description\":\"\u0110\u00e8n pha VLF K01 - S\u1ee9c m\u1ea1nh \u00e1nh s\u00e1ng 4200 lumens, c\u00f4ng su\u1ea5t 50W, thi\u1ebft k\u1ebf th\u00f4ng minh v\u1edbi \u1ed1ng k\u00ednh B92 v\u00e0 g\u00f3c chi\u1ebfu s\u00e1ng t\u00f9y ch\u1ecdn 20\u00b0.\",\"breadcrumb\":{\"@id\":\"https:\\\/\\\/vilight.vn\\\/website\\\/san-pham\\\/den-chieu-sang-facade\\\/den-pha-vlf-k01\\\/#breadcrumb\"},\"inLanguage\":\"vi\",\"potentialAction\":[{\"@type\":\"ReadAction\",\"target\":[\"https:\\\/\\\/vilight.vn\\\/website\\\/san-pham\\\/den-chieu-sang-facade\\\/den-pha-vlf-k01\\\/\"]}]},{\"@type\":\"ImageObject\",\"inLanguage\":\"vi\",\"@id\":\"https:\\\/\\\/vilight.vn\\\/website\\\/san-pham\\\/den-chieu-sang-facade\\\/den-pha-vlf-k01\\\/#primaryimage\",\"url\":\"https:\\\/\\\/vilight.vn\\\/website\\\/wp-content\\\/uploads\\\/2023\\\/07\\\/Den-pha-VLF-K01.jpg\",\"contentUrl\":\"https:\\\/\\\/vilight.vn\\\/website\\\/wp-content\\\/uploads\\\/2023\\\/07\\\/Den-pha-VLF-K01.jpg\",\"width\":413,\"height\":413,\"caption\":\"\u0110\u00e8n pha K01\"},{\"@type\":\"BreadcrumbList\",\"@id\":\"https:\\\/\\\/vilight.vn\\\/website\\\/san-pham\\\/den-chieu-sang-facade\\\/den-pha-vlf-k01\\\/#breadcrumb\",\"itemListElement\":[{\"@type\":\"ListItem\",\"position\":1,\"name\":\"Home\",\"item\":\"https:\\\/\\\/vilight.vn\\\/website\\\/\"},{\"@type\":\"ListItem\",\"position\":2,\"name\":\"store\",\"item\":\"https:\\\/\\\/vilight.vn\\\/website\\\/store\\\/\"},{\"@type\":\"ListItem\",\"position\":3,\"name\":\"\u0110\u00e8n pha VLF K01\"}]},{\"@type\":\"WebSite\",\"@id\":\"https:\\\/\\\/vilight.vn\\\/website\\\/#website\",\"url\":\"https:\\\/\\\/vilight.vn\\\/website\\\/\",\"name\":\"Vilight Co.ltd\",\"description\":\"Chi\u1ebfu s\u00e1ng m\u1ef9 thu\u1eadt, chi\u1ebfu s\u00e1ng th\u00f4ng minh, LED Pixel 3D, chi\u1ebfu s\u00e1ng trang tr\u00ed \u0111\u00f4 th\u1ecb, chi\u1ebfu s\u00e1ng v\u00f2ng xoay, chi\u1ebfu s\u00e1ng \u0111\u1ea3o giao th\u00f4ng, c\u1ed5ng ch\u00e0o \u0111\u00f4 th\u1ecb\",\"publisher\":{\"@id\":\"https:\\\/\\\/vilight.vn\\\/website\\\/#organization\"},\"potentialAction\":[{\"@type\":\"SearchAction\",\"target\":{\"@type\":\"EntryPoint\",\"urlTemplate\":\"https:\\\/\\\/vilight.vn\\\/website\\\/?s={search_term_string}\"},\"query-input\":{\"@type\":\"PropertyValueSpecification\",\"valueRequired\":true,\"valueName\":\"search_term_string\"}}],\"inLanguage\":\"vi\"},{\"@type\":\"Organization\",\"@id\":\"https:\\\/\\\/vilight.vn\\\/website\\\/#organization\",\"name\":\"Vilight\",\"url\":\"https:\\\/\\\/vilight.vn\\\/website\\\/\",\"logo\":{\"@type\":\"ImageObject\",\"inLanguage\":\"vi\",\"@id\":\"https:\\\/\\\/vilight.vn\\\/website\\\/#\\\/schema\\\/logo\\\/image\\\/\",\"url\":\"https:\\\/\\\/vilight.vn\\\/website\\\/wp-content\\\/uploads\\\/2022\\\/05\\\/chieu_sang_trang_tri_do_thi_bang_den_led_pixel.png\",\"contentUrl\":\"https:\\\/\\\/vilight.vn\\\/website\\\/wp-content\\\/uploads\\\/2022\\\/05\\\/chieu_sang_trang_tri_do_thi_bang_den_led_pixel.png\",\"width\":800,\"height\":427,\"caption\":\"Vilight\"},\"image\":{\"@id\":\"https:\\\/\\\/vilight.vn\\\/website\\\/#\\\/schema\\\/logo\\\/image\\\/\"},\"sameAs\":[\"http:\\\/\\\/facebook.com\\\/vilight.vn\",\"https:\\\/\\\/www.linkedin.com\\\/company\\\/vilight-vn\",\"https:\\\/\\\/www.youtube.com\\\/channel\\\/UCEwR2naeDcuarMX1kSv_rLQ\\\/videos\"]}]}<\/script>\n<meta property=\"product:brand\" content=\"\u0110\u00e8n chi\u1ebfu s\u00e1ng Facade\" \/>\n<meta property=\"product:price:currency\" content=\"VND\" \/>\n<meta property=\"og:availability\" content=\"instock\" \/>\n<meta property=\"product:availability\" content=\"instock\" \/>\n<meta property=\"product:condition\" content=\"new\" \/>\n<!-- \/ Yoast SEO Premium plugin. -->","yoast_head_json":{"title":"\u0110\u00e8n pha VLF K01 - Vilight Co.ltd","description":"\u0110\u00e8n pha VLF K01 - S\u1ee9c m\u1ea1nh \u00e1nh s\u00e1ng 4200 lumens, c\u00f4ng su\u1ea5t 50W, thi\u1ebft k\u1ebf th\u00f4ng minh v\u1edbi \u1ed1ng k\u00ednh B92 v\u00e0 g\u00f3c chi\u1ebfu s\u00e1ng t\u00f9y ch\u1ecdn 20\u00b0.","robots":{"index":"index","follow":"follow","max-snippet":"max-snippet:-1","max-image-preview":"max-image-preview:large","max-video-preview":"max-video-preview:-1"},"canonical":"https:\/\/vilight.vn\/website\/san-pham\/den-chieu-sang-facade\/den-pha-vlf-k01\/","og_locale":"vi_VN","og_type":"article","og_title":"\u0110\u00e8n pha VLF K01","og_description":"\u0110\u00e8n pha VLF K01 - S\u1ee9c m\u1ea1nh \u00e1nh s\u00e1ng 4200 lumens, c\u00f4ng su\u1ea5t 50W, thi\u1ebft k\u1ebf th\u00f4ng minh v\u1edbi \u1ed1ng k\u00ednh B92 v\u00e0 g\u00f3c chi\u1ebfu s\u00e1ng t\u00f9y ch\u1ecdn 20\u00b0. Ti\u1ebft ki\u1ec7m n\u0103ng l\u01b0\u1ee3ng, l\u1eafp \u0111\u1eb7t d\u1ec5 d\u00e0ng, ph\u00f9 h\u1ee3p cho chi\u1ebfu s\u00e1ng ngo\u1ea1i th\u1ea5t v\u00e0 ki\u1ebfn tr\u00fac.","og_url":"https:\/\/vilight.vn\/website\/san-pham\/den-chieu-sang-facade\/den-pha-vlf-k01\/","og_site_name":"Vilight Co.ltd","article_publisher":"http:\/\/facebook.com\/vilight.vn","article_modified_time":"2024-10-02T03:32:22+00:00","og_image":[{"width":413,"height":413,"url":"https:\/\/vilight.vn\/website\/wp-content\/uploads\/2023\/07\/Den-pha-VLF-K01.jpg","type":"image\/jpeg"}],"twitter_card":"summary_large_image","twitter_misc":{"Gi\u00e1":"","Kh\u1ea3 d\u1ee5ng":"Trong kho"},"schema":{"@context":"https:\/\/schema.org","@graph":[{"@type":"WebPage","@id":"https:\/\/vilight.vn\/website\/san-pham\/den-chieu-sang-facade\/den-pha-vlf-k01\/","url":"https:\/\/vilight.vn\/website\/san-pham\/den-chieu-sang-facade\/den-pha-vlf-k01\/","name":"\u0110\u00e8n pha VLF K01 - Vilight Co.ltd","isPartOf":{"@id":"https:\/\/vilight.vn\/website\/#website"},"primaryImageOfPage":{"@id":"https:\/\/vilight.vn\/website\/san-pham\/den-chieu-sang-facade\/den-pha-vlf-k01\/#primaryimage"},"image":{"@id":"https:\/\/vilight.vn\/website\/san-pham\/den-chieu-sang-facade\/den-pha-vlf-k01\/#primaryimage"},"thumbnailUrl":"https:\/\/vilight.vn\/website\/wp-content\/uploads\/2023\/07\/Den-pha-VLF-K01.jpg","datePublished":"2023-07-14T03:11:23+00:00","dateModified":"2024-10-02T03:32:22+00:00","description":"\u0110\u00e8n pha VLF K01 - S\u1ee9c m\u1ea1nh \u00e1nh s\u00e1ng 4200 lumens, c\u00f4ng su\u1ea5t 50W, thi\u1ebft k\u1ebf th\u00f4ng minh v\u1edbi \u1ed1ng k\u00ednh B92 v\u00e0 g\u00f3c chi\u1ebfu s\u00e1ng t\u00f9y ch\u1ecdn 20\u00b0.","breadcrumb":{"@id":"https:\/\/vilight.vn\/website\/san-pham\/den-chieu-sang-facade\/den-pha-vlf-k01\/#breadcrumb"},"inLanguage":"vi","potentialAction":[{"@type":"ReadAction","target":["https:\/\/vilight.vn\/website\/san-pham\/den-chieu-sang-facade\/den-pha-vlf-k01\/"]}]},{"@type":"ImageObject","inLanguage":"vi","@id":"https:\/\/vilight.vn\/website\/san-pham\/den-chieu-sang-facade\/den-pha-vlf-k01\/#primaryimage","url":"https:\/\/vilight.vn\/website\/wp-content\/uploads\/2023\/07\/Den-pha-VLF-K01.jpg","contentUrl":"https:\/\/vilight.vn\/website\/wp-content\/uploads\/2023\/07\/Den-pha-VLF-K01.jpg","width":413,"height":413,"caption":"\u0110\u00e8n pha K01"},{"@type":"BreadcrumbList","@id":"https:\/\/vilight.vn\/website\/san-pham\/den-chieu-sang-facade\/den-pha-vlf-k01\/#breadcrumb","itemListElement":[{"@type":"ListItem","position":1,"name":"Home","item":"https:\/\/vilight.vn\/website\/"},{"@type":"ListItem","position":2,"name":"store","item":"https:\/\/vilight.vn\/website\/store\/"},{"@type":"ListItem","position":3,"name":"\u0110\u00e8n pha VLF K01"}]},{"@type":"WebSite","@id":"https:\/\/vilight.vn\/website\/#website","url":"https:\/\/vilight.vn\/website\/","name":"Vilight Co.ltd","description":"Chi\u1ebfu s\u00e1ng m\u1ef9 thu\u1eadt, chi\u1ebfu s\u00e1ng th\u00f4ng minh, LED Pixel 3D, chi\u1ebfu s\u00e1ng trang tr\u00ed \u0111\u00f4 th\u1ecb, chi\u1ebfu s\u00e1ng v\u00f2ng xoay, chi\u1ebfu s\u00e1ng \u0111\u1ea3o giao th\u00f4ng, c\u1ed5ng ch\u00e0o \u0111\u00f4 th\u1ecb","publisher":{"@id":"https:\/\/vilight.vn\/website\/#organization"},"potentialAction":[{"@type":"SearchAction","target":{"@type":"EntryPoint","urlTemplate":"https:\/\/vilight.vn\/website\/?s={search_term_string}"},"query-input":{"@type":"PropertyValueSpecification","valueRequired":true,"valueName":"search_term_string"}}],"inLanguage":"vi"},{"@type":"Organization","@id":"https:\/\/vilight.vn\/website\/#organization","name":"Vilight","url":"https:\/\/vilight.vn\/website\/","logo":{"@type":"ImageObject","inLanguage":"vi","@id":"https:\/\/vilight.vn\/website\/#\/schema\/logo\/image\/","url":"https:\/\/vilight.vn\/website\/wp-content\/uploads\/2022\/05\/chieu_sang_trang_tri_do_thi_bang_den_led_pixel.png","contentUrl":"https:\/\/vilight.vn\/website\/wp-content\/uploads\/2022\/05\/chieu_sang_trang_tri_do_thi_bang_den_led_pixel.png","width":800,"height":427,"caption":"Vilight"},"image":{"@id":"https:\/\/vilight.vn\/website\/#\/schema\/logo\/image\/"},"sameAs":["http:\/\/facebook.com\/vilight.vn","https:\/\/www.linkedin.com\/company\/vilight-vn","https:\/\/www.youtube.com\/channel\/UCEwR2naeDcuarMX1kSv_rLQ\/videos"]}]},"product_brand":"\u0110\u00e8n chi\u1ebfu s\u00e1ng Facade","product_price_currency":"VND","og_availability":"instock","product_availability":"instock","product_condition":"new"},"_links":{"self":[{"href":"https:\/\/vilight.vn\/website\/wp-json\/wp\/v2\/product\/4206","targetHints":{"allow":["GET"]}}],"collection":[{"href":"https:\/\/vilight.vn\/website\/wp-json\/wp\/v2\/product"}],"about":[{"href":"https:\/\/vilight.vn\/website\/wp-json\/wp\/v2\/types\/product"}],"wp:featuredmedia":[{"embeddable":true,"href":"https:\/\/vilight.vn\/website\/wp-json\/wp\/v2\/media\/4210"}],"wp:attachment":[{"href":"https:\/\/vilight.vn\/website\/wp-json\/wp\/v2\/media?parent=4206"}],"wp:term":[{"taxonomy":"product_brand","embeddable":true,"href":"https:\/\/vilight.vn\/website\/wp-json\/wp\/v2\/product_brand?post=4206"},{"taxonomy":"product_cat","embeddable":true,"href":"https:\/\/vilight.vn\/website\/wp-json\/wp\/v2\/product_cat?post=4206"},{"taxonomy":"product_tag","embeddable":true,"href":"https:\/\/vilight.vn\/website\/wp-json\/wp\/v2\/product_tag?post=4206"}],"curies":[{"name":"wp","href":"https:\/\/api.w.org\/{rel}","templated":true}]}}