{"id":4420,"date":"2023-08-21T08:49:54","date_gmt":"2023-08-21T01:49:54","guid":{"rendered":"https:\/\/vilight.vn\/website\/?post_type=product&#038;p=4420"},"modified":"2024-10-01T14:52:12","modified_gmt":"2024-10-01T07:52:12","slug":"den-led-diem-pixel-o50a-o50b","status":"publish","type":"product","link":"https:\/\/vilight.vn\/website\/san-pham\/den-led-pixel\/den-led-diem-pixel-o50a-o50b\/","title":{"rendered":"\u0110\u00e8n LED \u0111i\u1ec3m Pixel VL O50A &#8211; O50B"},"content":{"rendered":"<h2 style=\"text-align: justify;\"><span style=\"font-size: 18pt;\">\u0110\u00e8n Led \u0111i\u1ec3m Pixel VL O50A &#8211; O50B &#8211; S\u1ef1 K\u1ebft H\u1ee3p Ho\u00e0n H\u1ea3o Gi\u1eefa \u00c1nh S\u00e1ng v\u00e0 M\u00e0u S\u1eafc.\u00a0<\/span><\/h2>\n<p style=\"text-align: justify;\"><span style=\"font-size: 14pt;\">V\u1edbi s\u1ef1 ph\u00e1t tri\u1ec3n kh\u00f4ng ng\u1eebng c\u1ee7a c\u00f4ng ngh\u1ec7 LED, \u0111\u00e8n LED \u0111i\u1ec3m Pixel \u0111\u00e3 tr\u1edf th\u00e0nh m\u1ed9t l\u1ef1a ch\u1ecdn t\u1ed1i \u01b0u cho vi\u1ec7c t\u1ea1o ra c\u00e1c hi\u1ec7u \u1ee9ng \u00e1nh s\u00e1ng \u0111\u1ed9c \u0111\u00e1o v\u00e0 m\u00e0u s\u1eafc tinh t\u1ebf. Trong tinh th\u1ea7n \u0111\u00f3, ch\u00fang t\u00f4i t\u1ef1 h\u00e0o gi\u1edbi thi\u1ec7u \u0111\u1ebfn b\u1ea1n s\u1ea3n ph\u1ea9m \u0111\u00e8n LED \u0111i\u1ec3m Pixel O50A v\u00e0 O50B. \u0110\u01b0\u1ee3c thi\u1ebft k\u1ebf \u0111\u1eb7c bi\u1ec7t v\u1edbi nh\u1eefng th\u00f4ng s\u1ed1 k\u1ef9 thu\u1eadt \u0111\u00e1ng kinh ng\u1ea1c, O50A v\u00e0 O50B kh\u00f4ng ch\u1ec9 \u0111em l\u1ea1i \u00e1nh s\u00e1ng s\u00e1ng t\u1ea1o m\u00e0 c\u00f2n mang \u0111\u1ebfn m\u1ed9t phong c\u00e1ch m\u1edbi m\u1ebb v\u00e0 t\u01b0\u01a1i s\u00e1ng cho m\u1ecdi kh\u00f4ng gian. S\u1ea3n ph\u1ea9m ph\u00f9 h\u1ee3p \u0111\u1ec3 s\u1eed d\u1ee5ng cho c\u00e1c c\u00f4ng tr\u00ecnh chi\u1ebfu s\u00e1ng trang tr\u00ed l\u1ec5 h\u1ed9i, chi\u1ebfu s\u00e1ng trang tr\u00ed cho c\u00e1c c\u00f4ng tr\u00ecnh c\u00f4ng c\u1ed9ng v\u00e0 nhi\u1ec1u \u1ee9ng d\u1ee5ng th\u1ef1c ti\u1ec5n trong cu\u1ed9c s\u1ed1ng.\u00a0<\/span><\/p>\n<p style=\"text-align: justify;\"><span style=\"font-size: 14pt;\">Th\u00f4ng s\u1ed1 K\u1ef9 Thu\u1eadt N\u1ed5i B\u1eadt:<\/span><br \/>\n<span style=\"font-size: 14pt;\">&#8211; Voltage:Ho\u1ea1t \u0111\u1ed9ng \u1ed5n \u0111\u1ecbnh v\u1edbi \u0111i\u1ec7n \u00e1p DC24V, gi\u00fap ti\u1ebft ki\u1ec7m n\u0103ng l\u01b0\u1ee3ng v\u00e0 b\u1ea3o v\u1ec7 m\u00f4i tr\u01b0\u1eddng.<\/span><br \/>\n<span style=\"font-size: 14pt;\">&#8211; C\u00f4ng Su\u1ea5t: V\u1edbi ch\u1ec9 1.4W, O50A v\u00e0 O50B th\u1ec3 hi\u1ec7n s\u1ef1 hi\u1ec7u qu\u1ea3 v\u01b0\u1ee3t tr\u1ed9i trong vi\u1ec7c s\u1eed d\u1ee5ng n\u0103ng l\u01b0\u1ee3ng.<\/span><br \/>\n<span style=\"font-size: 14pt;\">&#8211; Hi\u1ec3n Th\u1ecb RGB: S\u1ef1 \u0111a d\u1ea1ng m\u00e0u s\u1eafc c\u1ee7a O50A v\u00e0 O50B cho ph\u00e9p b\u1ea1n t\u1ea1o ra nh\u1eefng hi\u1ec7u \u1ee9ng \u00e1nh s\u00e1ng t\u00f9y \u00fd, bi\u1ebfn m\u1ecdi kh\u00f4ng gian tr\u1edf n\u00ean s\u1ed1ng \u0111\u1ed9ng v\u00e0 \u1ea5n t\u01b0\u1ee3ng.<\/span><br \/>\n<span style=\"font-size: 14pt;\">&#8211; Lo\u1ea1i LED 3535RGB: \u0110\u01b0\u1ee3c trang b\u1ecb lo\u1ea1i LED ch\u1ea5t l\u01b0\u1ee3ng cao, O50A v\u00e0 O50B mang \u0111\u1ebfn \u00e1nh s\u00e1ng r\u1ef1c r\u1ee1 v\u00e0 m\u00e0u s\u1eafc ch\u00ednh x\u00e1c, t\u1ea1o n\u00ean m\u1ed9t tr\u1ea3i nghi\u1ec7m h\u1ea5p d\u1eabn cho m\u1eaft ng\u01b0\u1eddi s\u1eed d\u1ee5ng.<\/span><br \/>\n<span style=\"font-size: 14pt;\">&#8211; Ch\u1ebf \u0110\u1ed9 \u0110i\u1ec1u Khi\u1ec3n SPI: V\u1edbi kh\u1ea3 n\u0103ng \u0111i\u1ec1u khi\u1ec3n th\u00f4ng qua giao th\u1ee9c SPI, b\u1ea1n ho\u00e0n to\u00e0n c\u00f3 th\u1ec3 t\u00f9y ch\u1ec9nh m\u00e0u s\u1eafc, \u0111\u1ed9 s\u00e1ng v\u00e0 hi\u1ec7u \u1ee9ng \u00e1nh s\u00e1ng theo \u00fd mu\u1ed1n, m\u1edf ra kh\u00f4ng gian s\u00e1ng t\u1ea1o v\u00f4 t\u1eadn.<\/span><br \/>\n<span style=\"font-size: 14pt;\">&#8211; V\u1ecf PC Ch\u1ea5t L\u01b0\u1ee3ng Cao: V\u1edbi v\u1ecf \u0111\u01b0\u1ee3c l\u00e0m t\u1eeb ch\u1ea5t li\u1ec7u polycarbonate (PC), \u0111\u00e8n LED \u0111i\u1ec3m Pixel O50A v\u00e0 O50B c\u00f3 t\u00ednh n\u0103ng ch\u1ed1ng nhi\u1ec7t t\u1ed1t, ch\u1ecbu \u0111\u01b0\u1ee3c \u0111i\u1ec1u ki\u1ec7n m\u00f4i tr\u01b0\u1eddng kh\u1eafc nghi\u1ec7t v\u00e0 b\u1ea3o v\u1ec7 LED b\u00ean trong kh\u1ecfi c\u00e1c t\u00e1c nh\u00e2n b\u00ean ngo\u00e0i.<\/span><br \/>\n<span style=\"font-size: 14pt;\">&#8211; Ch\u1ea5t Li\u1ec7u D\u00e2y PVC + \u0110\u1ed3ng: D\u00e2y \u0111i k\u00e8m \u0111\u01b0\u1ee3c s\u1ea3n xu\u1ea5t t\u1eeb ch\u1ea5t li\u1ec7u PVC v\u00e0 l\u00f5i d\u00e2y l\u00e0 \u0111\u1ed3ng, \u0111\u1ea3m b\u1ea3o kh\u1ea3 n\u0103ng d\u1eabn \u0111i\u1ec7n \u1ed5n \u0111\u1ecbnh v\u00e0 \u0111\u1ed9 b\u1ec1n cao.<\/span><\/p>\n<p style=\"text-align: justify;\"><span style=\"font-size: 14pt;\">K\u1ebft Lu\u1eadn:<\/span><br \/>\n<span style=\"font-size: 14pt;\">\u0110\u00e8n LED \u0111i\u1ec3m Pixel O50A v\u00e0 O50B kh\u00f4ng ch\u1ec9 l\u00e0 s\u1ef1 k\u1ebft h\u1ee3p ho\u00e0n h\u1ea3o gi\u1eefa \u00e1nh s\u00e1ng v\u00e0 m\u00e0u s\u1eafc, m\u00e0 c\u00f2n l\u00e0 bi\u1ec3u t\u01b0\u1ee3ng c\u1ee7a s\u1ef1 ti\u1ebfn b\u1ed9 trong c\u00f4ng ngh\u1ec7 chi\u1ebfu s\u00e1ng. V\u1edbi thi\u1ebft k\u1ebf th\u00f4ng minh v\u00e0 c\u00e1c t\u00ednh n\u0103ng n\u1ed5i b\u1eadt, s\u1ea3n ph\u1ea9m n\u00e0y kh\u00f4ng ch\u1ec9 t\u1ea1o \u0111i\u1ec3m nh\u1ea5n cho m\u1ecdi kh\u00f4ng gian m\u00e0 c\u00f2n m\u1edf ra nh\u1eefng c\u01a1 h\u1ed9i s\u00e1ng t\u1ea1o m\u1edbi cho c\u00e1c ki\u1ebfn tr\u00fac s\u01b0, nh\u00e0 thi\u1ebft k\u1ebf n\u1ed9i th\u1ea5t v\u00e0 ng\u01b0\u1eddi y\u00eau th\u00edch ngh\u1ec7 thu\u1eadt \u00e1nh s\u00e1ng. H\u00e3y \u0111\u1ec3 \u0111\u00e8n LED \u0111i\u1ec3m Pixel O50A v\u00e0 O50B g\u00f3p ph\u1ea7n bi\u1ebfn \u01b0\u1edbc m\u01a1 \u00e1nh s\u00e1ng c\u1ee7a b\u1ea1n th\u00e0nh hi\u1ec7n th\u1ef1c!<\/span><\/p>\n<p>&nbsp;<\/p>\n<p style=\"text-align: justify;\"><span style=\"font-size: 14pt;\"><a href=\"https:\/\/vilight.vn\/website\/wp-content\/uploads\/2023\/08\/O50A.jpg\"><img decoding=\"async\" class=\"size-full wp-image-4421 lazyload\" data-src=\"https:\/\/vilight.vn\/website\/wp-content\/uploads\/2023\/08\/O50A.jpg\" alt=\"\u0110\u00e8n led pixel O50A\" width=\"1200\" height=\"262\" data-srcset=\"https:\/\/vilight.vn\/website\/wp-content\/uploads\/2023\/08\/O50A.jpg 1200w, https:\/\/vilight.vn\/website\/wp-content\/uploads\/2023\/08\/O50A-800x175.jpg 800w, https:\/\/vilight.vn\/website\/wp-content\/uploads\/2023\/08\/O50A-300x66.jpg 300w, https:\/\/vilight.vn\/website\/wp-content\/uploads\/2023\/08\/O50A-1024x224.jpg 1024w, https:\/\/vilight.vn\/website\/wp-content\/uploads\/2023\/08\/O50A-768x168.jpg 768w, https:\/\/vilight.vn\/website\/wp-content\/uploads\/2023\/08\/O50A-150x33.jpg 150w, https:\/\/vilight.vn\/website\/wp-content\/uploads\/2023\/08\/O50A-480x105.jpg 480w\" data-sizes=\"(max-width:767px) 480px, (max-width:1200px) 100vw, 1200px\" src=\"data:image\/svg+xml;base64,PHN2ZyB3aWR0aD0iMSIgaGVpZ2h0PSIxIiB4bWxucz0iaHR0cDovL3d3dy53My5vcmcvMjAwMC9zdmciPjwvc3ZnPg==\" style=\"--smush-placeholder-width: 1200px; --smush-placeholder-aspect-ratio: 1200\/262;\" \/><\/a><\/span><\/p>\n<p><span style=\"font-size: 14pt;\">M\u1ed9t s\u1ed1 m\u1eabu \u0111\u00e8n chuy\u00ean d\u00f9ng trong trang tr\u00ed chi\u1ebfu s\u00e1ng trang tr\u00ed l\u1ec5 h\u1ed9i b\u1ea1n c\u00f3 th\u1ec3 tham kh\u1ea3o <a href=\"https:\/\/vilight.vn\/website\/danh-muc-san-pham\/den-led-pixel\/trang-tri\/\">t\u1ea1i \u0111\u00e2y\u00a0<\/a><\/span><\/p>\n","protected":false},"excerpt":{"rendered":"<p><span style=\"font-size: 14pt;\">Kh\u00e1m ph\u00e1 \u0111\u00e8n LED \u0111i\u1ec3m Pixel O50A\/O50B &#8211; V\u1edbi c\u00f4ng su\u1ea5t 1.4W v\u00e0 hi\u1ec3n th\u1ecb RGB \u0111a d\u1ea1ng, s\u1ea3n ph\u1ea9m mang \u0111\u1ebfn \u00e1nh s\u00e1ng t\u01b0\u01a1i s\u00e1ng, \u0111i\u1ec1u khi\u1ec3n SPI linh ho\u1ea1t, v\u1ecf PC b\u1ec1n b\u1ec9, v\u00e0 ch\u1ea5t li\u1ec7u d\u00e2y PVC+\u0111\u1ed3ng \u1ed5n \u0111\u1ecbnh.<\/span><\/p>\n","protected":false},"featured_media":4422,"template":"","meta":[],"product_brand":[],"product_cat":[77,313,627],"product_tag":[],"class_list":{"0":"post-4420","1":"product","2":"type-product","3":"status-publish","4":"has-post-thumbnail","6":"product_cat-den-led-pixel","7":"product_cat-trang-tri","8":"product_cat-o-series","9":"pa_chuan-dieu-khien-dmx","10":"pa_cong-suat-1-4w","11":"pa_dien-ap-hoat-dong-24vdc","12":"pa_nhiet-do-mau-rgb","14":"first","15":"instock","16":"taxable","17":"shipping-taxable","18":"product-type-simple"},"yoast_head":"<!-- This site is optimized with the Yoast SEO Premium plugin v27.4 (Yoast SEO v27.4) - https:\/\/yoast.com\/product\/yoast-seo-premium-wordpress\/ -->\n<title>\u0110\u00e8n LED \u0111i\u1ec3m Pixel VL O50A - O50B - Vilight Co.ltd<\/title>\n<meta name=\"description\" content=\"Kh\u00e1m ph\u00e1 \u0111\u00e8n LED \u0111i\u1ec3m Pixel O50A\/O50B - V\u1edbi c\u00f4ng su\u1ea5t 1.4W v\u00e0 hi\u1ec3n th\u1ecb RGB \u0111a d\u1ea1ng, s\u1ea3n ph\u1ea9m mang \u0111\u1ebfn \u00e1nh s\u00e1ng t\u01b0\u01a1i s\u00e1ng, \u0111i\u1ec1u khi\u1ec3n SPI linh ho\u1ea1t.\" \/>\n<meta name=\"robots\" content=\"index, follow, max-snippet:-1, max-image-preview:large, max-video-preview:-1\" \/>\n<link rel=\"canonical\" href=\"https:\/\/vilight.vn\/website\/san-pham\/den-led-pixel\/den-led-diem-pixel-o50a-o50b\/\" \/>\n<meta property=\"og:locale\" content=\"vi_VN\" \/>\n<meta property=\"og:type\" content=\"article\" \/>\n<meta property=\"og:title\" content=\"\u0110\u00e8n LED \u0111i\u1ec3m Pixel VL O50A - O50B\" \/>\n<meta property=\"og:description\" content=\"Kh\u00e1m ph\u00e1 \u0111\u00e8n LED \u0111i\u1ec3m Pixel O50A\/O50B - V\u1edbi c\u00f4ng su\u1ea5t 1.4W v\u00e0 hi\u1ec3n th\u1ecb RGB \u0111a d\u1ea1ng, s\u1ea3n ph\u1ea9m mang \u0111\u1ebfn \u00e1nh s\u00e1ng t\u01b0\u01a1i s\u00e1ng, \u0111i\u1ec1u khi\u1ec3n SPI linh ho\u1ea1t, v\u1ecf PC b\u1ec1n b\u1ec9, v\u00e0 ch\u1ea5t li\u1ec7u d\u00e2y PVC+\u0111\u1ed3ng \u1ed5n \u0111\u1ecbnh.\" \/>\n<meta property=\"og:url\" content=\"https:\/\/vilight.vn\/website\/san-pham\/den-led-pixel\/den-led-diem-pixel-o50a-o50b\/\" \/>\n<meta property=\"og:site_name\" content=\"Vilight Co.ltd\" \/>\n<meta property=\"article:publisher\" content=\"http:\/\/facebook.com\/vilight.vn\" \/>\n<meta property=\"article:modified_time\" content=\"2024-10-01T07:52:12+00:00\" \/>\n<meta property=\"og:image\" content=\"https:\/\/vilight.vn\/website\/wp-content\/uploads\/2023\/08\/O50B.jpg\" \/>\n\t<meta property=\"og:image:width\" content=\"509\" \/>\n\t<meta property=\"og:image:height\" content=\"509\" \/>\n\t<meta property=\"og:image:type\" content=\"image\/jpeg\" \/>\n<meta name=\"twitter:card\" content=\"summary_large_image\" \/>\n<meta name=\"twitter:label1\" content=\"Gi\u00e1\" \/>\n\t<meta name=\"twitter:data1\" content=\"\" \/>\n\t<meta name=\"twitter:label2\" content=\"Kh\u1ea3 d\u1ee5ng\" \/>\n\t<meta name=\"twitter:data2\" content=\"Trong kho\" \/>\n<script type=\"application\/ld+json\" class=\"yoast-schema-graph\">{\"@context\":\"https:\\\/\\\/schema.org\",\"@graph\":[{\"@type\":\"WebPage\",\"@id\":\"https:\\\/\\\/vilight.vn\\\/website\\\/san-pham\\\/den-led-pixel\\\/den-led-diem-pixel-o50a-o50b\\\/\",\"url\":\"https:\\\/\\\/vilight.vn\\\/website\\\/san-pham\\\/den-led-pixel\\\/den-led-diem-pixel-o50a-o50b\\\/\",\"name\":\"\u0110\u00e8n LED \u0111i\u1ec3m Pixel VL O50A - O50B - Vilight Co.ltd\",\"isPartOf\":{\"@id\":\"https:\\\/\\\/vilight.vn\\\/website\\\/#website\"},\"primaryImageOfPage\":{\"@id\":\"https:\\\/\\\/vilight.vn\\\/website\\\/san-pham\\\/den-led-pixel\\\/den-led-diem-pixel-o50a-o50b\\\/#primaryimage\"},\"image\":{\"@id\":\"https:\\\/\\\/vilight.vn\\\/website\\\/san-pham\\\/den-led-pixel\\\/den-led-diem-pixel-o50a-o50b\\\/#primaryimage\"},\"thumbnailUrl\":\"https:\\\/\\\/vilight.vn\\\/website\\\/wp-content\\\/uploads\\\/2023\\\/08\\\/O50B.jpg\",\"datePublished\":\"2023-08-21T01:49:54+00:00\",\"dateModified\":\"2024-10-01T07:52:12+00:00\",\"description\":\"Kh\u00e1m ph\u00e1 \u0111\u00e8n LED \u0111i\u1ec3m Pixel O50A\\\/O50B - V\u1edbi c\u00f4ng su\u1ea5t 1.4W v\u00e0 hi\u1ec3n th\u1ecb RGB \u0111a d\u1ea1ng, s\u1ea3n ph\u1ea9m mang \u0111\u1ebfn \u00e1nh s\u00e1ng t\u01b0\u01a1i s\u00e1ng, \u0111i\u1ec1u khi\u1ec3n SPI linh ho\u1ea1t.\",\"breadcrumb\":{\"@id\":\"https:\\\/\\\/vilight.vn\\\/website\\\/san-pham\\\/den-led-pixel\\\/den-led-diem-pixel-o50a-o50b\\\/#breadcrumb\"},\"inLanguage\":\"vi\",\"potentialAction\":[{\"@type\":\"ReadAction\",\"target\":[\"https:\\\/\\\/vilight.vn\\\/website\\\/san-pham\\\/den-led-pixel\\\/den-led-diem-pixel-o50a-o50b\\\/\"]}]},{\"@type\":\"ImageObject\",\"inLanguage\":\"vi\",\"@id\":\"https:\\\/\\\/vilight.vn\\\/website\\\/san-pham\\\/den-led-pixel\\\/den-led-diem-pixel-o50a-o50b\\\/#primaryimage\",\"url\":\"https:\\\/\\\/vilight.vn\\\/website\\\/wp-content\\\/uploads\\\/2023\\\/08\\\/O50B.jpg\",\"contentUrl\":\"https:\\\/\\\/vilight.vn\\\/website\\\/wp-content\\\/uploads\\\/2023\\\/08\\\/O50B.jpg\",\"width\":509,\"height\":509,\"caption\":\"\u0110\u00e8n O05B\"},{\"@type\":\"BreadcrumbList\",\"@id\":\"https:\\\/\\\/vilight.vn\\\/website\\\/san-pham\\\/den-led-pixel\\\/den-led-diem-pixel-o50a-o50b\\\/#breadcrumb\",\"itemListElement\":[{\"@type\":\"ListItem\",\"position\":1,\"name\":\"Home\",\"item\":\"https:\\\/\\\/vilight.vn\\\/website\\\/\"},{\"@type\":\"ListItem\",\"position\":2,\"name\":\"store\",\"item\":\"https:\\\/\\\/vilight.vn\\\/website\\\/store\\\/\"},{\"@type\":\"ListItem\",\"position\":3,\"name\":\"\u0110\u00e8n LED \u0111i\u1ec3m Pixel VL O50A &#8211; O50B\"}]},{\"@type\":\"WebSite\",\"@id\":\"https:\\\/\\\/vilight.vn\\\/website\\\/#website\",\"url\":\"https:\\\/\\\/vilight.vn\\\/website\\\/\",\"name\":\"Vilight Co.ltd\",\"description\":\"Chi\u1ebfu s\u00e1ng m\u1ef9 thu\u1eadt, chi\u1ebfu s\u00e1ng th\u00f4ng minh, LED Pixel 3D, chi\u1ebfu s\u00e1ng trang tr\u00ed \u0111\u00f4 th\u1ecb, chi\u1ebfu s\u00e1ng v\u00f2ng xoay, chi\u1ebfu s\u00e1ng \u0111\u1ea3o giao th\u00f4ng, c\u1ed5ng ch\u00e0o \u0111\u00f4 th\u1ecb\",\"publisher\":{\"@id\":\"https:\\\/\\\/vilight.vn\\\/website\\\/#organization\"},\"potentialAction\":[{\"@type\":\"SearchAction\",\"target\":{\"@type\":\"EntryPoint\",\"urlTemplate\":\"https:\\\/\\\/vilight.vn\\\/website\\\/?s={search_term_string}\"},\"query-input\":{\"@type\":\"PropertyValueSpecification\",\"valueRequired\":true,\"valueName\":\"search_term_string\"}}],\"inLanguage\":\"vi\"},{\"@type\":\"Organization\",\"@id\":\"https:\\\/\\\/vilight.vn\\\/website\\\/#organization\",\"name\":\"Vilight\",\"url\":\"https:\\\/\\\/vilight.vn\\\/website\\\/\",\"logo\":{\"@type\":\"ImageObject\",\"inLanguage\":\"vi\",\"@id\":\"https:\\\/\\\/vilight.vn\\\/website\\\/#\\\/schema\\\/logo\\\/image\\\/\",\"url\":\"https:\\\/\\\/vilight.vn\\\/website\\\/wp-content\\\/uploads\\\/2022\\\/05\\\/chieu_sang_trang_tri_do_thi_bang_den_led_pixel.png\",\"contentUrl\":\"https:\\\/\\\/vilight.vn\\\/website\\\/wp-content\\\/uploads\\\/2022\\\/05\\\/chieu_sang_trang_tri_do_thi_bang_den_led_pixel.png\",\"width\":800,\"height\":427,\"caption\":\"Vilight\"},\"image\":{\"@id\":\"https:\\\/\\\/vilight.vn\\\/website\\\/#\\\/schema\\\/logo\\\/image\\\/\"},\"sameAs\":[\"http:\\\/\\\/facebook.com\\\/vilight.vn\",\"https:\\\/\\\/www.linkedin.com\\\/company\\\/vilight-vn\",\"https:\\\/\\\/www.youtube.com\\\/channel\\\/UCEwR2naeDcuarMX1kSv_rLQ\\\/videos\"]}]}<\/script>\n<meta property=\"product:brand\" content=\"\u0110\u00e8n LED Pixel\" \/>\n<meta property=\"product:price:currency\" content=\"VND\" \/>\n<meta property=\"og:availability\" content=\"instock\" \/>\n<meta property=\"product:availability\" content=\"instock\" \/>\n<meta property=\"product:condition\" content=\"new\" \/>\n<!-- \/ Yoast SEO Premium plugin. -->","yoast_head_json":{"title":"\u0110\u00e8n LED \u0111i\u1ec3m Pixel VL O50A - O50B - Vilight Co.ltd","description":"Kh\u00e1m ph\u00e1 \u0111\u00e8n LED \u0111i\u1ec3m Pixel O50A\/O50B - V\u1edbi c\u00f4ng su\u1ea5t 1.4W v\u00e0 hi\u1ec3n th\u1ecb RGB \u0111a d\u1ea1ng, s\u1ea3n ph\u1ea9m mang \u0111\u1ebfn \u00e1nh s\u00e1ng t\u01b0\u01a1i s\u00e1ng, \u0111i\u1ec1u khi\u1ec3n SPI linh ho\u1ea1t.","robots":{"index":"index","follow":"follow","max-snippet":"max-snippet:-1","max-image-preview":"max-image-preview:large","max-video-preview":"max-video-preview:-1"},"canonical":"https:\/\/vilight.vn\/website\/san-pham\/den-led-pixel\/den-led-diem-pixel-o50a-o50b\/","og_locale":"vi_VN","og_type":"article","og_title":"\u0110\u00e8n LED \u0111i\u1ec3m Pixel VL O50A - O50B","og_description":"Kh\u00e1m ph\u00e1 \u0111\u00e8n LED \u0111i\u1ec3m Pixel O50A\/O50B - V\u1edbi c\u00f4ng su\u1ea5t 1.4W v\u00e0 hi\u1ec3n th\u1ecb RGB \u0111a d\u1ea1ng, s\u1ea3n ph\u1ea9m mang \u0111\u1ebfn \u00e1nh s\u00e1ng t\u01b0\u01a1i s\u00e1ng, \u0111i\u1ec1u khi\u1ec3n SPI linh ho\u1ea1t, v\u1ecf PC b\u1ec1n b\u1ec9, v\u00e0 ch\u1ea5t li\u1ec7u d\u00e2y PVC+\u0111\u1ed3ng \u1ed5n \u0111\u1ecbnh.","og_url":"https:\/\/vilight.vn\/website\/san-pham\/den-led-pixel\/den-led-diem-pixel-o50a-o50b\/","og_site_name":"Vilight Co.ltd","article_publisher":"http:\/\/facebook.com\/vilight.vn","article_modified_time":"2024-10-01T07:52:12+00:00","og_image":[{"width":509,"height":509,"url":"https:\/\/vilight.vn\/website\/wp-content\/uploads\/2023\/08\/O50B.jpg","type":"image\/jpeg"}],"twitter_card":"summary_large_image","twitter_misc":{"Gi\u00e1":"","Kh\u1ea3 d\u1ee5ng":"Trong kho"},"schema":{"@context":"https:\/\/schema.org","@graph":[{"@type":"WebPage","@id":"https:\/\/vilight.vn\/website\/san-pham\/den-led-pixel\/den-led-diem-pixel-o50a-o50b\/","url":"https:\/\/vilight.vn\/website\/san-pham\/den-led-pixel\/den-led-diem-pixel-o50a-o50b\/","name":"\u0110\u00e8n LED \u0111i\u1ec3m Pixel VL O50A - O50B - Vilight Co.ltd","isPartOf":{"@id":"https:\/\/vilight.vn\/website\/#website"},"primaryImageOfPage":{"@id":"https:\/\/vilight.vn\/website\/san-pham\/den-led-pixel\/den-led-diem-pixel-o50a-o50b\/#primaryimage"},"image":{"@id":"https:\/\/vilight.vn\/website\/san-pham\/den-led-pixel\/den-led-diem-pixel-o50a-o50b\/#primaryimage"},"thumbnailUrl":"https:\/\/vilight.vn\/website\/wp-content\/uploads\/2023\/08\/O50B.jpg","datePublished":"2023-08-21T01:49:54+00:00","dateModified":"2024-10-01T07:52:12+00:00","description":"Kh\u00e1m ph\u00e1 \u0111\u00e8n LED \u0111i\u1ec3m Pixel O50A\/O50B - V\u1edbi c\u00f4ng su\u1ea5t 1.4W v\u00e0 hi\u1ec3n th\u1ecb RGB \u0111a d\u1ea1ng, s\u1ea3n ph\u1ea9m mang \u0111\u1ebfn \u00e1nh s\u00e1ng t\u01b0\u01a1i s\u00e1ng, \u0111i\u1ec1u khi\u1ec3n SPI linh ho\u1ea1t.","breadcrumb":{"@id":"https:\/\/vilight.vn\/website\/san-pham\/den-led-pixel\/den-led-diem-pixel-o50a-o50b\/#breadcrumb"},"inLanguage":"vi","potentialAction":[{"@type":"ReadAction","target":["https:\/\/vilight.vn\/website\/san-pham\/den-led-pixel\/den-led-diem-pixel-o50a-o50b\/"]}]},{"@type":"ImageObject","inLanguage":"vi","@id":"https:\/\/vilight.vn\/website\/san-pham\/den-led-pixel\/den-led-diem-pixel-o50a-o50b\/#primaryimage","url":"https:\/\/vilight.vn\/website\/wp-content\/uploads\/2023\/08\/O50B.jpg","contentUrl":"https:\/\/vilight.vn\/website\/wp-content\/uploads\/2023\/08\/O50B.jpg","width":509,"height":509,"caption":"\u0110\u00e8n O05B"},{"@type":"BreadcrumbList","@id":"https:\/\/vilight.vn\/website\/san-pham\/den-led-pixel\/den-led-diem-pixel-o50a-o50b\/#breadcrumb","itemListElement":[{"@type":"ListItem","position":1,"name":"Home","item":"https:\/\/vilight.vn\/website\/"},{"@type":"ListItem","position":2,"name":"store","item":"https:\/\/vilight.vn\/website\/store\/"},{"@type":"ListItem","position":3,"name":"\u0110\u00e8n LED \u0111i\u1ec3m Pixel VL O50A &#8211; O50B"}]},{"@type":"WebSite","@id":"https:\/\/vilight.vn\/website\/#website","url":"https:\/\/vilight.vn\/website\/","name":"Vilight Co.ltd","description":"Chi\u1ebfu s\u00e1ng m\u1ef9 thu\u1eadt, chi\u1ebfu s\u00e1ng th\u00f4ng minh, LED Pixel 3D, chi\u1ebfu s\u00e1ng trang tr\u00ed \u0111\u00f4 th\u1ecb, chi\u1ebfu s\u00e1ng v\u00f2ng xoay, chi\u1ebfu s\u00e1ng \u0111\u1ea3o giao th\u00f4ng, c\u1ed5ng ch\u00e0o \u0111\u00f4 th\u1ecb","publisher":{"@id":"https:\/\/vilight.vn\/website\/#organization"},"potentialAction":[{"@type":"SearchAction","target":{"@type":"EntryPoint","urlTemplate":"https:\/\/vilight.vn\/website\/?s={search_term_string}"},"query-input":{"@type":"PropertyValueSpecification","valueRequired":true,"valueName":"search_term_string"}}],"inLanguage":"vi"},{"@type":"Organization","@id":"https:\/\/vilight.vn\/website\/#organization","name":"Vilight","url":"https:\/\/vilight.vn\/website\/","logo":{"@type":"ImageObject","inLanguage":"vi","@id":"https:\/\/vilight.vn\/website\/#\/schema\/logo\/image\/","url":"https:\/\/vilight.vn\/website\/wp-content\/uploads\/2022\/05\/chieu_sang_trang_tri_do_thi_bang_den_led_pixel.png","contentUrl":"https:\/\/vilight.vn\/website\/wp-content\/uploads\/2022\/05\/chieu_sang_trang_tri_do_thi_bang_den_led_pixel.png","width":800,"height":427,"caption":"Vilight"},"image":{"@id":"https:\/\/vilight.vn\/website\/#\/schema\/logo\/image\/"},"sameAs":["http:\/\/facebook.com\/vilight.vn","https:\/\/www.linkedin.com\/company\/vilight-vn","https:\/\/www.youtube.com\/channel\/UCEwR2naeDcuarMX1kSv_rLQ\/videos"]}]},"product_brand":"\u0110\u00e8n LED Pixel","product_price_currency":"VND","og_availability":"instock","product_availability":"instock","product_condition":"new"},"_links":{"self":[{"href":"https:\/\/vilight.vn\/website\/wp-json\/wp\/v2\/product\/4420","targetHints":{"allow":["GET"]}}],"collection":[{"href":"https:\/\/vilight.vn\/website\/wp-json\/wp\/v2\/product"}],"about":[{"href":"https:\/\/vilight.vn\/website\/wp-json\/wp\/v2\/types\/product"}],"wp:featuredmedia":[{"embeddable":true,"href":"https:\/\/vilight.vn\/website\/wp-json\/wp\/v2\/media\/4422"}],"wp:attachment":[{"href":"https:\/\/vilight.vn\/website\/wp-json\/wp\/v2\/media?parent=4420"}],"wp:term":[{"taxonomy":"product_brand","embeddable":true,"href":"https:\/\/vilight.vn\/website\/wp-json\/wp\/v2\/product_brand?post=4420"},{"taxonomy":"product_cat","embeddable":true,"href":"https:\/\/vilight.vn\/website\/wp-json\/wp\/v2\/product_cat?post=4420"},{"taxonomy":"product_tag","embeddable":true,"href":"https:\/\/vilight.vn\/website\/wp-json\/wp\/v2\/product_tag?post=4420"}],"curies":[{"name":"wp","href":"https:\/\/api.w.org\/{rel}","templated":true}]}}