{"id":4840,"date":"2024-10-17T15:40:49","date_gmt":"2024-10-17T08:40:49","guid":{"rendered":"https:\/\/vilight.vn\/website\/?post_type=product&#038;p=4840"},"modified":"2025-08-27T14:38:49","modified_gmt":"2025-08-27T07:38:49","slug":"den-linear-led-day-vlw20","status":"publish","type":"product","link":"https:\/\/vilight.vn\/website\/san-pham\/den-led-pixel\/trang-tri\/den-linear-led-day-vlw20\/","title":{"rendered":"\u0110\u00e8n Linear LED d\u00e2y VLW20"},"content":{"rendered":"<p><span class=\"builder2seo\"><\/span><\/p>\n<h2>\u0110\u1eb7c \u0111i\u1ec3m n\u1ed1i b\u1eadt c\u1ee7a \u0111\u00e8n Linear LED d\u00e2y 18W\/m, 19W\/m, 23W\/m:<\/h2>\n<p>Ch\u1ecbu \u0111\u01b0\u1ee3c nhi\u1ec7t \u0111\u1ed9 kh\u1eafc nghi\u1ec7t: S\u1ea3n ph\u1ea9m l\u00e0m t\u1eeb silicone, ho\u1ea1t \u0111\u1ed9ng \u1ed5n \u0111\u1ecbnh trong m\u00f4i tr\u01b0\u1eddng c\u00f3 nhi\u1ec7t \u0111\u1ed9 t\u1eeb -40\u00b0C \u0111\u1ebfn 55\u00b0C, \u0111\u1ea3m b\u1ea3o ch\u1ea5t l\u01b0\u1ee3ng d\u00e2u d\u00e0i.Ch\u1ed1ng n\u01b0\u1edbc v\u00e0 c\u00f3 th\u1ec3 ng\u00e2m trong n\u01b0\u1edbc: V\u1edbi ti\u00eau chu\u1ea9n IP68, \u0111\u00e8n c\u00f3 kh\u1ea3 n\u0103ng ch\u1ed1ng n\u01b0\u1edbc ho\u00e0n to\u00e0n, ch\u1ecbu \u0111\u01b0\u1ee3c m\u00f4i tr\u01b0\u1eddng \u1ea9m \u01b0\u1edbt.Ch\u1ed1ng ch\u1ecbu mu\u1ed1i v\u00e0 tia UV: \u0110\u00e8n kh\u00f4ng b\u1ecb \u0103n m\u00f2n b\u1edfi n\u01b0\u1edbc mu\u1ed1i v\u00e0 c\u00f3 kh\u1ea3 n\u0103ng ch\u1ed1ng tia UV, gi\u00fap t\u0103ng \u0111\u1ed9 b\u1ec1n khi s\u1eed d\u1ee5ng ngo\u00e0i tr\u1eddi.Ch\u1ed1ng \u1ed1 v\u00e0ng: Ch\u1ea5t li\u1ec7u silicone gi\u00fap \u0111\u00e8n duy tr\u00ec v\u1ebb ngo\u00e0i s\u00e1ng b\u00f3ng, kh\u00f4ng b\u1ecb \u1ed1 v\u00e0ng theo th\u1eddi gian.Kh\u00e1ng dung m\u00f4i: \u0110\u00e8n c\u00f3 kh\u1ea3 n\u0103ng ch\u1ecbu \u0111\u01b0\u1ee3c c\u00e1c t\u00e1c \u0111\u1ed9ng c\u1ee7a dung m\u00f4i, ph\u00f9 h\u1ee3p cho nhi\u1ec1u m\u00f4i tr\u01b0\u1eddng ho\u00e1 ch\u1ea5t.Ph\u00e2n ph\u1ed1i \u00e1nh s\u00e1ng t\u1ed1t: \u0110\u00e8n \u0111\u01b0\u1ee3c thi\u1ebft k\u1ebf \u0111\u1ec3 ph\u00e2n ph\u1ed1i \u00e1nh s\u00e1ng \u0111\u1ed3ng \u0111\u1ec1u, v\u1edbi nhi\u1ec1u g\u00f3c chi\u1ebfu c\u00f3 th\u1ec3 l\u1ef1a ch\u1ecdn.Ch\u1ee9ng nh\u1eadn an to\u00e0n v\u00e0 m\u00f4i tr\u01b0\u1eddng: \u0110\u1ea1t c\u00e1c ch\u1ee9ng nh\u1eadn qu\u1ed1c t\u1ebf nh\u01b0 CE, RoHS v\u00e0 CB. \u0110\u1ea3m b\u1ea3o tu\u00e2n th\u1ee7 ti\u00eau chu\u1ea9n an to\u00e0n v\u00e0 b\u1ea3o v\u1ec7 m\u00f4i tr\u01b0\u1eddng.<\/p>\n<p><a href=\"https:\/\/vilight.vn\/website\/wp-content\/uploads\/2024\/10\/Untitled-scaled.jpg\"><img decoding=\"async\" data-src=\"https:\/\/vilight.vn\/website\/wp-content\/uploads\/2024\/10\/Untitled-scaled.jpg\" alt=\"\" src=\"data:image\/svg+xml;base64,PHN2ZyB3aWR0aD0iMSIgaGVpZ2h0PSIxIiB4bWxucz0iaHR0cDovL3d3dy53My5vcmcvMjAwMC9zdmciPjwvc3ZnPg==\" class=\"lazyload\" style=\"--smush-placeholder-width: 2560px; --smush-placeholder-aspect-ratio: 2560\/779;\" \/><\/a><\/p>\n<h2>B\u1ea3ng th\u00f4ng s\u1ed1 k\u1ef9 thu\u1eadt \u0111\u00e8n Linear LED d\u00e2y 18W\/m, 19W\/m, 23W\/m:<\/h2>\n<p>T\u00ean s\u1ea3n ph\u1ea9mVLW20 18WVLW20 19W\u0110i\u1ec7n \u00e1p24V DC24V DCC\u00f4ng su\u1ea5t18W\/m19W\/mCh\u1ebf \u0111\u1ed9 l\u00e0m vi\u1ec7cPWM CV (CC IC)PWM CVLo\u1ea1i LEDSMD3535SMD3535S\u1ed1 LED\/m24pcs24pcs\u0110\u01a1n v\u1ecb c\u1eaft6 LEDs3 LEDsChi\u1ec1u d\u00e0i t\u1ed1i \u0111a (c\u1ea5p ngu\u1ed3n \u0111\u01a1n)5m5mChi\u1ec1u d\u00e0i t\u1ed1i \u0111a (c\u1ea5p ngu\u1ed3n \u0111\u00f4i)10m10mG\u00f3c chi\u1ebfu15\u00b0\/20\u00b0\/25\u00b0\/38\u00b0\/60\u00b0\/20\u00d740\u00b015\u00b0\/20\u00b0\/25\u00b0\/38\u00b0\/60\u00b0\/20\u00d740\u00b0M\u00e0u s\u1eafcXanh l\u00e1 c\u00e2y (G) \/ Xanh lam (B)Tunable WhiteNhi\u1ec7t \u0111\u1ed9 m\u00e0u2700K\/3000K\/3500K\/4000K\/5000K2700K &#8211; 6000KQuang th\u00f4ng812 lm (15\u00b0), 1044 lm (20\u00b0), 1008 lm (25\u00b0), 1100 lm (38\u00b0), 1147 lm (60\u00b0), 756 lm (20\u00d740\u00b0)&#8212;K\u00edch th\u01b0\u1edbc \u0111\u00e8n18\u00d718 mmT\u00ean s\u1ea3n ph\u1ea9mVLW20 RGBVLW20 RGBW\u0110i\u1ec7n \u00e1p24V DC24V DCC\u00f4ng su\u1ea5t18W\/m23W\/mCh\u1ebf \u0111\u1ed9 l\u00e0m vi\u1ec7cPWMSPI\/TTLLo\u1ea1i LEDSMD3535SMD3535S\u1ed1 LED\/m24pcs24pcs\u0110\u01a1n v\u1ecb c\u1eaft6 LEDs6 LEDsChi\u1ec1u d\u00e0i t\u1ed1i \u0111a (c\u1ea5p ngu\u1ed3n \u0111\u01a1n)5 m5 mChi\u1ec1u d\u00e0i t\u1ed1i \u0111a (c\u1ea5p ngu\u1ed3n \u0111\u00f4i)10 m10 mG\u00f3c chi\u1ebfu20\u00b0\/25\u00b0\/38\u00b0\/60\u00b0\/20\u00d740\u00b020\u00b0\/25\u00b0\/38\u00b0\/60\u00b0\/20\u00d740\u00b0M\u00e0u s\u1eafcRGBRGB + 3000K\/4000K\/6000KQuang th\u00f4ng88 Im (R), 248 lm (G), 138 lm (B)88 Im (R), 248 lm (G), 138 lm (B), 515 lm (RGBW), 188 lm (3000K)K\u00edch th\u01b0\u1edbc \u0111\u00e8n18\u00d718 mm<\/p>\n","protected":false},"excerpt":{"rendered":"<p>\u0110\u00e8n LED VLW20 l\u00e0 d\u00f2ng \u0111\u00e8n Linear cao c\u1ea5p v\u1edbi b\u1ed1n phi\u00ean b\u1ea3n m\u00e0u s\u1eafc: \u0110\u01a1n s\u1eafc, Tunable white, RGB v\u00e0 RGBW. S\u1ea3n ph\u1ea9m s\u1eed d\u1ee5ng c\u00f4ng ngh\u1ec7 LED SMD3535, cho ph\u00e9p ph\u00e2n ph\u1ed1i \u00e1nh s\u00e1ng m\u1ea1nh m\u1ebd v\u00e0 \u0111a d\u1ea1ng m\u00e0u s\u1eafc. \u0110\u00e8n c\u00f3 c\u00f4ng su\u1ea5t ti\u00eau th\u1ee5 t\u1eeb 18W\/m \u0111\u1ebfn 23W\/m, v\u1edbi kh\u1ea3 n\u0103ng \u0111i\u1ec1u ch\u1ec9nh qua c\u00e1c ch\u1ebf \u0111\u1ed9 \u0111i\u1ec1u khi\u1ec3n hi\u1ec7n \u0111\u1ea1i. Ngo\u00e0i ra, thi\u1ebft k\u1ebf linh ho\u1ea1t v\u1edbi c\u00e1c t\u00f9y ch\u1ecdn th\u1ea5u k\u00ednh v\u00e0 \u0111\u1ed9 d\u00e0i c\u1ea5p ngu\u1ed3n t\u1ed1i \u0111a gi\u00fap \u0111\u00e8n ph\u00f9 h\u1ee3p cho nhi\u1ec1u \u1ee9ng d\u1ee5ng chi\u1ebfu s\u00e1ng trong nh\u00e0 v\u00e0 ngo\u00e0i tr\u1eddi.<\/p>\n","protected":false},"featured_media":4841,"template":"","meta":[],"product_brand":[],"product_cat":[652,313],"product_tag":[],"class_list":{"0":"post-4840","1":"product","2":"type-product","3":"status-publish","4":"has-post-thumbnail","6":"product_cat-den-linear-dang-day","7":"product_cat-trang-tri","9":"first","10":"instock","11":"taxable","12":"shipping-taxable","13":"product-type-simple"},"yoast_head":"<!-- This site is optimized with the Yoast SEO Premium plugin v27.4 (Yoast SEO v27.4) - https:\/\/yoast.com\/product\/yoast-seo-premium-wordpress\/ -->\n<title>\u0110\u00e8n Linear LED d\u00e2y VLW20 - Vilight Co.ltd<\/title>\n<meta name=\"description\" content=\"\u0110\u00e8n LED VLW20 l\u00e0 d\u00f2ng \u0111\u00e8n Linear c\u00f4ng su\u1ea5t 18W\/m \u0111\u1ebfn 23W\/m. S\u1ea3n ph\u1ea9m ph\u00f9 h\u1ee3p cho nhi\u1ec1u \u1ee9ng d\u1ee5ng chi\u1ebfu s\u00e1ng trong nh\u00e0 v\u00e0 ngo\u00e0i tr\u1eddi.\" \/>\n<meta name=\"robots\" content=\"index, follow, max-snippet:-1, max-image-preview:large, max-video-preview:-1\" \/>\n<link rel=\"canonical\" href=\"https:\/\/vilight.vn\/website\/san-pham\/den-led-pixel\/trang-tri\/den-linear-led-day-vlw20\/\" \/>\n<meta property=\"og:locale\" content=\"vi_VN\" \/>\n<meta property=\"og:type\" content=\"article\" \/>\n<meta property=\"og:title\" content=\"\u0110\u00e8n Linear LED d\u00e2y VLW20\" \/>\n<meta property=\"og:description\" content=\"\u0110\u00e8n LED VLW20 l\u00e0 d\u00f2ng \u0111\u00e8n Linear cao c\u1ea5p v\u1edbi b\u1ed1n phi\u00ean b\u1ea3n m\u00e0u s\u1eafc: \u0110\u01a1n s\u1eafc, Tunable white, RGB v\u00e0 RGBW. S\u1ea3n ph\u1ea9m s\u1eed d\u1ee5ng c\u00f4ng ngh\u1ec7 LED SMD3535, cho ph\u00e9p ph\u00e2n ph\u1ed1i \u00e1nh s\u00e1ng m\u1ea1nh m\u1ebd v\u00e0 \u0111a d\u1ea1ng m\u00e0u s\u1eafc. \u0110\u00e8n c\u00f3 c\u00f4ng su\u1ea5t ti\u00eau th\u1ee5 t\u1eeb 18W\/m \u0111\u1ebfn 23W\/m, v\u1edbi kh\u1ea3 n\u0103ng \u0111i\u1ec1u ch\u1ec9nh qua c\u00e1c ch\u1ebf \u0111\u1ed9 \u0111i\u1ec1u khi\u1ec3n hi\u1ec7n \u0111\u1ea1i. Ngo\u00e0i ra, thi\u1ebft k\u1ebf linh ho\u1ea1t v\u1edbi c\u00e1c t\u00f9y ch\u1ecdn th\u1ea5u k\u00ednh v\u00e0 \u0111\u1ed9 d\u00e0i c\u1ea5p ngu\u1ed3n t\u1ed1i \u0111a gi\u00fap \u0111\u00e8n ph\u00f9 h\u1ee3p cho nhi\u1ec1u \u1ee9ng d\u1ee5ng chi\u1ebfu s\u00e1ng trong nh\u00e0 v\u00e0 ngo\u00e0i tr\u1eddi.\" \/>\n<meta property=\"og:url\" content=\"https:\/\/vilight.vn\/website\/san-pham\/den-led-pixel\/trang-tri\/den-linear-led-day-vlw20\/\" \/>\n<meta property=\"og:site_name\" content=\"Vilight Co.ltd\" \/>\n<meta property=\"article:publisher\" content=\"http:\/\/facebook.com\/vilight.vn\" \/>\n<meta property=\"article:modified_time\" content=\"2025-08-27T07:38:49+00:00\" \/>\n<meta property=\"og:image\" content=\"https:\/\/vilight.vn\/website\/wp-content\/uploads\/2024\/10\/den-led-day-linear.jpg\" \/>\n\t<meta property=\"og:image:width\" content=\"500\" \/>\n\t<meta property=\"og:image:height\" content=\"500\" \/>\n\t<meta property=\"og:image:type\" content=\"image\/jpeg\" \/>\n<meta name=\"twitter:card\" content=\"summary_large_image\" \/>\n<meta name=\"twitter:label1\" content=\"Gi\u00e1\" \/>\n\t<meta name=\"twitter:data1\" content=\"\" \/>\n\t<meta name=\"twitter:label2\" content=\"Kh\u1ea3 d\u1ee5ng\" \/>\n\t<meta name=\"twitter:data2\" content=\"Trong kho\" \/>\n<script type=\"application\/ld+json\" class=\"yoast-schema-graph\">{\"@context\":\"https:\\\/\\\/schema.org\",\"@graph\":[{\"@type\":\"WebPage\",\"@id\":\"https:\\\/\\\/vilight.vn\\\/website\\\/san-pham\\\/den-led-pixel\\\/trang-tri\\\/den-linear-led-day-vlw20\\\/\",\"url\":\"https:\\\/\\\/vilight.vn\\\/website\\\/san-pham\\\/den-led-pixel\\\/trang-tri\\\/den-linear-led-day-vlw20\\\/\",\"name\":\"\u0110\u00e8n Linear LED d\u00e2y VLW20 - Vilight Co.ltd\",\"isPartOf\":{\"@id\":\"https:\\\/\\\/vilight.vn\\\/website\\\/#website\"},\"primaryImageOfPage\":{\"@id\":\"https:\\\/\\\/vilight.vn\\\/website\\\/san-pham\\\/den-led-pixel\\\/trang-tri\\\/den-linear-led-day-vlw20\\\/#primaryimage\"},\"image\":{\"@id\":\"https:\\\/\\\/vilight.vn\\\/website\\\/san-pham\\\/den-led-pixel\\\/trang-tri\\\/den-linear-led-day-vlw20\\\/#primaryimage\"},\"thumbnailUrl\":\"https:\\\/\\\/vilight.vn\\\/website\\\/wp-content\\\/uploads\\\/2024\\\/10\\\/den-led-day-linear.jpg\",\"datePublished\":\"2024-10-17T08:40:49+00:00\",\"dateModified\":\"2025-08-27T07:38:49+00:00\",\"description\":\"\u0110\u00e8n LED VLW20 l\u00e0 d\u00f2ng \u0111\u00e8n Linear c\u00f4ng su\u1ea5t 18W\\\/m \u0111\u1ebfn 23W\\\/m. S\u1ea3n ph\u1ea9m ph\u00f9 h\u1ee3p cho nhi\u1ec1u \u1ee9ng d\u1ee5ng chi\u1ebfu s\u00e1ng trong nh\u00e0 v\u00e0 ngo\u00e0i tr\u1eddi.\",\"breadcrumb\":{\"@id\":\"https:\\\/\\\/vilight.vn\\\/website\\\/san-pham\\\/den-led-pixel\\\/trang-tri\\\/den-linear-led-day-vlw20\\\/#breadcrumb\"},\"inLanguage\":\"vi\",\"potentialAction\":[{\"@type\":\"ReadAction\",\"target\":[\"https:\\\/\\\/vilight.vn\\\/website\\\/san-pham\\\/den-led-pixel\\\/trang-tri\\\/den-linear-led-day-vlw20\\\/\"]}]},{\"@type\":\"ImageObject\",\"inLanguage\":\"vi\",\"@id\":\"https:\\\/\\\/vilight.vn\\\/website\\\/san-pham\\\/den-led-pixel\\\/trang-tri\\\/den-linear-led-day-vlw20\\\/#primaryimage\",\"url\":\"https:\\\/\\\/vilight.vn\\\/website\\\/wp-content\\\/uploads\\\/2024\\\/10\\\/den-led-day-linear.jpg\",\"contentUrl\":\"https:\\\/\\\/vilight.vn\\\/website\\\/wp-content\\\/uploads\\\/2024\\\/10\\\/den-led-day-linear.jpg\",\"width\":500,\"height\":500,\"caption\":\"\u0110\u00e8n linear d\u1ea1ng d\u00e2y\"},{\"@type\":\"BreadcrumbList\",\"@id\":\"https:\\\/\\\/vilight.vn\\\/website\\\/san-pham\\\/den-led-pixel\\\/trang-tri\\\/den-linear-led-day-vlw20\\\/#breadcrumb\",\"itemListElement\":[{\"@type\":\"ListItem\",\"position\":1,\"name\":\"Home\",\"item\":\"https:\\\/\\\/vilight.vn\\\/website\\\/\"},{\"@type\":\"ListItem\",\"position\":2,\"name\":\"store\",\"item\":\"https:\\\/\\\/vilight.vn\\\/website\\\/store\\\/\"},{\"@type\":\"ListItem\",\"position\":3,\"name\":\"\u0110\u00e8n Linear LED d\u00e2y VLW20\"}]},{\"@type\":\"WebSite\",\"@id\":\"https:\\\/\\\/vilight.vn\\\/website\\\/#website\",\"url\":\"https:\\\/\\\/vilight.vn\\\/website\\\/\",\"name\":\"Vilight Co.ltd\",\"description\":\"Chi\u1ebfu s\u00e1ng m\u1ef9 thu\u1eadt, chi\u1ebfu s\u00e1ng th\u00f4ng minh, LED Pixel 3D, chi\u1ebfu s\u00e1ng trang tr\u00ed \u0111\u00f4 th\u1ecb, chi\u1ebfu s\u00e1ng v\u00f2ng xoay, chi\u1ebfu s\u00e1ng \u0111\u1ea3o giao th\u00f4ng, c\u1ed5ng ch\u00e0o \u0111\u00f4 th\u1ecb\",\"publisher\":{\"@id\":\"https:\\\/\\\/vilight.vn\\\/website\\\/#organization\"},\"potentialAction\":[{\"@type\":\"SearchAction\",\"target\":{\"@type\":\"EntryPoint\",\"urlTemplate\":\"https:\\\/\\\/vilight.vn\\\/website\\\/?s={search_term_string}\"},\"query-input\":{\"@type\":\"PropertyValueSpecification\",\"valueRequired\":true,\"valueName\":\"search_term_string\"}}],\"inLanguage\":\"vi\"},{\"@type\":\"Organization\",\"@id\":\"https:\\\/\\\/vilight.vn\\\/website\\\/#organization\",\"name\":\"Vilight\",\"url\":\"https:\\\/\\\/vilight.vn\\\/website\\\/\",\"logo\":{\"@type\":\"ImageObject\",\"inLanguage\":\"vi\",\"@id\":\"https:\\\/\\\/vilight.vn\\\/website\\\/#\\\/schema\\\/logo\\\/image\\\/\",\"url\":\"https:\\\/\\\/vilight.vn\\\/website\\\/wp-content\\\/uploads\\\/2022\\\/05\\\/chieu_sang_trang_tri_do_thi_bang_den_led_pixel.png\",\"contentUrl\":\"https:\\\/\\\/vilight.vn\\\/website\\\/wp-content\\\/uploads\\\/2022\\\/05\\\/chieu_sang_trang_tri_do_thi_bang_den_led_pixel.png\",\"width\":800,\"height\":427,\"caption\":\"Vilight\"},\"image\":{\"@id\":\"https:\\\/\\\/vilight.vn\\\/website\\\/#\\\/schema\\\/logo\\\/image\\\/\"},\"sameAs\":[\"http:\\\/\\\/facebook.com\\\/vilight.vn\",\"https:\\\/\\\/www.linkedin.com\\\/company\\\/vilight-vn\",\"https:\\\/\\\/www.youtube.com\\\/channel\\\/UCEwR2naeDcuarMX1kSv_rLQ\\\/videos\"]}]}<\/script>\n<meta property=\"product:brand\" content=\"\u0110\u00e8n trang tr\u00ed l\u1ec5 h\u1ed9i\" \/>\n<meta property=\"product:price:currency\" content=\"VND\" \/>\n<meta property=\"og:availability\" content=\"instock\" \/>\n<meta property=\"product:availability\" content=\"instock\" \/>\n<meta property=\"product:condition\" content=\"new\" \/>\n<!-- \/ Yoast SEO Premium plugin. -->","yoast_head_json":{"title":"\u0110\u00e8n Linear LED d\u00e2y VLW20 - Vilight Co.ltd","description":"\u0110\u00e8n LED VLW20 l\u00e0 d\u00f2ng \u0111\u00e8n Linear c\u00f4ng su\u1ea5t 18W\/m \u0111\u1ebfn 23W\/m. S\u1ea3n ph\u1ea9m ph\u00f9 h\u1ee3p cho nhi\u1ec1u \u1ee9ng d\u1ee5ng chi\u1ebfu s\u00e1ng trong nh\u00e0 v\u00e0 ngo\u00e0i tr\u1eddi.","robots":{"index":"index","follow":"follow","max-snippet":"max-snippet:-1","max-image-preview":"max-image-preview:large","max-video-preview":"max-video-preview:-1"},"canonical":"https:\/\/vilight.vn\/website\/san-pham\/den-led-pixel\/trang-tri\/den-linear-led-day-vlw20\/","og_locale":"vi_VN","og_type":"article","og_title":"\u0110\u00e8n Linear LED d\u00e2y VLW20","og_description":"\u0110\u00e8n LED VLW20 l\u00e0 d\u00f2ng \u0111\u00e8n Linear cao c\u1ea5p v\u1edbi b\u1ed1n phi\u00ean b\u1ea3n m\u00e0u s\u1eafc: \u0110\u01a1n s\u1eafc, Tunable white, RGB v\u00e0 RGBW. S\u1ea3n ph\u1ea9m s\u1eed d\u1ee5ng c\u00f4ng ngh\u1ec7 LED SMD3535, cho ph\u00e9p ph\u00e2n ph\u1ed1i \u00e1nh s\u00e1ng m\u1ea1nh m\u1ebd v\u00e0 \u0111a d\u1ea1ng m\u00e0u s\u1eafc. \u0110\u00e8n c\u00f3 c\u00f4ng su\u1ea5t ti\u00eau th\u1ee5 t\u1eeb 18W\/m \u0111\u1ebfn 23W\/m, v\u1edbi kh\u1ea3 n\u0103ng \u0111i\u1ec1u ch\u1ec9nh qua c\u00e1c ch\u1ebf \u0111\u1ed9 \u0111i\u1ec1u khi\u1ec3n hi\u1ec7n \u0111\u1ea1i. Ngo\u00e0i ra, thi\u1ebft k\u1ebf linh ho\u1ea1t v\u1edbi c\u00e1c t\u00f9y ch\u1ecdn th\u1ea5u k\u00ednh v\u00e0 \u0111\u1ed9 d\u00e0i c\u1ea5p ngu\u1ed3n t\u1ed1i \u0111a gi\u00fap \u0111\u00e8n ph\u00f9 h\u1ee3p cho nhi\u1ec1u \u1ee9ng d\u1ee5ng chi\u1ebfu s\u00e1ng trong nh\u00e0 v\u00e0 ngo\u00e0i tr\u1eddi.","og_url":"https:\/\/vilight.vn\/website\/san-pham\/den-led-pixel\/trang-tri\/den-linear-led-day-vlw20\/","og_site_name":"Vilight Co.ltd","article_publisher":"http:\/\/facebook.com\/vilight.vn","article_modified_time":"2025-08-27T07:38:49+00:00","og_image":[{"width":500,"height":500,"url":"https:\/\/vilight.vn\/website\/wp-content\/uploads\/2024\/10\/den-led-day-linear.jpg","type":"image\/jpeg"}],"twitter_card":"summary_large_image","twitter_misc":{"Gi\u00e1":"","Kh\u1ea3 d\u1ee5ng":"Trong kho"},"schema":{"@context":"https:\/\/schema.org","@graph":[{"@type":"WebPage","@id":"https:\/\/vilight.vn\/website\/san-pham\/den-led-pixel\/trang-tri\/den-linear-led-day-vlw20\/","url":"https:\/\/vilight.vn\/website\/san-pham\/den-led-pixel\/trang-tri\/den-linear-led-day-vlw20\/","name":"\u0110\u00e8n Linear LED d\u00e2y VLW20 - Vilight Co.ltd","isPartOf":{"@id":"https:\/\/vilight.vn\/website\/#website"},"primaryImageOfPage":{"@id":"https:\/\/vilight.vn\/website\/san-pham\/den-led-pixel\/trang-tri\/den-linear-led-day-vlw20\/#primaryimage"},"image":{"@id":"https:\/\/vilight.vn\/website\/san-pham\/den-led-pixel\/trang-tri\/den-linear-led-day-vlw20\/#primaryimage"},"thumbnailUrl":"https:\/\/vilight.vn\/website\/wp-content\/uploads\/2024\/10\/den-led-day-linear.jpg","datePublished":"2024-10-17T08:40:49+00:00","dateModified":"2025-08-27T07:38:49+00:00","description":"\u0110\u00e8n LED VLW20 l\u00e0 d\u00f2ng \u0111\u00e8n Linear c\u00f4ng su\u1ea5t 18W\/m \u0111\u1ebfn 23W\/m. S\u1ea3n ph\u1ea9m ph\u00f9 h\u1ee3p cho nhi\u1ec1u \u1ee9ng d\u1ee5ng chi\u1ebfu s\u00e1ng trong nh\u00e0 v\u00e0 ngo\u00e0i tr\u1eddi.","breadcrumb":{"@id":"https:\/\/vilight.vn\/website\/san-pham\/den-led-pixel\/trang-tri\/den-linear-led-day-vlw20\/#breadcrumb"},"inLanguage":"vi","potentialAction":[{"@type":"ReadAction","target":["https:\/\/vilight.vn\/website\/san-pham\/den-led-pixel\/trang-tri\/den-linear-led-day-vlw20\/"]}]},{"@type":"ImageObject","inLanguage":"vi","@id":"https:\/\/vilight.vn\/website\/san-pham\/den-led-pixel\/trang-tri\/den-linear-led-day-vlw20\/#primaryimage","url":"https:\/\/vilight.vn\/website\/wp-content\/uploads\/2024\/10\/den-led-day-linear.jpg","contentUrl":"https:\/\/vilight.vn\/website\/wp-content\/uploads\/2024\/10\/den-led-day-linear.jpg","width":500,"height":500,"caption":"\u0110\u00e8n linear d\u1ea1ng d\u00e2y"},{"@type":"BreadcrumbList","@id":"https:\/\/vilight.vn\/website\/san-pham\/den-led-pixel\/trang-tri\/den-linear-led-day-vlw20\/#breadcrumb","itemListElement":[{"@type":"ListItem","position":1,"name":"Home","item":"https:\/\/vilight.vn\/website\/"},{"@type":"ListItem","position":2,"name":"store","item":"https:\/\/vilight.vn\/website\/store\/"},{"@type":"ListItem","position":3,"name":"\u0110\u00e8n Linear LED d\u00e2y VLW20"}]},{"@type":"WebSite","@id":"https:\/\/vilight.vn\/website\/#website","url":"https:\/\/vilight.vn\/website\/","name":"Vilight Co.ltd","description":"Chi\u1ebfu s\u00e1ng m\u1ef9 thu\u1eadt, chi\u1ebfu s\u00e1ng th\u00f4ng minh, LED Pixel 3D, chi\u1ebfu s\u00e1ng trang tr\u00ed \u0111\u00f4 th\u1ecb, chi\u1ebfu s\u00e1ng v\u00f2ng xoay, chi\u1ebfu s\u00e1ng \u0111\u1ea3o giao th\u00f4ng, c\u1ed5ng ch\u00e0o \u0111\u00f4 th\u1ecb","publisher":{"@id":"https:\/\/vilight.vn\/website\/#organization"},"potentialAction":[{"@type":"SearchAction","target":{"@type":"EntryPoint","urlTemplate":"https:\/\/vilight.vn\/website\/?s={search_term_string}"},"query-input":{"@type":"PropertyValueSpecification","valueRequired":true,"valueName":"search_term_string"}}],"inLanguage":"vi"},{"@type":"Organization","@id":"https:\/\/vilight.vn\/website\/#organization","name":"Vilight","url":"https:\/\/vilight.vn\/website\/","logo":{"@type":"ImageObject","inLanguage":"vi","@id":"https:\/\/vilight.vn\/website\/#\/schema\/logo\/image\/","url":"https:\/\/vilight.vn\/website\/wp-content\/uploads\/2022\/05\/chieu_sang_trang_tri_do_thi_bang_den_led_pixel.png","contentUrl":"https:\/\/vilight.vn\/website\/wp-content\/uploads\/2022\/05\/chieu_sang_trang_tri_do_thi_bang_den_led_pixel.png","width":800,"height":427,"caption":"Vilight"},"image":{"@id":"https:\/\/vilight.vn\/website\/#\/schema\/logo\/image\/"},"sameAs":["http:\/\/facebook.com\/vilight.vn","https:\/\/www.linkedin.com\/company\/vilight-vn","https:\/\/www.youtube.com\/channel\/UCEwR2naeDcuarMX1kSv_rLQ\/videos"]}]},"product_brand":"\u0110\u00e8n trang tr\u00ed l\u1ec5 h\u1ed9i","product_price_currency":"VND","og_availability":"instock","product_availability":"instock","product_condition":"new"},"_links":{"self":[{"href":"https:\/\/vilight.vn\/website\/wp-json\/wp\/v2\/product\/4840","targetHints":{"allow":["GET"]}}],"collection":[{"href":"https:\/\/vilight.vn\/website\/wp-json\/wp\/v2\/product"}],"about":[{"href":"https:\/\/vilight.vn\/website\/wp-json\/wp\/v2\/types\/product"}],"wp:featuredmedia":[{"embeddable":true,"href":"https:\/\/vilight.vn\/website\/wp-json\/wp\/v2\/media\/4841"}],"wp:attachment":[{"href":"https:\/\/vilight.vn\/website\/wp-json\/wp\/v2\/media?parent=4840"}],"wp:term":[{"taxonomy":"product_brand","embeddable":true,"href":"https:\/\/vilight.vn\/website\/wp-json\/wp\/v2\/product_brand?post=4840"},{"taxonomy":"product_cat","embeddable":true,"href":"https:\/\/vilight.vn\/website\/wp-json\/wp\/v2\/product_cat?post=4840"},{"taxonomy":"product_tag","embeddable":true,"href":"https:\/\/vilight.vn\/website\/wp-json\/wp\/v2\/product_tag?post=4840"}],"curies":[{"name":"wp","href":"https:\/\/api.w.org\/{rel}","templated":true}]}}